216.239.90.241 - - [06/Sep/2010:04:00:04 -0400] "OPTIONS * HTTP/1.0" 200 - "-" "Apache/2.2.11 (FreeBSD) mod_ssl/2.2.11 OpenSSL/0.9.8e DAV/2 PHP/5.2.8 with Suhosin-Patch mod_auth_pgsql/2.0.3 (internal dummy connection)"
216.239.90.241 - - [06/Sep/2010:04:00:04 -0400] "OPTIONS * HTTP/1.0" 200 - "-" "Apache/2.2.11 (FreeBSD) mod_ssl/2.2.11 OpenSSL/0.9.8e DAV/2 PHP/5.2.8 with Suhosin-Patch mod_auth_pgsql/2.0.3 (internal dummy connection)"
216.239.90.241 - - [06/Sep/2010:04:00:04 -0400] "OPTIONS * HTTP/1.0" 200 - "-" "Apache/2.2.11 (FreeBSD) mod_ssl/2.2.11 OpenSSL/0.9.8e DAV/2 PHP/5.2.8 with Suhosin-Patch mod_auth_pgsql/2.0.3 (internal dummy connection)"
216.239.90.241 - - [06/Sep/2010:04:00:04 -0400] "OPTIONS * HTTP/1.0" 200 - "-" "Apache/2.2.11 (FreeBSD) mod_ssl/2.2.11 OpenSSL/0.9.8e DAV/2 PHP/5.2.8 with Suhosin-Patch mod_auth_pgsql/2.0.3 (internal dummy connection)"
216.239.90.241 - - [06/Sep/2010:04:00:04 -0400] "OPTIONS * HTTP/1.0" 200 - "-" "Apache/2.2.11 (FreeBSD) mod_ssl/2.2.11 OpenSSL/0.9.8e DAV/2 PHP/5.2.8 with Suhosin-Patch mod_auth_pgsql/2.0.3 (internal dummy connection)"
216.239.90.241 - - [06/Sep/2010:04:00:04 -0400] "OPTIONS * HTTP/1.0" 200 - "-" "Apache/2.2.11 (FreeBSD) mod_ssl/2.2.11 OpenSSL/0.9.8e DAV/2 PHP/5.2.8 with Suhosin-Patch mod_auth_pgsql/2.0.3 (internal dummy connection)"
216.239.90.241 - - [06/Sep/2010:04:00:04 -0400] "OPTIONS * HTTP/1.0" 200 - "-" "Apache/2.2.11 (FreeBSD) mod_ssl/2.2.11 OpenSSL/0.9.8e DAV/2 PHP/5.2.8 with Suhosin-Patch mod_auth_pgsql/2.0.3 (internal dummy connection)"
216.239.90.241 - - [06/Sep/2010:04:00:04 -0400] "OPTIONS * HTTP/1.0" 200 - "-" "Apache/2.2.11 (FreeBSD) mod_ssl/2.2.11 OpenSSL/0.9.8e DAV/2 PHP/5.2.8 with Suhosin-Patch mod_auth_pgsql/2.0.3 (internal dummy connection)"
216.239.90.241 - - [06/Sep/2010:04:00:04 -0400] "OPTIONS * HTTP/1.0" 200 - "-" "Apache/2.2.11 (FreeBSD) mod_ssl/2.2.11 OpenSSL/0.9.8e DAV/2 PHP/5.2.8 with Suhosin-Patch mod_auth_pgsql/2.0.3 (internal dummy connection)"
216.239.90.241 - - [06/Sep/2010:04:00:04 -0400] "OPTIONS * HTTP/1.0" 200 - "-" "Apache/2.2.11 (FreeBSD) mod_ssl/2.2.11 OpenSSL/0.9.8e DAV/2 PHP/5.2.8 with Suhosin-Patch mod_auth_pgsql/2.0.3 (internal dummy connection)"
216.239.90.241 - - [06/Sep/2010:04:00:04 -0400] "OPTIONS * HTTP/1.0" 200 - "-" "Apache/2.2.11 (FreeBSD) mod_ssl/2.2.11 OpenSSL/0.9.8e DAV/2 PHP/5.2.8 with Suhosin-Patch mod_auth_pgsql/2.0.3 (internal dummy connection)"
216.239.90.241 - - [06/Sep/2010:04:00:04 -0400] "OPTIONS * HTTP/1.0" 200 - "-" "Apache/2.2.11 (FreeBSD) mod_ssl/2.2.11 OpenSSL/0.9.8e DAV/2 PHP/5.2.8 with Suhosin-Patch mod_auth_pgsql/2.0.3 (internal dummy connection)"
216.239.90.241 - - [06/Sep/2010:04:00:04 -0400] "OPTIONS * HTTP/1.0" 200 - "-" "Apache/2.2.11 (FreeBSD) mod_ssl/2.2.11 OpenSSL/0.9.8e DAV/2 PHP/5.2.8 with Suhosin-Patch mod_auth_pgsql/2.0.3 (internal dummy connection)"
216.239.90.241 - - [06/Sep/2010:04:00:04 -0400] "OPTIONS * HTTP/1.0" 200 - "-" "Apache/2.2.11 (FreeBSD) mod_ssl/2.2.11 OpenSSL/0.9.8e DAV/2 PHP/5.2.8 with Suhosin-Patch mod_auth_pgsql/2.0.3 (internal dummy connection)"
216.239.90.241 - - [06/Sep/2010:04:00:04 -0400] "OPTIONS * HTTP/1.0" 200 - "-" "Apache/2.2.11 (FreeBSD) mod_ssl/2.2.11 OpenSSL/0.9.8e DAV/2 PHP/5.2.8 with Suhosin-Patch mod_auth_pgsql/2.0.3 (internal dummy connection)"
216.239.90.241 - - [06/Sep/2010:04:00:04 -0400] "OPTIONS * HTTP/1.0" 200 - "-" "Apache/2.2.11 (FreeBSD) mod_ssl/2.2.11 OpenSSL/0.9.8e DAV/2 PHP/5.2.8 with Suhosin-Patch mod_auth_pgsql/2.0.3 (internal dummy connection)"
216.239.90.241 - - [06/Sep/2010:04:00:04 -0400] "OPTIONS * HTTP/1.0" 200 - "-" "Apache/2.2.11 (FreeBSD) mod_ssl/2.2.11 OpenSSL/0.9.8e DAV/2 PHP/5.2.8 with Suhosin-Patch mod_auth_pgsql/2.0.3 (internal dummy connection)"
216.239.90.241 - - [06/Sep/2010:04:00:04 -0400] "OPTIONS * HTTP/1.0" 200 - "-" "Apache/2.2.11 (FreeBSD) mod_ssl/2.2.11 OpenSSL/0.9.8e DAV/2 PHP/5.2.8 with Suhosin-Patch mod_auth_pgsql/2.0.3 (internal dummy connection)"
216.239.90.241 - - [06/Sep/2010:04:00:04 -0400] "OPTIONS * HTTP/1.0" 200 - "-" "Apache/2.2.11 (FreeBSD) mod_ssl/2.2.11 OpenSSL/0.9.8e DAV/2 PHP/5.2.8 with Suhosin-Patch mod_auth_pgsql/2.0.3 (internal dummy connection)"
216.239.90.241 - - [06/Sep/2010:04:01:25 -0400] "OPTIONS * HTTP/1.0" 200 - "-" "Apache/2.2.11 (FreeBSD) mod_ssl/2.2.11 OpenSSL/0.9.8e DAV/2 PHP/5.2.8 with Suhosin-Patch mod_auth_pgsql/2.0.3 (internal dummy connection)"
216.239.90.241 - - [06/Sep/2010:04:01:27 -0400] "OPTIONS * HTTP/1.0" 200 - "-" "Apache/2.2.11 (FreeBSD) mod_ssl/2.2.11 OpenSSL/0.9.8e DAV/2 PHP/5.2.8 with Suhosin-Patch mod_auth_pgsql/2.0.3 (internal dummy connection)"
216.239.90.241 - - [06/Sep/2010:04:01:28 -0400] "OPTIONS * HTTP/1.0" 200 - "-" "Apache/2.2.11 (FreeBSD) mod_ssl/2.2.11 OpenSSL/0.9.8e DAV/2 PHP/5.2.8 with Suhosin-Patch mod_auth_pgsql/2.0.3 (internal dummy connection)"
95.108.128.242 - - [06/Sep/2010:04:02:29 -0400] "GET /lib/Zend/Locale/Data/uk_UA.xml HTTP/1.1" 200 291 "-" "Mozilla/5.0 (compatible; YandexBot/3.0; +http://yandex.com/bots)"
216.239.90.241 - - [06/Sep/2010:04:03:22 -0400] "OPTIONS * HTTP/1.0" 200 - "-" "Apache/2.2.11 (FreeBSD) mod_ssl/2.2.11 OpenSSL/0.9.8e DAV/2 PHP/5.2.8 with Suhosin-Patch mod_auth_pgsql/2.0.3 (internal dummy connection)"
216.239.90.241 - - [06/Sep/2010:04:03:23 -0400] "OPTIONS * HTTP/1.0" 200 - "-" "Apache/2.2.11 (FreeBSD) mod_ssl/2.2.11 OpenSSL/0.9.8e DAV/2 PHP/5.2.8 with Suhosin-Patch mod_auth_pgsql/2.0.3 (internal dummy connection)"
216.239.90.241 - - [06/Sep/2010:04:03:24 -0400] "OPTIONS * HTTP/1.0" 200 - "-" "Apache/2.2.11 (FreeBSD) mod_ssl/2.2.11 OpenSSL/0.9.8e DAV/2 PHP/5.2.8 with Suhosin-Patch mod_auth_pgsql/2.0.3 (internal dummy connection)"
216.239.90.241 - - [06/Sep/2010:04:03:25 -0400] "OPTIONS * HTTP/1.0" 200 - "-" "Apache/2.2.11 (FreeBSD) mod_ssl/2.2.11 OpenSSL/0.9.8e DAV/2 PHP/5.2.8 with Suhosin-Patch mod_auth_pgsql/2.0.3 (internal dummy connection)"
216.239.90.241 - - [06/Sep/2010:04:03:26 -0400] "OPTIONS * HTTP/1.0" 200 - "-" "Apache/2.2.11 (FreeBSD) mod_ssl/2.2.11 OpenSSL/0.9.8e DAV/2 PHP/5.2.8 with Suhosin-Patch mod_auth_pgsql/2.0.3 (internal dummy connection)"
216.239.90.241 - - [06/Sep/2010:04:03:27 -0400] "OPTIONS * HTTP/1.0" 200 - "-" "Apache/2.2.11 (FreeBSD) mod_ssl/2.2.11 OpenSSL/0.9.8e DAV/2 PHP/5.2.8 with Suhosin-Patch mod_auth_pgsql/2.0.3 (internal dummy connection)"
216.239.90.241 - - [06/Sep/2010:04:03:28 -0400] "OPTIONS * HTTP/1.0" 200 - "-" "Apache/2.2.11 (FreeBSD) mod_ssl/2.2.11 OpenSSL/0.9.8e DAV/2 PHP/5.2.8 with Suhosin-Patch mod_auth_pgsql/2.0.3 (internal dummy connection)"
216.239.90.241 - - [06/Sep/2010:04:03:29 -0400] "OPTIONS * HTTP/1.0" 200 - "-" "Apache/2.2.11 (FreeBSD) mod_ssl/2.2.11 OpenSSL/0.9.8e DAV/2 PHP/5.2.8 with Suhosin-Patch mod_auth_pgsql/2.0.3 (internal dummy connection)"
216.239.90.241 - - [06/Sep/2010:04:03:30 -0400] "OPTIONS * HTTP/1.0" 200 - "-" "Apache/2.2.11 (FreeBSD) mod_ssl/2.2.11 OpenSSL/0.9.8e DAV/2 PHP/5.2.8 with Suhosin-Patch mod_auth_pgsql/2.0.3 (internal dummy connection)"
216.239.90.241 - - [06/Sep/2010:04:05:46 -0400] "OPTIONS * HTTP/1.0" 200 - "-" "Apache/2.2.11 (FreeBSD) mod_ssl/2.2.11 OpenSSL/0.9.8e DAV/2 PHP/5.2.8 with Suhosin-Patch mod_auth_pgsql/2.0.3 (internal dummy connection)"
216.239.90.241 - - [06/Sep/2010:04:05:48 -0400] "OPTIONS * HTTP/1.0" 200 - "-" "Apache/2.2.11 (FreeBSD) mod_ssl/2.2.11 OpenSSL/0.9.8e DAV/2 PHP/5.2.8 with Suhosin-Patch mod_auth_pgsql/2.0.3 (internal dummy connection)"
216.239.90.241 - - [06/Sep/2010:04:05:49 -0400] "OPTIONS * HTTP/1.0" 200 - "-" "Apache/2.2.11 (FreeBSD) mod_ssl/2.2.11 OpenSSL/0.9.8e DAV/2 PHP/5.2.8 with Suhosin-Patch mod_auth_pgsql/2.0.3 (internal dummy connection)"
216.239.90.241 - - [06/Sep/2010:04:05:50 -0400] "OPTIONS * HTTP/1.0" 200 - "-" "Apache/2.2.11 (FreeBSD) mod_ssl/2.2.11 OpenSSL/0.9.8e DAV/2 PHP/5.2.8 with Suhosin-Patch mod_auth_pgsql/2.0.3 (internal dummy connection)"
216.239.90.241 - - [06/Sep/2010:04:05:51 -0400] "OPTIONS * HTTP/1.0" 200 - "-" "Apache/2.2.11 (FreeBSD) mod_ssl/2.2.11 OpenSSL/0.9.8e DAV/2 PHP/5.2.8 with Suhosin-Patch mod_auth_pgsql/2.0.3 (internal dummy connection)"
216.239.90.241 - - [06/Sep/2010:04:05:52 -0400] "OPTIONS * HTTP/1.0" 200 - "-" "Apache/2.2.11 (FreeBSD) mod_ssl/2.2.11 OpenSSL/0.9.8e DAV/2 PHP/5.2.8 with Suhosin-Patch mod_auth_pgsql/2.0.3 (internal dummy connection)"
216.239.90.241 - - [06/Sep/2010:04:05:53 -0400] "OPTIONS * HTTP/1.0" 200 - "-" "Apache/2.2.11 (FreeBSD) mod_ssl/2.2.11 OpenSSL/0.9.8e DAV/2 PHP/5.2.8 with Suhosin-Patch mod_auth_pgsql/2.0.3 (internal dummy connection)"
216.239.90.241 - - [06/Sep/2010:04:05:54 -0400] "OPTIONS * HTTP/1.0" 200 - "-" "Apache/2.2.11 (FreeBSD) mod_ssl/2.2.11 OpenSSL/0.9.8e DAV/2 PHP/5.2.8 with Suhosin-Patch mod_auth_pgsql/2.0.3 (internal dummy connection)"
216.239.90.241 - - [06/Sep/2010:04:05:58 -0400] "OPTIONS * HTTP/1.0" 200 - "-" "Apache/2.2.11 (FreeBSD) mod_ssl/2.2.11 OpenSSL/0.9.8e DAV/2 PHP/5.2.8 with Suhosin-Patch mod_auth_pgsql/2.0.3 (internal dummy connection)"
216.239.90.241 - - [06/Sep/2010:04:05:59 -0400] "OPTIONS * HTTP/1.0" 200 - "-" "Apache/2.2.11 (FreeBSD) mod_ssl/2.2.11 OpenSSL/0.9.8e DAV/2 PHP/5.2.8 with Suhosin-Patch mod_auth_pgsql/2.0.3 (internal dummy connection)"
216.239.90.241 - - [06/Sep/2010:04:06:03 -0400] "OPTIONS * HTTP/1.0" 200 - "-" "Apache/2.2.11 (FreeBSD) mod_ssl/2.2.11 OpenSSL/0.9.8e DAV/2 PHP/5.2.8 with Suhosin-Patch mod_auth_pgsql/2.0.3 (internal dummy connection)"
216.239.90.241 - - [06/Sep/2010:04:06:04 -0400] "OPTIONS * HTTP/1.0" 200 - "-" "Apache/2.2.11 (FreeBSD) mod_ssl/2.2.11 OpenSSL/0.9.8e DAV/2 PHP/5.2.8 with Suhosin-Patch mod_auth_pgsql/2.0.3 (internal dummy connection)"
216.239.90.241 - - [06/Sep/2010:04:06:05 -0400] "OPTIONS * HTTP/1.0" 200 - "-" "Apache/2.2.11 (FreeBSD) mod_ssl/2.2.11 OpenSSL/0.9.8e DAV/2 PHP/5.2.8 with Suhosin-Patch mod_auth_pgsql/2.0.3 (internal dummy connection)"
216.239.90.241 - - [06/Sep/2010:04:06:06 -0400] "OPTIONS * HTTP/1.0" 200 - "-" "Apache/2.2.11 (FreeBSD) mod_ssl/2.2.11 OpenSSL/0.9.8e DAV/2 PHP/5.2.8 with Suhosin-Patch mod_auth_pgsql/2.0.3 (internal dummy connection)"
95.108.128.242 - - [06/Sep/2010:04:06:07 -0400] "GET /tmp/smTemplate/%252Fhyundaigabriel%252Fhtml%252Fen%252Fvehi_usage%252Findex.php%5e%25%2595%5e95F%5e95FA0AA7%25%25index.php.php HTTP/1.1" 200 695 "-" "Mozilla/5.0 (compatible; YandexBot/3.0; +http://yandex.com/bots)"
216.239.90.241 - - [06/Sep/2010:04:06:14 -0400] "OPTIONS * HTTP/1.0" 200 - "-" "Apache/2.2.11 (FreeBSD) mod_ssl/2.2.11 OpenSSL/0.9.8e DAV/2 PHP/5.2.8 with Suhosin-Patch mod_auth_pgsql/2.0.3 (internal dummy connection)"
216.239.90.241 - - [06/Sep/2010:04:06:53 -0400] "OPTIONS * HTTP/1.0" 200 - "-" "Apache/2.2.11 (FreeBSD) mod_ssl/2.2.11 OpenSSL/0.9.8e DAV/2 PHP/5.2.8 with Suhosin-Patch mod_auth_pgsql/2.0.3 (internal dummy connection)"
216.239.90.241 - - [06/Sep/2010:04:08:28 -0400] "OPTIONS * HTTP/1.0" 200 - "-" "Apache/2.2.11 (FreeBSD) mod_ssl/2.2.11 OpenSSL/0.9.8e DAV/2 PHP/5.2.8 with Suhosin-Patch mod_auth_pgsql/2.0.3 (internal dummy connection)"
216.239.90.241 - - [06/Sep/2010:04:08:29 -0400] "OPTIONS * HTTP/1.0" 200 - "-" "Apache/2.2.11 (FreeBSD) mod_ssl/2.2.11 OpenSSL/0.9.8e DAV/2 PHP/5.2.8 with Suhosin-Patch mod_auth_pgsql/2.0.3 (internal dummy connection)"
216.239.90.241 - - [06/Sep/2010:04:08:45 -0400] "OPTIONS * HTTP/1.0" 200 - "-" "Apache/2.2.11 (FreeBSD) mod_ssl/2.2.11 OpenSSL/0.9.8e DAV/2 PHP/5.2.8 with Suhosin-Patch mod_auth_pgsql/2.0.3 (internal dummy connection)"
216.239.90.241 - - [06/Sep/2010:04:08:46 -0400] "OPTIONS * HTTP/1.0" 200 - "-" "Apache/2.2.11 (FreeBSD) mod_ssl/2.2.11 OpenSSL/0.9.8e DAV/2 PHP/5.2.8 with Suhosin-Patch mod_auth_pgsql/2.0.3 (internal dummy connection)"
216.239.90.241 - - [06/Sep/2010:04:08:47 -0400] "OPTIONS * HTTP/1.0" 200 - "-" "Apache/2.2.11 (FreeBSD) mod_ssl/2.2.11 OpenSSL/0.9.8e DAV/2 PHP/5.2.8 with Suhosin-Patch mod_auth_pgsql/2.0.3 (internal dummy connection)"
216.239.90.241 - - [06/Sep/2010:04:10:17 -0400] "OPTIONS * HTTP/1.0" 200 - "-" "Apache/2.2.11 (FreeBSD) mod_ssl/2.2.11 OpenSSL/0.9.8e DAV/2 PHP/5.2.8 with Suhosin-Patch mod_auth_pgsql/2.0.3 (internal dummy connection)"
95.108.128.242 - - [06/Sep/2010:04:11:33 -0400] "GET /lib/Maestro/function.require-once HTTP/1.1" 404 - "-" "Mozilla/5.0 (compatible; YandexBot/3.0; +http://yandex.com/bots)"
216.239.90.241 - - [06/Sep/2010:04:13:30 -0400] "OPTIONS * HTTP/1.0" 200 - "-" "Apache/2.2.11 (FreeBSD) mod_ssl/2.2.11 OpenSSL/0.9.8e DAV/2 PHP/5.2.8 with Suhosin-Patch mod_auth_pgsql/2.0.3 (internal dummy connection)"
216.239.90.241 - - [06/Sep/2010:04:13:33 -0400] "OPTIONS * HTTP/1.0" 200 - "-" "Apache/2.2.11 (FreeBSD) mod_ssl/2.2.11 OpenSSL/0.9.8e DAV/2 PHP/5.2.8 with Suhosin-Patch mod_auth_pgsql/2.0.3 (internal dummy connection)"
216.239.90.241 - - [06/Sep/2010:04:14:31 -0400] "OPTIONS * HTTP/1.0" 200 - "-" "Apache/2.2.11 (FreeBSD) mod_ssl/2.2.11 OpenSSL/0.9.8e DAV/2 PHP/5.2.8 with Suhosin-Patch mod_auth_pgsql/2.0.3 (internal dummy connection)"
95.108.128.242 - - [06/Sep/2010:04:17:01 -0400] "GET /lib/Zend/Amf/Parse/Serializer.php HTTP/1.1" 200 - "-" "Mozilla/5.0 (compatible; YandexBot/3.0; +http://yandex.com/bots)"
216.239.90.241 - - [06/Sep/2010:04:17:43 -0400] "OPTIONS * HTTP/1.0" 200 - "-" "Apache/2.2.11 (FreeBSD) mod_ssl/2.2.11 OpenSSL/0.9.8e DAV/2 PHP/5.2.8 with Suhosin-Patch mod_auth_pgsql/2.0.3 (internal dummy connection)"
216.239.90.241 - - [06/Sep/2010:04:17:45 -0400] "OPTIONS * HTTP/1.0" 200 - "-" "Apache/2.2.11 (FreeBSD) mod_ssl/2.2.11 OpenSSL/0.9.8e DAV/2 PHP/5.2.8 with Suhosin-Patch mod_auth_pgsql/2.0.3 (internal dummy connection)"
66.249.65.245 - - [06/Sep/2010:04:18:06 -0400] "GET /robots.txt HTTP/1.1" 404 - "-" "SAMSUNG-SGH-E250/1.0 Profile/MIDP-2.0 Configuration/CLDC-1.1 UP.Browser/6.2.3.3.c.1.101 (GUI) MMP/2.0 (compatible; Googlebot-Mobile/2.1; +http://www.google.com/bot.html)"
66.249.65.245 - - [06/Sep/2010:04:18:06 -0400] "GET /sys/external/Smarty-2.6.3/Smarty.class.php HTTP/1.1" 200 - "-" "SAMSUNG-SGH-E250/1.0 Profile/MIDP-2.0 Configuration/CLDC-1.1 UP.Browser/6.2.3.3.c.1.101 (GUI) MMP/2.0 (compatible; Googlebot-Mobile/2.1; +http://www.google.com/bot.html)"
95.108.128.242 - - [06/Sep/2010:04:20:41 -0400] "GET /lib/Maestro/smarty/plugins/modifier.fileicon.php HTTP/1.1" 200 - "-" "Mozilla/5.0 (compatible; YandexBot/3.0; +http://yandex.com/bots)"
216.239.90.241 - - [06/Sep/2010:04:20:46 -0400] "OPTIONS * HTTP/1.0" 200 - "-" "Apache/2.2.11 (FreeBSD) mod_ssl/2.2.11 OpenSSL/0.9.8e DAV/2 PHP/5.2.8 with Suhosin-Patch mod_auth_pgsql/2.0.3 (internal dummy connection)"
216.239.90.241 - - [06/Sep/2010:04:20:47 -0400] "OPTIONS * HTTP/1.0" 200 - "-" "Apache/2.2.11 (FreeBSD) mod_ssl/2.2.11 OpenSSL/0.9.8e DAV/2 PHP/5.2.8 with Suhosin-Patch mod_auth_pgsql/2.0.3 (internal dummy connection)"
216.239.90.241 - - [06/Sep/2010:04:20:48 -0400] "OPTIONS * HTTP/1.0" 200 - "-" "Apache/2.2.11 (FreeBSD) mod_ssl/2.2.11 OpenSSL/0.9.8e DAV/2 PHP/5.2.8 with Suhosin-Patch mod_auth_pgsql/2.0.3 (internal dummy connection)"
216.239.90.241 - - [06/Sep/2010:04:20:49 -0400] "OPTIONS * HTTP/1.0" 200 - "-" "Apache/2.2.11 (FreeBSD) mod_ssl/2.2.11 OpenSSL/0.9.8e DAV/2 PHP/5.2.8 with Suhosin-Patch mod_auth_pgsql/2.0.3 (internal dummy connection)"
216.239.90.241 - - [06/Sep/2010:04:20:50 -0400] "OPTIONS * HTTP/1.0" 200 - "-" "Apache/2.2.11 (FreeBSD) mod_ssl/2.2.11 OpenSSL/0.9.8e DAV/2 PHP/5.2.8 with Suhosin-Patch mod_auth_pgsql/2.0.3 (internal dummy connection)"
216.239.90.241 - - [06/Sep/2010:04:20:51 -0400] "OPTIONS * HTTP/1.0" 200 - "-" "Apache/2.2.11 (FreeBSD) mod_ssl/2.2.11 OpenSSL/0.9.8e DAV/2 PHP/5.2.8 with Suhosin-Patch mod_auth_pgsql/2.0.3 (internal dummy connection)"
216.239.90.241 - - [06/Sep/2010:04:20:52 -0400] "OPTIONS * HTTP/1.0" 200 - "-" "Apache/2.2.11 (FreeBSD) mod_ssl/2.2.11 OpenSSL/0.9.8e DAV/2 PHP/5.2.8 with Suhosin-Patch mod_auth_pgsql/2.0.3 (internal dummy connection)"
95.108.128.242 - - [06/Sep/2010:04:22:32 -0400] "GET /lib/Zend/Search/Lucene/Search/QueryEntry/ HTTP/1.1" 200 452 "-" "Mozilla/5.0 (compatible; YandexBot/3.0; +http://yandex.com/bots)"
216.239.90.241 - - [06/Sep/2010:04:23:37 -0400] "OPTIONS * HTTP/1.0" 200 - "-" "Apache/2.2.11 (FreeBSD) mod_ssl/2.2.11 OpenSSL/0.9.8e DAV/2 PHP/5.2.8 with Suhosin-Patch mod_auth_pgsql/2.0.3 (internal dummy connection)"
216.239.90.241 - - [06/Sep/2010:04:23:38 -0400] "OPTIONS * HTTP/1.0" 200 - "-" "Apache/2.2.11 (FreeBSD) mod_ssl/2.2.11 OpenSSL/0.9.8e DAV/2 PHP/5.2.8 with Suhosin-Patch mod_auth_pgsql/2.0.3 (internal dummy connection)"
216.239.90.241 - - [06/Sep/2010:04:23:39 -0400] "OPTIONS * HTTP/1.0" 200 - "-" "Apache/2.2.11 (FreeBSD) mod_ssl/2.2.11 OpenSSL/0.9.8e DAV/2 PHP/5.2.8 with Suhosin-Patch mod_auth_pgsql/2.0.3 (internal dummy connection)"
216.239.90.241 - - [06/Sep/2010:04:23:40 -0400] "OPTIONS * HTTP/1.0" 200 - "-" "Apache/2.2.11 (FreeBSD) mod_ssl/2.2.11 OpenSSL/0.9.8e DAV/2 PHP/5.2.8 with Suhosin-Patch mod_auth_pgsql/2.0.3 (internal dummy connection)"
216.239.90.241 - - [06/Sep/2010:04:23:41 -0400] "OPTIONS * HTTP/1.0" 200 - "-" "Apache/2.2.11 (FreeBSD) mod_ssl/2.2.11 OpenSSL/0.9.8e DAV/2 PHP/5.2.8 with Suhosin-Patch mod_auth_pgsql/2.0.3 (internal dummy connection)"
216.239.90.241 - - [06/Sep/2010:04:23:42 -0400] "OPTIONS * HTTP/1.0" 200 - "-" "Apache/2.2.11 (FreeBSD) mod_ssl/2.2.11 OpenSSL/0.9.8e DAV/2 PHP/5.2.8 with Suhosin-Patch mod_auth_pgsql/2.0.3 (internal dummy connection)"
216.239.90.241 - - [06/Sep/2010:04:23:43 -0400] "OPTIONS * HTTP/1.0" 200 - "-" "Apache/2.2.11 (FreeBSD) mod_ssl/2.2.11 OpenSSL/0.9.8e DAV/2 PHP/5.2.8 with Suhosin-Patch mod_auth_pgsql/2.0.3 (internal dummy connection)"
95.108.128.242 - - [06/Sep/2010:04:24:21 -0400] "GET /lib/Maestro/Model/Abstract.php HTTP/1.1" 200 - "-" "Mozilla/5.0 (compatible; YandexBot/3.0; +http://yandex.com/bots)"
95.108.128.242 - - [06/Sep/2010:04:28:00 -0400] "GET /tmp/smTemplate/%252Fmazdagabriel%252Fhtml%252Fen%252Frendez-vous%252Findex.php%5e%25%25ED%5eED5%5eED572EED%25%25index.php.php HTTP/1.1" 200 6068 "-" "Mozilla/5.0 (compatible; YandexBot/3.0; +http://yandex.com/bots)"
95.108.128.242 - - [06/Sep/2010:04:29:49 -0400] "GET /lib/Maestro_v1/smarty/plugins/function.html_select_date.php HTTP/1.1" 200 - "-" "Mozilla/5.0 (compatible; YandexBot/3.0; +http://yandex.com/bots)"
216.239.90.241 - - [06/Sep/2010:04:30:14 -0400] "OPTIONS * HTTP/1.0" 200 - "-" "Apache/2.2.11 (FreeBSD) mod_ssl/2.2.11 OpenSSL/0.9.8e DAV/2 PHP/5.2.8 with Suhosin-Patch mod_auth_pgsql/2.0.3 (internal dummy connection)"
216.239.90.241 - - [06/Sep/2010:04:30:15 -0400] "OPTIONS * HTTP/1.0" 200 - "-" "Apache/2.2.11 (FreeBSD) mod_ssl/2.2.11 OpenSSL/0.9.8e DAV/2 PHP/5.2.8 with Suhosin-Patch mod_auth_pgsql/2.0.3 (internal dummy connection)"
216.239.90.241 - - [06/Sep/2010:04:30:16 -0400] "OPTIONS * HTTP/1.0" 200 - "-" "Apache/2.2.11 (FreeBSD) mod_ssl/2.2.11 OpenSSL/0.9.8e DAV/2 PHP/5.2.8 with Suhosin-Patch mod_auth_pgsql/2.0.3 (internal dummy connection)"
216.239.90.241 - - [06/Sep/2010:04:30:17 -0400] "OPTIONS * HTTP/1.0" 200 - "-" "Apache/2.2.11 (FreeBSD) mod_ssl/2.2.11 OpenSSL/0.9.8e DAV/2 PHP/5.2.8 with Suhosin-Patch mod_auth_pgsql/2.0.3 (internal dummy connection)"
216.239.90.241 - - [06/Sep/2010:04:30:18 -0400] "OPTIONS * HTTP/1.0" 200 - "-" "Apache/2.2.11 (FreeBSD) mod_ssl/2.2.11 OpenSSL/0.9.8e DAV/2 PHP/5.2.8 with Suhosin-Patch mod_auth_pgsql/2.0.3 (internal dummy connection)"
216.239.90.241 - - [06/Sep/2010:04:30:19 -0400] "OPTIONS * HTTP/1.0" 200 - "-" "Apache/2.2.11 (FreeBSD) mod_ssl/2.2.11 OpenSSL/0.9.8e DAV/2 PHP/5.2.8 with Suhosin-Patch mod_auth_pgsql/2.0.3 (internal dummy connection)"
216.239.90.241 - - [06/Sep/2010:04:30:20 -0400] "OPTIONS * HTTP/1.0" 200 - "-" "Apache/2.2.11 (FreeBSD) mod_ssl/2.2.11 OpenSSL/0.9.8e DAV/2 PHP/5.2.8 with Suhosin-Patch mod_auth_pgsql/2.0.3 (internal dummy connection)"
95.108.128.242 - - [06/Sep/2010:04:31:38 -0400] "GET /lib/Zend/Amf/Value/Messaging/CommandMessage.php HTTP/1.1" 200 597 "-" "Mozilla/5.0 (compatible; YandexBot/3.0; +http://yandex.com/bots)"
95.108.128.242 - - [06/Sep/2010:04:33:27 -0400] "GET /lib/Pear/PEAR/Task/Postinstallscript/ HTTP/1.1" 200 333 "-" "Mozilla/5.0 (compatible; YandexBot/3.0; +http://yandex.com/bots)"
66.249.65.248 - - [06/Sep/2010:04:33:44 -0400] "GET /lib/GabrielClient/Model/Team.php HTTP/1.1" 200 - "-" "DoCoMo/2.0 N905i(c100;TB;W24H16) (compatible; Googlebot-Mobile/2.1; +http://www.google.com/bot.html)"
95.108.128.242 - - [06/Sep/2010:04:35:17 -0400] "GET /sys/plugins/mail/FormMailer.inc.php HTTP/1.1" 200 - "-" "Mozilla/5.0 (compatible; YandexBot/3.0; +http://yandex.com/bots)"
95.108.128.242 - - [06/Sep/2010:04:37:06 -0400] "GET /lib/Zend/View/Helper/Abstract.php HTTP/1.1" 200 547 "-" "Mozilla/5.0 (compatible; YandexBot/3.0; +http://yandex.com/bots)"
114.80.93.71 - - [06/Sep/2010:04:38:14 -0400] "HEAD / HTTP/1.0" 200 - "-" "Mozilla/4.0 (compatible; MSIE 6.0; Windows NT 5.1; SV1; .NET CLR 1.1.4322)"
95.108.128.242 - - [06/Sep/2010:04:38:55 -0400] "GET /lib/Maestro_v1/smarty/plugins/modifier.replace.php HTTP/1.1" 200 - "-" "Mozilla/5.0 (compatible; YandexBot/3.0; +http://yandex.com/bots)"
66.249.65.245 - - [06/Sep/2010:04:39:01 -0400] "GET /sys/plugins/mail/FormMailer.inc.php HTTP/1.1" 200 - "-" "SAMSUNG-SGH-E250/1.0 Profile/MIDP-2.0 Configuration/CLDC-1.1 UP.Browser/6.2.3.3.c.1.101 (GUI) MMP/2.0 (compatible; Googlebot-Mobile/2.1; +http://www.google.com/bot.html)"
95.108.128.242 - - [06/Sep/2010:04:40:44 -0400] "GET /lib/Pear/JSON/JSON.php HTTP/1.1" 200 - "-" "Mozilla/5.0 (compatible; YandexBot/3.0; +http://yandex.com/bots)"
114.80.93.71 - - [06/Sep/2010:04:41:20 -0400] "HEAD / HTTP/1.0" 200 - "-" "Mozilla/4.0 (compatible; MSIE 6.0; Windows NT 5.1; SV1; .NET CLR 1.1.4322)"
95.108.128.242 - - [06/Sep/2010:04:42:33 -0400] "GET /lib/Zend/Locale/Data/pl.xml HTTP/1.1" 200 117765 "-" "Mozilla/5.0 (compatible; YandexBot/3.0; +http://yandex.com/bots)"
95.108.128.242 - - [06/Sep/2010:04:44:23 -0400] "GET /lib/Zend/Loader/function.require-once HTTP/1.1" 404 - "-" "Mozilla/5.0 (compatible; YandexBot/3.0; +http://yandex.com/bots)"
95.108.128.242 - - [06/Sep/2010:04:48:02 -0400] "GET /lib/Maestro/Maestro.inc.php HTTP/1.1" 200 - "-" "Mozilla/5.0 (compatible; YandexBot/3.0; +http://yandex.com/bots)"
95.108.128.242 - - [06/Sep/2010:04:49:52 -0400] "GET /lib/Maestro/smarty/plugins/function.html_select_date.php HTTP/1.1" 200 - "-" "Mozilla/5.0 (compatible; YandexBot/3.0; +http://yandex.com/bots)"
220.181.108.97 - - [06/Sep/2010:04:50:03 -0400] "GET /spavmr/ HTTP/1.1" 200 219 "-" "Baiduspider+(+http://www.baidu.com/search/spider.htm)"
95.108.128.242 - - [06/Sep/2010:04:51:41 -0400] "GET /lib/Zend/Session/Validator/function.require-once HTTP/1.1" 404 - "-" "Mozilla/5.0 (compatible; YandexBot/3.0; +http://yandex.com/bots)"
95.108.128.242 - - [06/Sep/2010:04:55:20 -0400] "GET /sys/external/Smarty-2.6.1/core/core.display_debug_console.php HTTP/1.1" 200 - "-" "Mozilla/5.0 (compatible; YandexBot/3.0; +http://yandex.com/bots)"
216.239.90.241 - - [06/Sep/2010:04:55:26 -0400] "OPTIONS * HTTP/1.0" 200 - "-" "Apache/2.2.11 (FreeBSD) mod_ssl/2.2.11 OpenSSL/0.9.8e DAV/2 PHP/5.2.8 with Suhosin-Patch mod_auth_pgsql/2.0.3 (internal dummy connection)"
216.239.90.241 - - [06/Sep/2010:04:55:27 -0400] "OPTIONS * HTTP/1.0" 200 - "-" "Apache/2.2.11 (FreeBSD) mod_ssl/2.2.11 OpenSSL/0.9.8e DAV/2 PHP/5.2.8 with Suhosin-Patch mod_auth_pgsql/2.0.3 (internal dummy connection)"
216.239.90.241 - - [06/Sep/2010:04:55:28 -0400] "OPTIONS * HTTP/1.0" 200 - "-" "Apache/2.2.11 (FreeBSD) mod_ssl/2.2.11 OpenSSL/0.9.8e DAV/2 PHP/5.2.8 with Suhosin-Patch mod_auth_pgsql/2.0.3 (internal dummy connection)"
216.239.90.241 - - [06/Sep/2010:04:55:29 -0400] "OPTIONS * HTTP/1.0" 200 - "-" "Apache/2.2.11 (FreeBSD) mod_ssl/2.2.11 OpenSSL/0.9.8e DAV/2 PHP/5.2.8 with Suhosin-Patch mod_auth_pgsql/2.0.3 (internal dummy connection)"
216.239.90.241 - - [06/Sep/2010:04:55:30 -0400] "OPTIONS * HTTP/1.0" 200 - "-" "Apache/2.2.11 (FreeBSD) mod_ssl/2.2.11 OpenSSL/0.9.8e DAV/2 PHP/5.2.8 with Suhosin-Patch mod_auth_pgsql/2.0.3 (internal dummy connection)"
216.239.90.241 - - [06/Sep/2010:04:55:31 -0400] "OPTIONS * HTTP/1.0" 200 - "-" "Apache/2.2.11 (FreeBSD) mod_ssl/2.2.11 OpenSSL/0.9.8e DAV/2 PHP/5.2.8 with Suhosin-Patch mod_auth_pgsql/2.0.3 (internal dummy connection)"
216.239.90.241 - - [06/Sep/2010:04:55:32 -0400] "OPTIONS * HTTP/1.0" 200 - "-" "Apache/2.2.11 (FreeBSD) mod_ssl/2.2.11 OpenSSL/0.9.8e DAV/2 PHP/5.2.8 with Suhosin-Patch mod_auth_pgsql/2.0.3 (internal dummy connection)"
216.239.90.241 - - [06/Sep/2010:04:55:33 -0400] "OPTIONS * HTTP/1.0" 200 - "-" "Apache/2.2.11 (FreeBSD) mod_ssl/2.2.11 OpenSSL/0.9.8e DAV/2 PHP/5.2.8 with Suhosin-Patch mod_auth_pgsql/2.0.3 (internal dummy connection)"
216.239.90.241 - - [06/Sep/2010:04:55:34 -0400] "OPTIONS * HTTP/1.0" 200 - "-" "Apache/2.2.11 (FreeBSD) mod_ssl/2.2.11 OpenSSL/0.9.8e DAV/2 PHP/5.2.8 with Suhosin-Patch mod_auth_pgsql/2.0.3 (internal dummy connection)"
216.239.90.241 - - [06/Sep/2010:04:55:39 -0400] "OPTIONS * HTTP/1.0" 200 - "-" "Apache/2.2.11 (FreeBSD) mod_ssl/2.2.11 OpenSSL/0.9.8e DAV/2 PHP/5.2.8 with Suhosin-Patch mod_auth_pgsql/2.0.3 (internal dummy connection)"
95.108.128.242 - - [06/Sep/2010:04:55:51 -0400] "GET /lib/Pear/PEAR/Command/Build.xml HTTP/1.1" 200 260 "-" "Mozilla/5.0 (compatible; YandexBot/3.0; +http://yandex.com/bots)"
95.108.128.242 - - [06/Sep/2010:04:55:53 -0400] "GET /lib/Zend/Locale/Data/af_NA.xml HTTP/1.1" 200 1967 "-" "Mozilla/5.0 (compatible; YandexBot/3.0; +http://yandex.com/bots)"
95.108.128.242 - - [06/Sep/2010:04:55:56 -0400] "GET /sys/local/layout/LAY_carriere.inc.php HTTP/1.1" 200 - "-" "Mozilla/5.0 (compatible; YandexBot/3.0; +http://yandex.com/bots)"
95.108.128.242 - - [06/Sep/2010:04:57:46 -0400] "GET /sys/external/Smarty-2.6.1/plugins/modifier.strip.php HTTP/1.1" 200 - "-" "Mozilla/5.0 (compatible; YandexBot/3.0; +http://yandex.com/bots)"
95.108.128.242 - - [06/Sep/2010:04:59:36 -0400] "GET /lib/Maestro/smarty/plugins/modifier.regex_replace.php HTTP/1.1" 200 - "-" "Mozilla/5.0 (compatible; YandexBot/3.0; +http://yandex.com/bots)"
216.239.90.241 - - [06/Sep/2010:05:00:02 -0400] "OPTIONS * HTTP/1.0" 200 - "-" "Apache/2.2.11 (FreeBSD) mod_ssl/2.2.11 OpenSSL/0.9.8e DAV/2 PHP/5.2.8 with Suhosin-Patch mod_auth_pgsql/2.0.3 (internal dummy connection)"
216.239.90.241 - - [06/Sep/2010:05:00:02 -0400] "OPTIONS * HTTP/1.0" 200 - "-" "Apache/2.2.11 (FreeBSD) mod_ssl/2.2.11 OpenSSL/0.9.8e DAV/2 PHP/5.2.8 with Suhosin-Patch mod_auth_pgsql/2.0.3 (internal dummy connection)"
216.239.90.241 - - [06/Sep/2010:05:00:02 -0400] "OPTIONS * HTTP/1.0" 200 - "-" "Apache/2.2.11 (FreeBSD) mod_ssl/2.2.11 OpenSSL/0.9.8e DAV/2 PHP/5.2.8 with Suhosin-Patch mod_auth_pgsql/2.0.3 (internal dummy connection)"
216.239.90.241 - - [06/Sep/2010:05:00:02 -0400] "OPTIONS * HTTP/1.0" 200 - "-" "Apache/2.2.11 (FreeBSD) mod_ssl/2.2.11 OpenSSL/0.9.8e DAV/2 PHP/5.2.8 with Suhosin-Patch mod_auth_pgsql/2.0.3 (internal dummy connection)"
216.239.90.241 - - [06/Sep/2010:05:00:02 -0400] "OPTIONS * HTTP/1.0" 200 - "-" "Apache/2.2.11 (FreeBSD) mod_ssl/2.2.11 OpenSSL/0.9.8e DAV/2 PHP/5.2.8 with Suhosin-Patch mod_auth_pgsql/2.0.3 (internal dummy connection)"
216.239.90.241 - - [06/Sep/2010:05:00:02 -0400] "OPTIONS * HTTP/1.0" 200 - "-" "Apache/2.2.11 (FreeBSD) mod_ssl/2.2.11 OpenSSL/0.9.8e DAV/2 PHP/5.2.8 with Suhosin-Patch mod_auth_pgsql/2.0.3 (internal dummy connection)"
216.239.90.241 - - [06/Sep/2010:05:00:02 -0400] "OPTIONS * HTTP/1.0" 200 - "-" "Apache/2.2.11 (FreeBSD) mod_ssl/2.2.11 OpenSSL/0.9.8e DAV/2 PHP/5.2.8 with Suhosin-Patch mod_auth_pgsql/2.0.3 (internal dummy connection)"
216.239.90.241 - - [06/Sep/2010:05:00:02 -0400] "OPTIONS * HTTP/1.0" 200 - "-" "Apache/2.2.11 (FreeBSD) mod_ssl/2.2.11 OpenSSL/0.9.8e DAV/2 PHP/5.2.8 with Suhosin-Patch mod_auth_pgsql/2.0.3 (internal dummy connection)"
216.239.90.241 - - [06/Sep/2010:05:00:02 -0400] "OPTIONS * HTTP/1.0" 200 - "-" "Apache/2.2.11 (FreeBSD) mod_ssl/2.2.11 OpenSSL/0.9.8e DAV/2 PHP/5.2.8 with Suhosin-Patch mod_auth_pgsql/2.0.3 (internal dummy connection)"
216.239.90.241 - - [06/Sep/2010:05:00:04 -0400] "OPTIONS * HTTP/1.0" 200 - "-" "Apache/2.2.11 (FreeBSD) mod_ssl/2.2.11 OpenSSL/0.9.8e DAV/2 PHP/5.2.8 with Suhosin-Patch mod_auth_pgsql/2.0.3 (internal dummy connection)"
216.239.90.241 - - [06/Sep/2010:05:00:04 -0400] "OPTIONS * HTTP/1.0" 200 - "-" "Apache/2.2.11 (FreeBSD) mod_ssl/2.2.11 OpenSSL/0.9.8e DAV/2 PHP/5.2.8 with Suhosin-Patch mod_auth_pgsql/2.0.3 (internal dummy connection)"
216.239.90.241 - - [06/Sep/2010:05:00:04 -0400] "OPTIONS * HTTP/1.0" 200 - "-" "Apache/2.2.11 (FreeBSD) mod_ssl/2.2.11 OpenSSL/0.9.8e DAV/2 PHP/5.2.8 with Suhosin-Patch mod_auth_pgsql/2.0.3 (internal dummy connection)"
216.239.90.241 - - [06/Sep/2010:05:00:04 -0400] "OPTIONS * HTTP/1.0" 200 - "-" "Apache/2.2.11 (FreeBSD) mod_ssl/2.2.11 OpenSSL/0.9.8e DAV/2 PHP/5.2.8 with Suhosin-Patch mod_auth_pgsql/2.0.3 (internal dummy connection)"
216.239.90.241 - - [06/Sep/2010:05:00:04 -0400] "OPTIONS * HTTP/1.0" 200 - "-" "Apache/2.2.11 (FreeBSD) mod_ssl/2.2.11 OpenSSL/0.9.8e DAV/2 PHP/5.2.8 with Suhosin-Patch mod_auth_pgsql/2.0.3 (internal dummy connection)"
216.239.90.241 - - [06/Sep/2010:05:00:04 -0400] "OPTIONS * HTTP/1.0" 200 - "-" "Apache/2.2.11 (FreeBSD) mod_ssl/2.2.11 OpenSSL/0.9.8e DAV/2 PHP/5.2.8 with Suhosin-Patch mod_auth_pgsql/2.0.3 (internal dummy connection)"
216.239.90.241 - - [06/Sep/2010:05:00:04 -0400] "OPTIONS * HTTP/1.0" 200 - "-" "Apache/2.2.11 (FreeBSD) mod_ssl/2.2.11 OpenSSL/0.9.8e DAV/2 PHP/5.2.8 with Suhosin-Patch mod_auth_pgsql/2.0.3 (internal dummy connection)"
216.239.90.241 - - [06/Sep/2010:05:00:04 -0400] "OPTIONS * HTTP/1.0" 200 - "-" "Apache/2.2.11 (FreeBSD) mod_ssl/2.2.11 OpenSSL/0.9.8e DAV/2 PHP/5.2.8 with Suhosin-Patch mod_auth_pgsql/2.0.3 (internal dummy connection)"
216.239.90.241 - - [06/Sep/2010:05:00:04 -0400] "OPTIONS * HTTP/1.0" 200 - "-" "Apache/2.2.11 (FreeBSD) mod_ssl/2.2.11 OpenSSL/0.9.8e DAV/2 PHP/5.2.8 with Suhosin-Patch mod_auth_pgsql/2.0.3 (internal dummy connection)"
66.249.65.247 - - [06/Sep/2010:05:00:10 -0400] "GET /lib/Maestro_v1/smarty/Smarty.class.php HTTP/1.1" 200 - "-" "SAMSUNG-SGH-E250/1.0 Profile/MIDP-2.0 Configuration/CLDC-1.1 UP.Browser/6.2.3.3.c.1.101 (GUI) MMP/2.0 (compatible; Googlebot-Mobile/2.1; +http://www.google.com/bot.html)"
95.108.128.242 - - [06/Sep/2010:05:01:26 -0400] "GET /lib/Maestro/plugins/import/DumpSQL.inc.php HTTP/1.1" 200 - "-" "Mozilla/5.0 (compatible; YandexBot/3.0; +http://yandex.com/bots)"
95.108.128.242 - - [06/Sep/2010:05:05:07 -0400] "GET /lib/Zend/Controller/Request/HttpTestCase.php HTTP/1.1" 200 573 "-" "Mozilla/5.0 (compatible; YandexBot/3.0; +http://yandex.com/bots)"
95.108.128.242 - - [06/Sep/2010:05:08:47 -0400] "GET /lib/Maestro/smarty/internals/core.write_cache_file.php HTTP/1.1" 200 - "-" "Mozilla/5.0 (compatible; YandexBot/3.0; +http://yandex.com/bots)"
95.108.128.242 - - [06/Sep/2010:05:10:37 -0400] "GET /sys/PEAR/PEAR/PackageFile/v1.php HTTP/1.1" 200 523 "-" "Mozilla/5.0 (compatible; YandexBot/3.0; +http://yandex.com/bots)"
95.108.128.242 - - [06/Sep/2010:05:14:17 -0400] "GET /lib/Maestro_v1/SecurityManager.inc.php HTTP/1.1" 200 - "-" "Mozilla/5.0 (compatible; YandexBot/3.0; +http://yandex.com/bots)"
95.108.128.242 - - [06/Sep/2010:05:17:59 -0400] "GET /lib/Zend/Locale/Data/ts_ZA.xml HTTP/1.1" 200 291 "-" "Mozilla/5.0 (compatible; YandexBot/3.0; +http://yandex.com/bots)"
216.239.90.241 - - [06/Sep/2010:05:18:24 -0400] "OPTIONS * HTTP/1.0" 200 - "-" "Apache/2.2.11 (FreeBSD) mod_ssl/2.2.11 OpenSSL/0.9.8e DAV/2 PHP/5.2.8 with Suhosin-Patch mod_auth_pgsql/2.0.3 (internal dummy connection)"
216.239.90.241 - - [06/Sep/2010:05:18:26 -0400] "OPTIONS * HTTP/1.0" 200 - "-" "Apache/2.2.11 (FreeBSD) mod_ssl/2.2.11 OpenSSL/0.9.8e DAV/2 PHP/5.2.8 with Suhosin-Patch mod_auth_pgsql/2.0.3 (internal dummy connection)"
66.249.65.204 - - [06/Sep/2010:05:20:29 -0400] "GET /lib/Maestro/Image/Resize.php HTTP/1.1" 200 - "-" "DoCoMo/2.0 N905i(c100;TB;W24H16) (compatible; Googlebot-Mobile/2.1; +http://www.google.com/bot.html)"
66.249.65.248 - - [06/Sep/2010:05:21:03 -0400] "GET /sys/external/Smarty-2.6.1/Smarty.class.php HTTP/1.1" 200 - "-" "SAMSUNG-SGH-E250/1.0 Profile/MIDP-2.0 Configuration/CLDC-1.1 UP.Browser/6.2.3.3.c.1.101 (GUI) MMP/2.0 (compatible; Googlebot-Mobile/2.1; +http://www.google.com/bot.html)"
95.108.128.242 - - [06/Sep/2010:05:21:38 -0400] "GET /lib/Zend/Validate/File/Hash.php HTTP/1.1" 200 535 "-" "Mozilla/5.0 (compatible; YandexBot/3.0; +http://yandex.com/bots)"
216.239.90.241 - - [06/Sep/2010:05:22:24 -0400] "OPTIONS * HTTP/1.0" 200 - "-" "Apache/2.2.11 (FreeBSD) mod_ssl/2.2.11 OpenSSL/0.9.8e DAV/2 PHP/5.2.8 with Suhosin-Patch mod_auth_pgsql/2.0.3 (internal dummy connection)"
95.108.128.242 - - [06/Sep/2010:05:23:28 -0400] "GET /lib/Zend/Mail/Protocol/function.require HTTP/1.1" 404 - "-" "Mozilla/5.0 (compatible; YandexBot/3.0; +http://yandex.com/bots)"
95.108.128.242 - - [06/Sep/2010:05:25:18 -0400] "GET /lib/Zend/OpenId/Provider/User/ HTTP/1.1" 200 335 "-" "Mozilla/5.0 (compatible; YandexBot/3.0; +http://yandex.com/bots)"
207.46.199.193 - - [06/Sep/2010:05:26:59 -0400] "GET /robots.txt HTTP/1.1" 404 - "-" "msnbot/2.0b (+http://search.msn.com/msnbot.htm)"
95.108.128.242 - - [06/Sep/2010:05:28:58 -0400] "GET /lib/Pear/PEAR/ChannelFile/function.require-once HTTP/1.1" 404 - "-" "Mozilla/5.0 (compatible; YandexBot/3.0; +http://yandex.com/bots)"
95.108.128.242 - - [06/Sep/2010:05:30:48 -0400] "GET /lib/Zend/Text/MultiByte.php HTTP/1.1" 200 - "-" "Mozilla/5.0 (compatible; YandexBot/3.0; +http://yandex.com/bots)"
41.191.85.37 - - [06/Sep/2010:05:30:00 -0400] "GET /dead.letter HTTP/1.1" 200 94165144 "http://www.google.bj/url?sa=t&source=web&cd=168&ved=0CDcQFjAHOKAB&url=http%3A%2F%2Fwww.ford.gabriel.ca%2Fdead.letter&rct=j&q=txt%20debbie%20yahoo.com%20aol.com%20hotmail.com%20gmx.com%20sbcglobal.net&ei=gbSETIWcIISKlwfVh_TLDg&usg=AFQjCNE_yXSk7etvn-Xjor947rXZuZ7JJA&cad=rja" "Mozilla/5.0 (Windows; U; Windows NT 6.0; en-US; rv:1.8.1) Gecko/20061010 Firefox/2.0"
95.108.128.242 - - [06/Sep/2010:05:32:38 -0400] "GET /lib/Zend/View/Helper/Placeholder/Registry/ HTTP/1.1" 200 371 "-" "Mozilla/5.0 (compatible; YandexBot/3.0; +http://yandex.com/bots)"
95.108.128.242 - - [06/Sep/2010:05:34:29 -0400] "GET /lib/Zend/Db/Statement/Mysqli/ HTTP/1.1" 200 334 "-" "Mozilla/5.0 (compatible; YandexBot/3.0; +http://yandex.com/bots)"
216.239.90.241 - - [06/Sep/2010:05:35:51 -0400] "OPTIONS * HTTP/1.0" 200 - "-" "Apache/2.2.11 (FreeBSD) mod_ssl/2.2.11 OpenSSL/0.9.8e DAV/2 PHP/5.2.8 with Suhosin-Patch mod_auth_pgsql/2.0.3 (internal dummy connection)"
216.239.90.241 - - [06/Sep/2010:05:35:52 -0400] "OPTIONS * HTTP/1.0" 200 - "-" "Apache/2.2.11 (FreeBSD) mod_ssl/2.2.11 OpenSSL/0.9.8e DAV/2 PHP/5.2.8 with Suhosin-Patch mod_auth_pgsql/2.0.3 (internal dummy connection)"
216.239.90.241 - - [06/Sep/2010:05:35:53 -0400] "OPTIONS * HTTP/1.0" 200 - "-" "Apache/2.2.11 (FreeBSD) mod_ssl/2.2.11 OpenSSL/0.9.8e DAV/2 PHP/5.2.8 with Suhosin-Patch mod_auth_pgsql/2.0.3 (internal dummy connection)"
216.239.90.241 - - [06/Sep/2010:05:35:54 -0400] "OPTIONS * HTTP/1.0" 200 - "-" "Apache/2.2.11 (FreeBSD) mod_ssl/2.2.11 OpenSSL/0.9.8e DAV/2 PHP/5.2.8 with Suhosin-Patch mod_auth_pgsql/2.0.3 (internal dummy connection)"
216.239.90.241 - - [06/Sep/2010:05:35:55 -0400] "OPTIONS * HTTP/1.0" 200 - "-" "Apache/2.2.11 (FreeBSD) mod_ssl/2.2.11 OpenSSL/0.9.8e DAV/2 PHP/5.2.8 with Suhosin-Patch mod_auth_pgsql/2.0.3 (internal dummy connection)"
216.239.90.241 - - [06/Sep/2010:05:35:56 -0400] "OPTIONS * HTTP/1.0" 200 - "-" "Apache/2.2.11 (FreeBSD) mod_ssl/2.2.11 OpenSSL/0.9.8e DAV/2 PHP/5.2.8 with Suhosin-Patch mod_auth_pgsql/2.0.3 (internal dummy connection)"
216.239.90.241 - - [06/Sep/2010:05:35:58 -0400] "OPTIONS * HTTP/1.0" 200 - "-" "Apache/2.2.11 (FreeBSD) mod_ssl/2.2.11 OpenSSL/0.9.8e DAV/2 PHP/5.2.8 with Suhosin-Patch mod_auth_pgsql/2.0.3 (internal dummy connection)"
216.239.90.241 - - [06/Sep/2010:05:35:59 -0400] "OPTIONS * HTTP/1.0" 200 - "-" "Apache/2.2.11 (FreeBSD) mod_ssl/2.2.11 OpenSSL/0.9.8e DAV/2 PHP/5.2.8 with Suhosin-Patch mod_auth_pgsql/2.0.3 (internal dummy connection)"
216.239.90.241 - - [06/Sep/2010:05:36:00 -0400] "OPTIONS * HTTP/1.0" 200 - "-" "Apache/2.2.11 (FreeBSD) mod_ssl/2.2.11 OpenSSL/0.9.8e DAV/2 PHP/5.2.8 with Suhosin-Patch mod_auth_pgsql/2.0.3 (internal dummy connection)"
216.239.90.241 - - [06/Sep/2010:05:36:01 -0400] "OPTIONS * HTTP/1.0" 200 - "-" "Apache/2.2.11 (FreeBSD) mod_ssl/2.2.11 OpenSSL/0.9.8e DAV/2 PHP/5.2.8 with Suhosin-Patch mod_auth_pgsql/2.0.3 (internal dummy connection)"
216.239.90.241 - - [06/Sep/2010:05:36:02 -0400] "OPTIONS * HTTP/1.0" 200 - "-" "Apache/2.2.11 (FreeBSD) mod_ssl/2.2.11 OpenSSL/0.9.8e DAV/2 PHP/5.2.8 with Suhosin-Patch mod_auth_pgsql/2.0.3 (internal dummy connection)"
216.239.90.241 - - [06/Sep/2010:05:36:03 -0400] "OPTIONS * HTTP/1.0" 200 - "-" "Apache/2.2.11 (FreeBSD) mod_ssl/2.2.11 OpenSSL/0.9.8e DAV/2 PHP/5.2.8 with Suhosin-Patch mod_auth_pgsql/2.0.3 (internal dummy connection)"
216.239.90.241 - - [06/Sep/2010:05:36:04 -0400] "OPTIONS * HTTP/1.0" 200 - "-" "Apache/2.2.11 (FreeBSD) mod_ssl/2.2.11 OpenSSL/0.9.8e DAV/2 PHP/5.2.8 with Suhosin-Patch mod_auth_pgsql/2.0.3 (internal dummy connection)"
216.239.90.241 - - [06/Sep/2010:05:36:05 -0400] "OPTIONS * HTTP/1.0" 200 - "-" "Apache/2.2.11 (FreeBSD) mod_ssl/2.2.11 OpenSSL/0.9.8e DAV/2 PHP/5.2.8 with Suhosin-Patch mod_auth_pgsql/2.0.3 (internal dummy connection)"
216.239.90.241 - - [06/Sep/2010:05:36:06 -0400] "OPTIONS * HTTP/1.0" 200 - "-" "Apache/2.2.11 (FreeBSD) mod_ssl/2.2.11 OpenSSL/0.9.8e DAV/2 PHP/5.2.8 with Suhosin-Patch mod_auth_pgsql/2.0.3 (internal dummy connection)"
216.239.90.241 - - [06/Sep/2010:05:36:07 -0400] "OPTIONS * HTTP/1.0" 200 - "-" "Apache/2.2.11 (FreeBSD) mod_ssl/2.2.11 OpenSSL/0.9.8e DAV/2 PHP/5.2.8 with Suhosin-Patch mod_auth_pgsql/2.0.3 (internal dummy connection)"
216.239.90.241 - - [06/Sep/2010:05:36:08 -0400] "OPTIONS * HTTP/1.0" 200 - "-" "Apache/2.2.11 (FreeBSD) mod_ssl/2.2.11 OpenSSL/0.9.8e DAV/2 PHP/5.2.8 with Suhosin-Patch mod_auth_pgsql/2.0.3 (internal dummy connection)"
216.239.90.241 - - [06/Sep/2010:05:36:09 -0400] "OPTIONS * HTTP/1.0" 200 - "-" "Apache/2.2.11 (FreeBSD) mod_ssl/2.2.11 OpenSSL/0.9.8e DAV/2 PHP/5.2.8 with Suhosin-Patch mod_auth_pgsql/2.0.3 (internal dummy connection)"
216.239.90.241 - - [06/Sep/2010:05:36:10 -0400] "OPTIONS * HTTP/1.0" 200 - "-" "Apache/2.2.11 (FreeBSD) mod_ssl/2.2.11 OpenSSL/0.9.8e DAV/2 PHP/5.2.8 with Suhosin-Patch mod_auth_pgsql/2.0.3 (internal dummy connection)"
216.239.90.241 - - [06/Sep/2010:05:36:11 -0400] "OPTIONS * HTTP/1.0" 200 - "-" "Apache/2.2.11 (FreeBSD) mod_ssl/2.2.11 OpenSSL/0.9.8e DAV/2 PHP/5.2.8 with Suhosin-Patch mod_auth_pgsql/2.0.3 (internal dummy connection)"
216.239.90.241 - - [06/Sep/2010:05:36:12 -0400] "OPTIONS * HTTP/1.0" 200 - "-" "Apache/2.2.11 (FreeBSD) mod_ssl/2.2.11 OpenSSL/0.9.8e DAV/2 PHP/5.2.8 with Suhosin-Patch mod_auth_pgsql/2.0.3 (internal dummy connection)"
216.239.90.241 - - [06/Sep/2010:05:36:13 -0400] "OPTIONS * HTTP/1.0" 200 - "-" "Apache/2.2.11 (FreeBSD) mod_ssl/2.2.11 OpenSSL/0.9.8e DAV/2 PHP/5.2.8 with Suhosin-Patch mod_auth_pgsql/2.0.3 (internal dummy connection)"
216.239.90.241 - - [06/Sep/2010:05:36:14 -0400] "OPTIONS * HTTP/1.0" 200 - "-" "Apache/2.2.11 (FreeBSD) mod_ssl/2.2.11 OpenSSL/0.9.8e DAV/2 PHP/5.2.8 with Suhosin-Patch mod_auth_pgsql/2.0.3 (internal dummy connection)"
216.239.90.241 - - [06/Sep/2010:05:36:15 -0400] "OPTIONS * HTTP/1.0" 200 - "-" "Apache/2.2.11 (FreeBSD) mod_ssl/2.2.11 OpenSSL/0.9.8e DAV/2 PHP/5.2.8 with Suhosin-Patch mod_auth_pgsql/2.0.3 (internal dummy connection)"
216.239.90.241 - - [06/Sep/2010:05:36:16 -0400] "OPTIONS * HTTP/1.0" 200 - "-" "Apache/2.2.11 (FreeBSD) mod_ssl/2.2.11 OpenSSL/0.9.8e DAV/2 PHP/5.2.8 with Suhosin-Patch mod_auth_pgsql/2.0.3 (internal dummy connection)"
216.239.90.241 - - [06/Sep/2010:05:36:17 -0400] "OPTIONS * HTTP/1.0" 200 - "-" "Apache/2.2.11 (FreeBSD) mod_ssl/2.2.11 OpenSSL/0.9.8e DAV/2 PHP/5.2.8 with Suhosin-Patch mod_auth_pgsql/2.0.3 (internal dummy connection)"
216.239.90.241 - - [06/Sep/2010:05:36:18 -0400] "OPTIONS * HTTP/1.0" 200 - "-" "Apache/2.2.11 (FreeBSD) mod_ssl/2.2.11 OpenSSL/0.9.8e DAV/2 PHP/5.2.8 with Suhosin-Patch mod_auth_pgsql/2.0.3 (internal dummy connection)"
95.108.128.242 - - [06/Sep/2010:05:36:19 -0400] "GET /lib/Zend/Locale/Data/gaa_GH.xml HTTP/1.1" 200 292 "-" "Mozilla/5.0 (compatible; YandexBot/3.0; +http://yandex.com/bots)"
216.239.90.241 - - [06/Sep/2010:05:36:19 -0400] "OPTIONS * HTTP/1.0" 200 - "-" "Apache/2.2.11 (FreeBSD) mod_ssl/2.2.11 OpenSSL/0.9.8e DAV/2 PHP/5.2.8 with Suhosin-Patch mod_auth_pgsql/2.0.3 (internal dummy connection)"
216.239.90.241 - - [06/Sep/2010:05:36:20 -0400] "OPTIONS * HTTP/1.0" 200 - "-" "Apache/2.2.11 (FreeBSD) mod_ssl/2.2.11 OpenSSL/0.9.8e DAV/2 PHP/5.2.8 with Suhosin-Patch mod_auth_pgsql/2.0.3 (internal dummy connection)"
216.239.90.241 - - [06/Sep/2010:05:36:21 -0400] "OPTIONS * HTTP/1.0" 200 - "-" "Apache/2.2.11 (FreeBSD) mod_ssl/2.2.11 OpenSSL/0.9.8e DAV/2 PHP/5.2.8 with Suhosin-Patch mod_auth_pgsql/2.0.3 (internal dummy connection)"
216.239.90.241 - - [06/Sep/2010:05:36:22 -0400] "OPTIONS * HTTP/1.0" 200 - "-" "Apache/2.2.11 (FreeBSD) mod_ssl/2.2.11 OpenSSL/0.9.8e DAV/2 PHP/5.2.8 with Suhosin-Patch mod_auth_pgsql/2.0.3 (internal dummy connection)"
216.239.90.241 - - [06/Sep/2010:05:36:23 -0400] "OPTIONS * HTTP/1.0" 200 - "-" "Apache/2.2.11 (FreeBSD) mod_ssl/2.2.11 OpenSSL/0.9.8e DAV/2 PHP/5.2.8 with Suhosin-Patch mod_auth_pgsql/2.0.3 (internal dummy connection)"
216.239.90.241 - - [06/Sep/2010:05:36:24 -0400] "OPTIONS * HTTP/1.0" 200 - "-" "Apache/2.2.11 (FreeBSD) mod_ssl/2.2.11 OpenSSL/0.9.8e DAV/2 PHP/5.2.8 with Suhosin-Patch mod_auth_pgsql/2.0.3 (internal dummy connection)"
216.239.90.241 - - [06/Sep/2010:05:36:25 -0400] "OPTIONS * HTTP/1.0" 200 - "-" "Apache/2.2.11 (FreeBSD) mod_ssl/2.2.11 OpenSSL/0.9.8e DAV/2 PHP/5.2.8 with Suhosin-Patch mod_auth_pgsql/2.0.3 (internal dummy connection)"
216.239.90.241 - - [06/Sep/2010:05:36:26 -0400] "OPTIONS * HTTP/1.0" 200 - "-" "Apache/2.2.11 (FreeBSD) mod_ssl/2.2.11 OpenSSL/0.9.8e DAV/2 PHP/5.2.8 with Suhosin-Patch mod_auth_pgsql/2.0.3 (internal dummy connection)"
216.239.90.241 - - [06/Sep/2010:05:36:27 -0400] "OPTIONS * HTTP/1.0" 200 - "-" "Apache/2.2.11 (FreeBSD) mod_ssl/2.2.11 OpenSSL/0.9.8e DAV/2 PHP/5.2.8 with Suhosin-Patch mod_auth_pgsql/2.0.3 (internal dummy connection)"
216.239.90.241 - - [06/Sep/2010:05:36:28 -0400] "OPTIONS * HTTP/1.0" 200 - "-" "Apache/2.2.11 (FreeBSD) mod_ssl/2.2.11 OpenSSL/0.9.8e DAV/2 PHP/5.2.8 with Suhosin-Patch mod_auth_pgsql/2.0.3 (internal dummy connection)"
216.239.90.241 - - [06/Sep/2010:05:36:29 -0400] "OPTIONS * HTTP/1.0" 200 - "-" "Apache/2.2.11 (FreeBSD) mod_ssl/2.2.11 OpenSSL/0.9.8e DAV/2 PHP/5.2.8 with Suhosin-Patch mod_auth_pgsql/2.0.3 (internal dummy connection)"
216.239.90.241 - - [06/Sep/2010:05:36:30 -0400] "OPTIONS * HTTP/1.0" 200 - "-" "Apache/2.2.11 (FreeBSD) mod_ssl/2.2.11 OpenSSL/0.9.8e DAV/2 PHP/5.2.8 with Suhosin-Patch mod_auth_pgsql/2.0.3 (internal dummy connection)"
216.239.90.241 - - [06/Sep/2010:05:36:31 -0400] "OPTIONS * HTTP/1.0" 200 - "-" "Apache/2.2.11 (FreeBSD) mod_ssl/2.2.11 OpenSSL/0.9.8e DAV/2 PHP/5.2.8 with Suhosin-Patch mod_auth_pgsql/2.0.3 (internal dummy connection)"
216.239.90.241 - - [06/Sep/2010:05:36:32 -0400] "OPTIONS * HTTP/1.0" 200 - "-" "Apache/2.2.11 (FreeBSD) mod_ssl/2.2.11 OpenSSL/0.9.8e DAV/2 PHP/5.2.8 with Suhosin-Patch mod_auth_pgsql/2.0.3 (internal dummy connection)"
216.239.90.241 - - [06/Sep/2010:05:36:33 -0400] "OPTIONS * HTTP/1.0" 200 - "-" "Apache/2.2.11 (FreeBSD) mod_ssl/2.2.11 OpenSSL/0.9.8e DAV/2 PHP/5.2.8 with Suhosin-Patch mod_auth_pgsql/2.0.3 (internal dummy connection)"
216.239.90.241 - - [06/Sep/2010:05:36:34 -0400] "OPTIONS * HTTP/1.0" 200 - "-" "Apache/2.2.11 (FreeBSD) mod_ssl/2.2.11 OpenSSL/0.9.8e DAV/2 PHP/5.2.8 with Suhosin-Patch mod_auth_pgsql/2.0.3 (internal dummy connection)"
216.239.90.241 - - [06/Sep/2010:05:36:35 -0400] "OPTIONS * HTTP/1.0" 200 - "-" "Apache/2.2.11 (FreeBSD) mod_ssl/2.2.11 OpenSSL/0.9.8e DAV/2 PHP/5.2.8 with Suhosin-Patch mod_auth_pgsql/2.0.3 (internal dummy connection)"
216.239.90.241 - - [06/Sep/2010:05:36:36 -0400] "OPTIONS * HTTP/1.0" 200 - "-" "Apache/2.2.11 (FreeBSD) mod_ssl/2.2.11 OpenSSL/0.9.8e DAV/2 PHP/5.2.8 with Suhosin-Patch mod_auth_pgsql/2.0.3 (internal dummy connection)"
216.239.90.241 - - [06/Sep/2010:05:36:37 -0400] "OPTIONS * HTTP/1.0" 200 - "-" "Apache/2.2.11 (FreeBSD) mod_ssl/2.2.11 OpenSSL/0.9.8e DAV/2 PHP/5.2.8 with Suhosin-Patch mod_auth_pgsql/2.0.3 (internal dummy connection)"
216.239.90.241 - - [06/Sep/2010:05:36:40 -0400] "OPTIONS * HTTP/1.0" 200 - "-" "Apache/2.2.11 (FreeBSD) mod_ssl/2.2.11 OpenSSL/0.9.8e DAV/2 PHP/5.2.8 with Suhosin-Patch mod_auth_pgsql/2.0.3 (internal dummy connection)"
216.239.90.241 - - [06/Sep/2010:05:36:42 -0400] "OPTIONS * HTTP/1.0" 200 - "-" "Apache/2.2.11 (FreeBSD) mod_ssl/2.2.11 OpenSSL/0.9.8e DAV/2 PHP/5.2.8 with Suhosin-Patch mod_auth_pgsql/2.0.3 (internal dummy connection)"
216.239.90.241 - - [06/Sep/2010:05:36:43 -0400] "OPTIONS * HTTP/1.0" 200 - "-" "Apache/2.2.11 (FreeBSD) mod_ssl/2.2.11 OpenSSL/0.9.8e DAV/2 PHP/5.2.8 with Suhosin-Patch mod_auth_pgsql/2.0.3 (internal dummy connection)"
216.239.90.241 - - [06/Sep/2010:05:36:44 -0400] "OPTIONS * HTTP/1.0" 200 - "-" "Apache/2.2.11 (FreeBSD) mod_ssl/2.2.11 OpenSSL/0.9.8e DAV/2 PHP/5.2.8 with Suhosin-Patch mod_auth_pgsql/2.0.3 (internal dummy connection)"
216.239.90.241 - - [06/Sep/2010:05:36:45 -0400] "OPTIONS * HTTP/1.0" 200 - "-" "Apache/2.2.11 (FreeBSD) mod_ssl/2.2.11 OpenSSL/0.9.8e DAV/2 PHP/5.2.8 with Suhosin-Patch mod_auth_pgsql/2.0.3 (internal dummy connection)"
216.239.90.241 - - [06/Sep/2010:05:36:46 -0400] "OPTIONS * HTTP/1.0" 200 - "-" "Apache/2.2.11 (FreeBSD) mod_ssl/2.2.11 OpenSSL/0.9.8e DAV/2 PHP/5.2.8 with Suhosin-Patch mod_auth_pgsql/2.0.3 (internal dummy connection)"
216.239.90.241 - - [06/Sep/2010:05:36:47 -0400] "OPTIONS * HTTP/1.0" 200 - "-" "Apache/2.2.11 (FreeBSD) mod_ssl/2.2.11 OpenSSL/0.9.8e DAV/2 PHP/5.2.8 with Suhosin-Patch mod_auth_pgsql/2.0.3 (internal dummy connection)"
216.239.90.241 - - [06/Sep/2010:05:36:48 -0400] "OPTIONS * HTTP/1.0" 200 - "-" "Apache/2.2.11 (FreeBSD) mod_ssl/2.2.11 OpenSSL/0.9.8e DAV/2 PHP/5.2.8 with Suhosin-Patch mod_auth_pgsql/2.0.3 (internal dummy connection)"
216.239.90.241 - - [06/Sep/2010:05:36:49 -0400] "OPTIONS * HTTP/1.0" 200 - "-" "Apache/2.2.11 (FreeBSD) mod_ssl/2.2.11 OpenSSL/0.9.8e DAV/2 PHP/5.2.8 with Suhosin-Patch mod_auth_pgsql/2.0.3 (internal dummy connection)"
216.239.90.241 - - [06/Sep/2010:05:36:50 -0400] "OPTIONS * HTTP/1.0" 200 - "-" "Apache/2.2.11 (FreeBSD) mod_ssl/2.2.11 OpenSSL/0.9.8e DAV/2 PHP/5.2.8 with Suhosin-Patch mod_auth_pgsql/2.0.3 (internal dummy connection)"
216.239.90.241 - - [06/Sep/2010:05:36:51 -0400] "OPTIONS * HTTP/1.0" 200 - "-" "Apache/2.2.11 (FreeBSD) mod_ssl/2.2.11 OpenSSL/0.9.8e DAV/2 PHP/5.2.8 with Suhosin-Patch mod_auth_pgsql/2.0.3 (internal dummy connection)"
216.239.90.241 - - [06/Sep/2010:05:36:52 -0400] "OPTIONS * HTTP/1.0" 200 - "-" "Apache/2.2.11 (FreeBSD) mod_ssl/2.2.11 OpenSSL/0.9.8e DAV/2 PHP/5.2.8 with Suhosin-Patch mod_auth_pgsql/2.0.3 (internal dummy connection)"
216.239.90.241 - - [06/Sep/2010:05:36:53 -0400] "OPTIONS * HTTP/1.0" 200 - "-" "Apache/2.2.11 (FreeBSD) mod_ssl/2.2.11 OpenSSL/0.9.8e DAV/2 PHP/5.2.8 with Suhosin-Patch mod_auth_pgsql/2.0.3 (internal dummy connection)"
216.239.90.241 - - [06/Sep/2010:05:36:54 -0400] "OPTIONS * HTTP/1.0" 200 - "-" "Apache/2.2.11 (FreeBSD) mod_ssl/2.2.11 OpenSSL/0.9.8e DAV/2 PHP/5.2.8 with Suhosin-Patch mod_auth_pgsql/2.0.3 (internal dummy connection)"
216.239.90.241 - - [06/Sep/2010:05:36:55 -0400] "OPTIONS * HTTP/1.0" 200 - "-" "Apache/2.2.11 (FreeBSD) mod_ssl/2.2.11 OpenSSL/0.9.8e DAV/2 PHP/5.2.8 with Suhosin-Patch mod_auth_pgsql/2.0.3 (internal dummy connection)"
216.239.90.241 - - [06/Sep/2010:05:36:56 -0400] "OPTIONS * HTTP/1.0" 200 - "-" "Apache/2.2.11 (FreeBSD) mod_ssl/2.2.11 OpenSSL/0.9.8e DAV/2 PHP/5.2.8 with Suhosin-Patch mod_auth_pgsql/2.0.3 (internal dummy connection)"
216.239.90.241 - - [06/Sep/2010:05:36:57 -0400] "OPTIONS * HTTP/1.0" 200 - "-" "Apache/2.2.11 (FreeBSD) mod_ssl/2.2.11 OpenSSL/0.9.8e DAV/2 PHP/5.2.8 with Suhosin-Patch mod_auth_pgsql/2.0.3 (internal dummy connection)"
216.239.90.241 - - [06/Sep/2010:05:36:58 -0400] "OPTIONS * HTTP/1.0" 200 - "-" "Apache/2.2.11 (FreeBSD) mod_ssl/2.2.11 OpenSSL/0.9.8e DAV/2 PHP/5.2.8 with Suhosin-Patch mod_auth_pgsql/2.0.3 (internal dummy connection)"
216.239.90.241 - - [06/Sep/2010:05:36:59 -0400] "OPTIONS * HTTP/1.0" 200 - "-" "Apache/2.2.11 (FreeBSD) mod_ssl/2.2.11 OpenSSL/0.9.8e DAV/2 PHP/5.2.8 with Suhosin-Patch mod_auth_pgsql/2.0.3 (internal dummy connection)"
216.239.90.241 - - [06/Sep/2010:05:37:26 -0400] "OPTIONS * HTTP/1.0" 200 - "-" "Apache/2.2.11 (FreeBSD) mod_ssl/2.2.11 OpenSSL/0.9.8e DAV/2 PHP/5.2.8 with Suhosin-Patch mod_auth_pgsql/2.0.3 (internal dummy connection)"
95.108.128.242 - - [06/Sep/2010:05:39:59 -0400] "GET /sys/plugins/layout/MaestroFilter.inc.php HTTP/1.1" 200 - "-" "Mozilla/5.0 (compatible; YandexBot/3.0; +http://yandex.com/bots)"
66.249.65.204 - - [06/Sep/2010:05:42:04 -0400] "GET /lib/Zend/Debug.php HTTP/1.1" 200 - "-" "SAMSUNG-SGH-E250/1.0 Profile/MIDP-2.0 Configuration/CLDC-1.1 UP.Browser/6.2.3.3.c.1.101 (GUI) MMP/2.0 (compatible; Googlebot-Mobile/2.1; +http://www.google.com/bot.html)"
95.108.128.242 - - [06/Sep/2010:05:43:39 -0400] "GET /lib/Maestro/lib/Db_mssql.inc.php HTTP/1.1" 200 - "-" "Mozilla/5.0 (compatible; YandexBot/3.0; +http://yandex.com/bots)"
95.108.128.242 - - [06/Sep/2010:05:47:20 -0400] "GET /lib/Zend/Locale/Data/es_CL.xml HTTP/1.1" 200 6298 "-" "Mozilla/5.0 (compatible; YandexBot/3.0; +http://yandex.com/bots)"
95.108.128.242 - - [06/Sep/2010:05:49:10 -0400] "GET /lib/Maestro_v1/smarty/internals/core.process_compiled_include.php HTTP/1.1" 200 - "-" "Mozilla/5.0 (compatible; YandexBot/3.0; +http://yandex.com/bots)"
