216.239.90.241 - - [07/Sep/2010:06:02:33 -0400] "OPTIONS * HTTP/1.0" 200 - "-" "Apache/2.2.11 (FreeBSD) mod_ssl/2.2.11 OpenSSL/0.9.8e DAV/2 PHP/5.2.8 with Suhosin-Patch mod_auth_pgsql/2.0.3 (internal dummy connection)"
216.239.90.241 - - [07/Sep/2010:06:02:43 -0400] "OPTIONS * HTTP/1.0" 200 - "-" "Apache/2.2.11 (FreeBSD) mod_ssl/2.2.11 OpenSSL/0.9.8e DAV/2 PHP/5.2.8 with Suhosin-Patch mod_auth_pgsql/2.0.3 (internal dummy connection)"
216.239.90.241 - - [07/Sep/2010:06:03:44 -0400] "OPTIONS * HTTP/1.0" 200 - "-" "Apache/2.2.11 (FreeBSD) mod_ssl/2.2.11 OpenSSL/0.9.8e DAV/2 PHP/5.2.8 with Suhosin-Patch mod_auth_pgsql/2.0.3 (internal dummy connection)"
216.239.90.241 - - [07/Sep/2010:06:03:45 -0400] "OPTIONS * HTTP/1.0" 200 - "-" "Apache/2.2.11 (FreeBSD) mod_ssl/2.2.11 OpenSSL/0.9.8e DAV/2 PHP/5.2.8 with Suhosin-Patch mod_auth_pgsql/2.0.3 (internal dummy connection)"
216.239.90.241 - - [07/Sep/2010:06:03:46 -0400] "OPTIONS * HTTP/1.0" 200 - "-" "Apache/2.2.11 (FreeBSD) mod_ssl/2.2.11 OpenSSL/0.9.8e DAV/2 PHP/5.2.8 with Suhosin-Patch mod_auth_pgsql/2.0.3 (internal dummy connection)"
216.239.90.241 - - [07/Sep/2010:06:03:47 -0400] "OPTIONS * HTTP/1.0" 200 - "-" "Apache/2.2.11 (FreeBSD) mod_ssl/2.2.11 OpenSSL/0.9.8e DAV/2 PHP/5.2.8 with Suhosin-Patch mod_auth_pgsql/2.0.3 (internal dummy connection)"
216.239.90.241 - - [07/Sep/2010:06:03:48 -0400] "OPTIONS * HTTP/1.0" 200 - "-" "Apache/2.2.11 (FreeBSD) mod_ssl/2.2.11 OpenSSL/0.9.8e DAV/2 PHP/5.2.8 with Suhosin-Patch mod_auth_pgsql/2.0.3 (internal dummy connection)"
216.239.90.241 - - [07/Sep/2010:06:03:49 -0400] "OPTIONS * HTTP/1.0" 200 - "-" "Apache/2.2.11 (FreeBSD) mod_ssl/2.2.11 OpenSSL/0.9.8e DAV/2 PHP/5.2.8 with Suhosin-Patch mod_auth_pgsql/2.0.3 (internal dummy connection)"
216.239.90.241 - - [07/Sep/2010:06:03:50 -0400] "OPTIONS * HTTP/1.0" 200 - "-" "Apache/2.2.11 (FreeBSD) mod_ssl/2.2.11 OpenSSL/0.9.8e DAV/2 PHP/5.2.8 with Suhosin-Patch mod_auth_pgsql/2.0.3 (internal dummy connection)"
216.239.90.241 - - [07/Sep/2010:06:03:51 -0400] "OPTIONS * HTTP/1.0" 200 - "-" "Apache/2.2.11 (FreeBSD) mod_ssl/2.2.11 OpenSSL/0.9.8e DAV/2 PHP/5.2.8 with Suhosin-Patch mod_auth_pgsql/2.0.3 (internal dummy connection)"
216.239.90.241 - - [07/Sep/2010:06:03:52 -0400] "OPTIONS * HTTP/1.0" 200 - "-" "Apache/2.2.11 (FreeBSD) mod_ssl/2.2.11 OpenSSL/0.9.8e DAV/2 PHP/5.2.8 with Suhosin-Patch mod_auth_pgsql/2.0.3 (internal dummy connection)"
216.239.90.241 - - [07/Sep/2010:06:03:53 -0400] "OPTIONS * HTTP/1.0" 200 - "-" "Apache/2.2.11 (FreeBSD) mod_ssl/2.2.11 OpenSSL/0.9.8e DAV/2 PHP/5.2.8 with Suhosin-Patch mod_auth_pgsql/2.0.3 (internal dummy connection)"
216.239.90.241 - - [07/Sep/2010:06:03:54 -0400] "OPTIONS * HTTP/1.0" 200 - "-" "Apache/2.2.11 (FreeBSD) mod_ssl/2.2.11 OpenSSL/0.9.8e DAV/2 PHP/5.2.8 with Suhosin-Patch mod_auth_pgsql/2.0.3 (internal dummy connection)"
216.239.90.241 - - [07/Sep/2010:06:03:55 -0400] "OPTIONS * HTTP/1.0" 200 - "-" "Apache/2.2.11 (FreeBSD) mod_ssl/2.2.11 OpenSSL/0.9.8e DAV/2 PHP/5.2.8 with Suhosin-Patch mod_auth_pgsql/2.0.3 (internal dummy connection)"
216.239.90.241 - - [07/Sep/2010:06:03:56 -0400] "OPTIONS * HTTP/1.0" 200 - "-" "Apache/2.2.11 (FreeBSD) mod_ssl/2.2.11 OpenSSL/0.9.8e DAV/2 PHP/5.2.8 with Suhosin-Patch mod_auth_pgsql/2.0.3 (internal dummy connection)"
216.239.90.241 - - [07/Sep/2010:06:03:57 -0400] "OPTIONS * HTTP/1.0" 200 - "-" "Apache/2.2.11 (FreeBSD) mod_ssl/2.2.11 OpenSSL/0.9.8e DAV/2 PHP/5.2.8 with Suhosin-Patch mod_auth_pgsql/2.0.3 (internal dummy connection)"
216.239.90.241 - - [07/Sep/2010:06:03:58 -0400] "OPTIONS * HTTP/1.0" 200 - "-" "Apache/2.2.11 (FreeBSD) mod_ssl/2.2.11 OpenSSL/0.9.8e DAV/2 PHP/5.2.8 with Suhosin-Patch mod_auth_pgsql/2.0.3 (internal dummy connection)"
216.239.90.241 - - [07/Sep/2010:06:04:00 -0400] "OPTIONS * HTTP/1.0" 200 - "-" "Apache/2.2.11 (FreeBSD) mod_ssl/2.2.11 OpenSSL/0.9.8e DAV/2 PHP/5.2.8 with Suhosin-Patch mod_auth_pgsql/2.0.3 (internal dummy connection)"
216.239.90.241 - - [07/Sep/2010:06:04:01 -0400] "OPTIONS * HTTP/1.0" 200 - "-" "Apache/2.2.11 (FreeBSD) mod_ssl/2.2.11 OpenSSL/0.9.8e DAV/2 PHP/5.2.8 with Suhosin-Patch mod_auth_pgsql/2.0.3 (internal dummy connection)"
216.239.90.241 - - [07/Sep/2010:06:04:02 -0400] "OPTIONS * HTTP/1.0" 200 - "-" "Apache/2.2.11 (FreeBSD) mod_ssl/2.2.11 OpenSSL/0.9.8e DAV/2 PHP/5.2.8 with Suhosin-Patch mod_auth_pgsql/2.0.3 (internal dummy connection)"
216.239.90.241 - - [07/Sep/2010:06:04:22 -0400] "OPTIONS * HTTP/1.0" 200 - "-" "Apache/2.2.11 (FreeBSD) mod_ssl/2.2.11 OpenSSL/0.9.8e DAV/2 PHP/5.2.8 with Suhosin-Patch mod_auth_pgsql/2.0.3 (internal dummy connection)"
216.239.90.241 - - [07/Sep/2010:06:04:23 -0400] "OPTIONS * HTTP/1.0" 200 - "-" "Apache/2.2.11 (FreeBSD) mod_ssl/2.2.11 OpenSSL/0.9.8e DAV/2 PHP/5.2.8 with Suhosin-Patch mod_auth_pgsql/2.0.3 (internal dummy connection)"
216.239.90.241 - - [07/Sep/2010:06:04:24 -0400] "OPTIONS * HTTP/1.0" 200 - "-" "Apache/2.2.11 (FreeBSD) mod_ssl/2.2.11 OpenSSL/0.9.8e DAV/2 PHP/5.2.8 with Suhosin-Patch mod_auth_pgsql/2.0.3 (internal dummy connection)"
216.239.90.241 - - [07/Sep/2010:06:04:25 -0400] "OPTIONS * HTTP/1.0" 200 - "-" "Apache/2.2.11 (FreeBSD) mod_ssl/2.2.11 OpenSSL/0.9.8e DAV/2 PHP/5.2.8 with Suhosin-Patch mod_auth_pgsql/2.0.3 (internal dummy connection)"
216.239.90.241 - - [07/Sep/2010:06:04:26 -0400] "OPTIONS * HTTP/1.0" 200 - "-" "Apache/2.2.11 (FreeBSD) mod_ssl/2.2.11 OpenSSL/0.9.8e DAV/2 PHP/5.2.8 with Suhosin-Patch mod_auth_pgsql/2.0.3 (internal dummy connection)"
216.239.90.241 - - [07/Sep/2010:06:04:27 -0400] "OPTIONS * HTTP/1.0" 200 - "-" "Apache/2.2.11 (FreeBSD) mod_ssl/2.2.11 OpenSSL/0.9.8e DAV/2 PHP/5.2.8 with Suhosin-Patch mod_auth_pgsql/2.0.3 (internal dummy connection)"
216.239.90.241 - - [07/Sep/2010:06:04:28 -0400] "OPTIONS * HTTP/1.0" 200 - "-" "Apache/2.2.11 (FreeBSD) mod_ssl/2.2.11 OpenSSL/0.9.8e DAV/2 PHP/5.2.8 with Suhosin-Patch mod_auth_pgsql/2.0.3 (internal dummy connection)"
216.239.90.241 - - [07/Sep/2010:06:04:29 -0400] "OPTIONS * HTTP/1.0" 200 - "-" "Apache/2.2.11 (FreeBSD) mod_ssl/2.2.11 OpenSSL/0.9.8e DAV/2 PHP/5.2.8 with Suhosin-Patch mod_auth_pgsql/2.0.3 (internal dummy connection)"
216.239.90.241 - - [07/Sep/2010:06:04:30 -0400] "OPTIONS * HTTP/1.0" 200 - "-" "Apache/2.2.11 (FreeBSD) mod_ssl/2.2.11 OpenSSL/0.9.8e DAV/2 PHP/5.2.8 with Suhosin-Patch mod_auth_pgsql/2.0.3 (internal dummy connection)"
216.239.90.241 - - [07/Sep/2010:06:04:38 -0400] "OPTIONS * HTTP/1.0" 200 - "-" "Apache/2.2.11 (FreeBSD) mod_ssl/2.2.11 OpenSSL/0.9.8e DAV/2 PHP/5.2.8 with Suhosin-Patch mod_auth_pgsql/2.0.3 (internal dummy connection)"
216.239.90.241 - - [07/Sep/2010:06:04:39 -0400] "OPTIONS * HTTP/1.0" 200 - "-" "Apache/2.2.11 (FreeBSD) mod_ssl/2.2.11 OpenSSL/0.9.8e DAV/2 PHP/5.2.8 with Suhosin-Patch mod_auth_pgsql/2.0.3 (internal dummy connection)"
216.239.90.241 - - [07/Sep/2010:06:04:40 -0400] "OPTIONS * HTTP/1.0" 200 - "-" "Apache/2.2.11 (FreeBSD) mod_ssl/2.2.11 OpenSSL/0.9.8e DAV/2 PHP/5.2.8 with Suhosin-Patch mod_auth_pgsql/2.0.3 (internal dummy connection)"
216.239.90.241 - - [07/Sep/2010:06:04:41 -0400] "OPTIONS * HTTP/1.0" 200 - "-" "Apache/2.2.11 (FreeBSD) mod_ssl/2.2.11 OpenSSL/0.9.8e DAV/2 PHP/5.2.8 with Suhosin-Patch mod_auth_pgsql/2.0.3 (internal dummy connection)"
216.239.90.241 - - [07/Sep/2010:06:04:42 -0400] "OPTIONS * HTTP/1.0" 200 - "-" "Apache/2.2.11 (FreeBSD) mod_ssl/2.2.11 OpenSSL/0.9.8e DAV/2 PHP/5.2.8 with Suhosin-Patch mod_auth_pgsql/2.0.3 (internal dummy connection)"
216.239.90.241 - - [07/Sep/2010:06:04:43 -0400] "OPTIONS * HTTP/1.0" 200 - "-" "Apache/2.2.11 (FreeBSD) mod_ssl/2.2.11 OpenSSL/0.9.8e DAV/2 PHP/5.2.8 with Suhosin-Patch mod_auth_pgsql/2.0.3 (internal dummy connection)"
216.239.90.241 - - [07/Sep/2010:06:04:44 -0400] "OPTIONS * HTTP/1.0" 200 - "-" "Apache/2.2.11 (FreeBSD) mod_ssl/2.2.11 OpenSSL/0.9.8e DAV/2 PHP/5.2.8 with Suhosin-Patch mod_auth_pgsql/2.0.3 (internal dummy connection)"
216.239.90.241 - - [07/Sep/2010:06:04:45 -0400] "OPTIONS * HTTP/1.0" 200 - "-" "Apache/2.2.11 (FreeBSD) mod_ssl/2.2.11 OpenSSL/0.9.8e DAV/2 PHP/5.2.8 with Suhosin-Patch mod_auth_pgsql/2.0.3 (internal dummy connection)"
216.239.90.241 - - [07/Sep/2010:06:04:46 -0400] "OPTIONS * HTTP/1.0" 200 - "-" "Apache/2.2.11 (FreeBSD) mod_ssl/2.2.11 OpenSSL/0.9.8e DAV/2 PHP/5.2.8 with Suhosin-Patch mod_auth_pgsql/2.0.3 (internal dummy connection)"
216.239.90.241 - - [07/Sep/2010:06:04:47 -0400] "OPTIONS * HTTP/1.0" 200 - "-" "Apache/2.2.11 (FreeBSD) mod_ssl/2.2.11 OpenSSL/0.9.8e DAV/2 PHP/5.2.8 with Suhosin-Patch mod_auth_pgsql/2.0.3 (internal dummy connection)"
216.239.90.241 - - [07/Sep/2010:06:04:48 -0400] "OPTIONS * HTTP/1.0" 200 - "-" "Apache/2.2.11 (FreeBSD) mod_ssl/2.2.11 OpenSSL/0.9.8e DAV/2 PHP/5.2.8 with Suhosin-Patch mod_auth_pgsql/2.0.3 (internal dummy connection)"
216.239.90.241 - - [07/Sep/2010:06:04:49 -0400] "OPTIONS * HTTP/1.0" 200 - "-" "Apache/2.2.11 (FreeBSD) mod_ssl/2.2.11 OpenSSL/0.9.8e DAV/2 PHP/5.2.8 with Suhosin-Patch mod_auth_pgsql/2.0.3 (internal dummy connection)"
216.239.90.241 - - [07/Sep/2010:06:04:50 -0400] "OPTIONS * HTTP/1.0" 200 - "-" "Apache/2.2.11 (FreeBSD) mod_ssl/2.2.11 OpenSSL/0.9.8e DAV/2 PHP/5.2.8 with Suhosin-Patch mod_auth_pgsql/2.0.3 (internal dummy connection)"
216.239.90.241 - - [07/Sep/2010:06:04:51 -0400] "OPTIONS * HTTP/1.0" 200 - "-" "Apache/2.2.11 (FreeBSD) mod_ssl/2.2.11 OpenSSL/0.9.8e DAV/2 PHP/5.2.8 with Suhosin-Patch mod_auth_pgsql/2.0.3 (internal dummy connection)"
216.239.90.241 - - [07/Sep/2010:06:04:52 -0400] "OPTIONS * HTTP/1.0" 200 - "-" "Apache/2.2.11 (FreeBSD) mod_ssl/2.2.11 OpenSSL/0.9.8e DAV/2 PHP/5.2.8 with Suhosin-Patch mod_auth_pgsql/2.0.3 (internal dummy connection)"
216.239.90.241 - - [07/Sep/2010:06:04:53 -0400] "OPTIONS * HTTP/1.0" 200 - "-" "Apache/2.2.11 (FreeBSD) mod_ssl/2.2.11 OpenSSL/0.9.8e DAV/2 PHP/5.2.8 with Suhosin-Patch mod_auth_pgsql/2.0.3 (internal dummy connection)"
216.239.90.241 - - [07/Sep/2010:06:04:54 -0400] "OPTIONS * HTTP/1.0" 200 - "-" "Apache/2.2.11 (FreeBSD) mod_ssl/2.2.11 OpenSSL/0.9.8e DAV/2 PHP/5.2.8 with Suhosin-Patch mod_auth_pgsql/2.0.3 (internal dummy connection)"
216.239.90.241 - - [07/Sep/2010:06:04:55 -0400] "OPTIONS * HTTP/1.0" 200 - "-" "Apache/2.2.11 (FreeBSD) mod_ssl/2.2.11 OpenSSL/0.9.8e DAV/2 PHP/5.2.8 with Suhosin-Patch mod_auth_pgsql/2.0.3 (internal dummy connection)"
216.239.90.241 - - [07/Sep/2010:06:04:56 -0400] "OPTIONS * HTTP/1.0" 200 - "-" "Apache/2.2.11 (FreeBSD) mod_ssl/2.2.11 OpenSSL/0.9.8e DAV/2 PHP/5.2.8 with Suhosin-Patch mod_auth_pgsql/2.0.3 (internal dummy connection)"
216.239.90.241 - - [07/Sep/2010:06:04:57 -0400] "OPTIONS * HTTP/1.0" 200 - "-" "Apache/2.2.11 (FreeBSD) mod_ssl/2.2.11 OpenSSL/0.9.8e DAV/2 PHP/5.2.8 with Suhosin-Patch mod_auth_pgsql/2.0.3 (internal dummy connection)"
216.239.90.241 - - [07/Sep/2010:06:04:58 -0400] "OPTIONS * HTTP/1.0" 200 - "-" "Apache/2.2.11 (FreeBSD) mod_ssl/2.2.11 OpenSSL/0.9.8e DAV/2 PHP/5.2.8 with Suhosin-Patch mod_auth_pgsql/2.0.3 (internal dummy connection)"
95.108.128.242 - - [07/Sep/2010:06:04:59 -0400] "GET /lib/Pear/SOAP_php5/example/disco_server.php HTTP/1.1" 200 537 "-" "Mozilla/5.0 (compatible; YandexBot/3.0; +http://yandex.com/bots)"
95.108.128.242 - - [07/Sep/2010:06:04:59 -0400] "GET / HTTP/1.1" 200 4087 "-" "Mozilla/5.0 (compatible; YandexBot/3.0; +http://yandex.com/bots)"
66.249.65.248 - - [07/Sep/2010:06:06:53 -0400] "GET /robots.txt HTTP/1.1" 404 - "-" "Mozilla/5.0 (compatible; Googlebot/2.1; +http://www.google.com/bot.html)"
66.249.65.248 - - [07/Sep/2010:06:06:53 -0400] "GET /lib/Zend/Wildfire/Plugin/ HTTP/1.1" 200 412 "-" "Mozilla/5.0 (compatible; Googlebot/2.1; +http://www.google.com/bot.html)"
95.108.128.242 - - [07/Sep/2010:06:07:16 -0400] "GET /lib/Maestro/Service/function.require-once HTTP/1.1" 404 - "-" "Mozilla/5.0 (compatible; YandexBot/3.0; +http://yandex.com/bots)"
216.239.90.241 - - [07/Sep/2010:06:07:39 -0400] "OPTIONS * HTTP/1.0" 200 - "-" "Apache/2.2.11 (FreeBSD) mod_ssl/2.2.11 OpenSSL/0.9.8e DAV/2 PHP/5.2.8 with Suhosin-Patch mod_auth_pgsql/2.0.3 (internal dummy connection)"
216.239.90.241 - - [07/Sep/2010:06:07:40 -0400] "OPTIONS * HTTP/1.0" 200 - "-" "Apache/2.2.11 (FreeBSD) mod_ssl/2.2.11 OpenSSL/0.9.8e DAV/2 PHP/5.2.8 with Suhosin-Patch mod_auth_pgsql/2.0.3 (internal dummy connection)"
216.239.90.241 - - [07/Sep/2010:06:07:41 -0400] "OPTIONS * HTTP/1.0" 200 - "-" "Apache/2.2.11 (FreeBSD) mod_ssl/2.2.11 OpenSSL/0.9.8e DAV/2 PHP/5.2.8 with Suhosin-Patch mod_auth_pgsql/2.0.3 (internal dummy connection)"
216.239.90.241 - - [07/Sep/2010:06:07:42 -0400] "OPTIONS * HTTP/1.0" 200 - "-" "Apache/2.2.11 (FreeBSD) mod_ssl/2.2.11 OpenSSL/0.9.8e DAV/2 PHP/5.2.8 with Suhosin-Patch mod_auth_pgsql/2.0.3 (internal dummy connection)"
216.239.90.241 - - [07/Sep/2010:06:07:45 -0400] "OPTIONS * HTTP/1.0" 200 - "-" "Apache/2.2.11 (FreeBSD) mod_ssl/2.2.11 OpenSSL/0.9.8e DAV/2 PHP/5.2.8 with Suhosin-Patch mod_auth_pgsql/2.0.3 (internal dummy connection)"
216.239.90.241 - - [07/Sep/2010:06:07:47 -0400] "OPTIONS * HTTP/1.0" 200 - "-" "Apache/2.2.11 (FreeBSD) mod_ssl/2.2.11 OpenSSL/0.9.8e DAV/2 PHP/5.2.8 with Suhosin-Patch mod_auth_pgsql/2.0.3 (internal dummy connection)"
216.239.90.241 - - [07/Sep/2010:06:07:48 -0400] "OPTIONS * HTTP/1.0" 200 - "-" "Apache/2.2.11 (FreeBSD) mod_ssl/2.2.11 OpenSSL/0.9.8e DAV/2 PHP/5.2.8 with Suhosin-Patch mod_auth_pgsql/2.0.3 (internal dummy connection)"
216.239.90.241 - - [07/Sep/2010:06:07:51 -0400] "OPTIONS * HTTP/1.0" 200 - "-" "Apache/2.2.11 (FreeBSD) mod_ssl/2.2.11 OpenSSL/0.9.8e DAV/2 PHP/5.2.8 with Suhosin-Patch mod_auth_pgsql/2.0.3 (internal dummy connection)"
216.239.90.241 - - [07/Sep/2010:06:07:56 -0400] "OPTIONS * HTTP/1.0" 200 - "-" "Apache/2.2.11 (FreeBSD) mod_ssl/2.2.11 OpenSSL/0.9.8e DAV/2 PHP/5.2.8 with Suhosin-Patch mod_auth_pgsql/2.0.3 (internal dummy connection)"
216.239.90.241 - - [07/Sep/2010:06:08:00 -0400] "OPTIONS * HTTP/1.0" 200 - "-" "Apache/2.2.11 (FreeBSD) mod_ssl/2.2.11 OpenSSL/0.9.8e DAV/2 PHP/5.2.8 with Suhosin-Patch mod_auth_pgsql/2.0.3 (internal dummy connection)"
216.239.90.241 - - [07/Sep/2010:06:08:40 -0400] "OPTIONS * HTTP/1.0" 200 - "-" "Apache/2.2.11 (FreeBSD) mod_ssl/2.2.11 OpenSSL/0.9.8e DAV/2 PHP/5.2.8 with Suhosin-Patch mod_auth_pgsql/2.0.3 (internal dummy connection)"
216.239.90.241 - - [07/Sep/2010:06:08:41 -0400] "OPTIONS * HTTP/1.0" 200 - "-" "Apache/2.2.11 (FreeBSD) mod_ssl/2.2.11 OpenSSL/0.9.8e DAV/2 PHP/5.2.8 with Suhosin-Patch mod_auth_pgsql/2.0.3 (internal dummy connection)"
216.239.90.241 - - [07/Sep/2010:06:08:43 -0400] "OPTIONS * HTTP/1.0" 200 - "-" "Apache/2.2.11 (FreeBSD) mod_ssl/2.2.11 OpenSSL/0.9.8e DAV/2 PHP/5.2.8 with Suhosin-Patch mod_auth_pgsql/2.0.3 (internal dummy connection)"
216.239.90.241 - - [07/Sep/2010:06:08:44 -0400] "OPTIONS * HTTP/1.0" 200 - "-" "Apache/2.2.11 (FreeBSD) mod_ssl/2.2.11 OpenSSL/0.9.8e DAV/2 PHP/5.2.8 with Suhosin-Patch mod_auth_pgsql/2.0.3 (internal dummy connection)"
216.239.90.241 - - [07/Sep/2010:06:08:45 -0400] "OPTIONS * HTTP/1.0" 200 - "-" "Apache/2.2.11 (FreeBSD) mod_ssl/2.2.11 OpenSSL/0.9.8e DAV/2 PHP/5.2.8 with Suhosin-Patch mod_auth_pgsql/2.0.3 (internal dummy connection)"
95.108.128.242 - - [07/Sep/2010:06:08:50 -0400] "GET /lib/Pear/XML/RPC/function.require-once HTTP/1.1" 404 - "-" "Mozilla/5.0 (compatible; YandexBot/3.0; +http://yandex.com/bots)"
216.239.90.241 - - [07/Sep/2010:06:08:52 -0400] "OPTIONS * HTTP/1.0" 200 - "-" "Apache/2.2.11 (FreeBSD) mod_ssl/2.2.11 OpenSSL/0.9.8e DAV/2 PHP/5.2.8 with Suhosin-Patch mod_auth_pgsql/2.0.3 (internal dummy connection)"
95.108.128.242 - - [07/Sep/2010:06:08:52 -0400] "GET /lib/Zend/Locale/Data/ss_ZA.xml HTTP/1.1" 200 291 "-" "Mozilla/5.0 (compatible; YandexBot/3.0; +http://yandex.com/bots)"
216.239.90.241 - - [07/Sep/2010:06:08:53 -0400] "OPTIONS * HTTP/1.0" 200 - "-" "Apache/2.2.11 (FreeBSD) mod_ssl/2.2.11 OpenSSL/0.9.8e DAV/2 PHP/5.2.8 with Suhosin-Patch mod_auth_pgsql/2.0.3 (internal dummy connection)"
216.239.90.241 - - [07/Sep/2010:06:08:54 -0400] "OPTIONS * HTTP/1.0" 200 - "-" "Apache/2.2.11 (FreeBSD) mod_ssl/2.2.11 OpenSSL/0.9.8e DAV/2 PHP/5.2.8 with Suhosin-Patch mod_auth_pgsql/2.0.3 (internal dummy connection)"
95.108.128.242 - - [07/Sep/2010:06:08:55 -0400] "GET /lib/Zend/Service/ReCaptcha/Response.php HTTP/1.1" 200 - "-" "Mozilla/5.0 (compatible; YandexBot/3.0; +http://yandex.com/bots)"
216.239.90.241 - - [07/Sep/2010:06:08:55 -0400] "OPTIONS * HTTP/1.0" 200 - "-" "Apache/2.2.11 (FreeBSD) mod_ssl/2.2.11 OpenSSL/0.9.8e DAV/2 PHP/5.2.8 with Suhosin-Patch mod_auth_pgsql/2.0.3 (internal dummy connection)"
216.239.90.241 - - [07/Sep/2010:06:08:56 -0400] "OPTIONS * HTTP/1.0" 200 - "-" "Apache/2.2.11 (FreeBSD) mod_ssl/2.2.11 OpenSSL/0.9.8e DAV/2 PHP/5.2.8 with Suhosin-Patch mod_auth_pgsql/2.0.3 (internal dummy connection)"
95.108.128.242 - - [07/Sep/2010:06:08:57 -0400] "GET /html/fr/contact/index.php HTTP/1.1" 404 - "-" "Mozilla/5.0 (compatible; YandexBot/3.0; +http://yandex.com/bots)"
216.239.90.241 - - [07/Sep/2010:06:08:57 -0400] "OPTIONS * HTTP/1.0" 200 - "-" "Apache/2.2.11 (FreeBSD) mod_ssl/2.2.11 OpenSSL/0.9.8e DAV/2 PHP/5.2.8 with Suhosin-Patch mod_auth_pgsql/2.0.3 (internal dummy connection)"
216.239.90.241 - - [07/Sep/2010:06:08:58 -0400] "OPTIONS * HTTP/1.0" 200 - "-" "Apache/2.2.11 (FreeBSD) mod_ssl/2.2.11 OpenSSL/0.9.8e DAV/2 PHP/5.2.8 with Suhosin-Patch mod_auth_pgsql/2.0.3 (internal dummy connection)"
216.239.90.241 - - [07/Sep/2010:06:08:59 -0400] "OPTIONS * HTTP/1.0" 200 - "-" "Apache/2.2.11 (FreeBSD) mod_ssl/2.2.11 OpenSSL/0.9.8e DAV/2 PHP/5.2.8 with Suhosin-Patch mod_auth_pgsql/2.0.3 (internal dummy connection)"
216.239.90.241 - - [07/Sep/2010:06:09:00 -0400] "OPTIONS * HTTP/1.0" 200 - "-" "Apache/2.2.11 (FreeBSD) mod_ssl/2.2.11 OpenSSL/0.9.8e DAV/2 PHP/5.2.8 with Suhosin-Patch mod_auth_pgsql/2.0.3 (internal dummy connection)"
216.239.90.241 - - [07/Sep/2010:06:09:11 -0400] "OPTIONS * HTTP/1.0" 200 - "-" "Apache/2.2.11 (FreeBSD) mod_ssl/2.2.11 OpenSSL/0.9.8e DAV/2 PHP/5.2.8 with Suhosin-Patch mod_auth_pgsql/2.0.3 (internal dummy connection)"
216.239.90.241 - - [07/Sep/2010:06:09:13 -0400] "OPTIONS * HTTP/1.0" 200 - "-" "Apache/2.2.11 (FreeBSD) mod_ssl/2.2.11 OpenSSL/0.9.8e DAV/2 PHP/5.2.8 with Suhosin-Patch mod_auth_pgsql/2.0.3 (internal dummy connection)"
216.239.90.241 - - [07/Sep/2010:06:09:24 -0400] "OPTIONS * HTTP/1.0" 200 - "-" "Apache/2.2.11 (FreeBSD) mod_ssl/2.2.11 OpenSSL/0.9.8e DAV/2 PHP/5.2.8 with Suhosin-Patch mod_auth_pgsql/2.0.3 (internal dummy connection)"
216.239.90.241 - - [07/Sep/2010:06:09:26 -0400] "OPTIONS * HTTP/1.0" 200 - "-" "Apache/2.2.11 (FreeBSD) mod_ssl/2.2.11 OpenSSL/0.9.8e DAV/2 PHP/5.2.8 with Suhosin-Patch mod_auth_pgsql/2.0.3 (internal dummy connection)"
216.239.90.241 - - [07/Sep/2010:06:10:05 -0400] "OPTIONS * HTTP/1.0" 200 - "-" "Apache/2.2.11 (FreeBSD) mod_ssl/2.2.11 OpenSSL/0.9.8e DAV/2 PHP/5.2.8 with Suhosin-Patch mod_auth_pgsql/2.0.3 (internal dummy connection)"
216.239.90.241 - - [07/Sep/2010:06:10:24 -0400] "OPTIONS * HTTP/1.0" 200 - "-" "Apache/2.2.11 (FreeBSD) mod_ssl/2.2.11 OpenSSL/0.9.8e DAV/2 PHP/5.2.8 with Suhosin-Patch mod_auth_pgsql/2.0.3 (internal dummy connection)"
216.239.90.241 - - [07/Sep/2010:06:10:25 -0400] "OPTIONS * HTTP/1.0" 200 - "-" "Apache/2.2.11 (FreeBSD) mod_ssl/2.2.11 OpenSSL/0.9.8e DAV/2 PHP/5.2.8 with Suhosin-Patch mod_auth_pgsql/2.0.3 (internal dummy connection)"
216.239.90.241 - - [07/Sep/2010:06:10:26 -0400] "OPTIONS * HTTP/1.0" 200 - "-" "Apache/2.2.11 (FreeBSD) mod_ssl/2.2.11 OpenSSL/0.9.8e DAV/2 PHP/5.2.8 with Suhosin-Patch mod_auth_pgsql/2.0.3 (internal dummy connection)"
216.239.90.241 - - [07/Sep/2010:06:10:27 -0400] "OPTIONS * HTTP/1.0" 200 - "-" "Apache/2.2.11 (FreeBSD) mod_ssl/2.2.11 OpenSSL/0.9.8e DAV/2 PHP/5.2.8 with Suhosin-Patch mod_auth_pgsql/2.0.3 (internal dummy connection)"
216.239.90.241 - - [07/Sep/2010:06:10:28 -0400] "OPTIONS * HTTP/1.0" 200 - "-" "Apache/2.2.11 (FreeBSD) mod_ssl/2.2.11 OpenSSL/0.9.8e DAV/2 PHP/5.2.8 with Suhosin-Patch mod_auth_pgsql/2.0.3 (internal dummy connection)"
216.239.90.241 - - [07/Sep/2010:06:10:29 -0400] "OPTIONS * HTTP/1.0" 200 - "-" "Apache/2.2.11 (FreeBSD) mod_ssl/2.2.11 OpenSSL/0.9.8e DAV/2 PHP/5.2.8 with Suhosin-Patch mod_auth_pgsql/2.0.3 (internal dummy connection)"
216.239.90.241 - - [07/Sep/2010:06:10:30 -0400] "OPTIONS * HTTP/1.0" 200 - "-" "Apache/2.2.11 (FreeBSD) mod_ssl/2.2.11 OpenSSL/0.9.8e DAV/2 PHP/5.2.8 with Suhosin-Patch mod_auth_pgsql/2.0.3 (internal dummy connection)"
216.239.90.241 - - [07/Sep/2010:06:10:31 -0400] "OPTIONS * HTTP/1.0" 200 - "-" "Apache/2.2.11 (FreeBSD) mod_ssl/2.2.11 OpenSSL/0.9.8e DAV/2 PHP/5.2.8 with Suhosin-Patch mod_auth_pgsql/2.0.3 (internal dummy connection)"
216.239.90.241 - - [07/Sep/2010:06:10:32 -0400] "OPTIONS * HTTP/1.0" 200 - "-" "Apache/2.2.11 (FreeBSD) mod_ssl/2.2.11 OpenSSL/0.9.8e DAV/2 PHP/5.2.8 with Suhosin-Patch mod_auth_pgsql/2.0.3 (internal dummy connection)"
216.239.90.241 - - [07/Sep/2010:06:10:33 -0400] "OPTIONS * HTTP/1.0" 200 - "-" "Apache/2.2.11 (FreeBSD) mod_ssl/2.2.11 OpenSSL/0.9.8e DAV/2 PHP/5.2.8 with Suhosin-Patch mod_auth_pgsql/2.0.3 (internal dummy connection)"
216.239.90.241 - - [07/Sep/2010:06:10:34 -0400] "OPTIONS * HTTP/1.0" 200 - "-" "Apache/2.2.11 (FreeBSD) mod_ssl/2.2.11 OpenSSL/0.9.8e DAV/2 PHP/5.2.8 with Suhosin-Patch mod_auth_pgsql/2.0.3 (internal dummy connection)"
216.239.90.241 - - [07/Sep/2010:06:10:35 -0400] "OPTIONS * HTTP/1.0" 200 - "-" "Apache/2.2.11 (FreeBSD) mod_ssl/2.2.11 OpenSSL/0.9.8e DAV/2 PHP/5.2.8 with Suhosin-Patch mod_auth_pgsql/2.0.3 (internal dummy connection)"
216.239.90.241 - - [07/Sep/2010:06:10:36 -0400] "OPTIONS * HTTP/1.0" 200 - "-" "Apache/2.2.11 (FreeBSD) mod_ssl/2.2.11 OpenSSL/0.9.8e DAV/2 PHP/5.2.8 with Suhosin-Patch mod_auth_pgsql/2.0.3 (internal dummy connection)"
216.239.90.241 - - [07/Sep/2010:06:10:37 -0400] "OPTIONS * HTTP/1.0" 200 - "-" "Apache/2.2.11 (FreeBSD) mod_ssl/2.2.11 OpenSSL/0.9.8e DAV/2 PHP/5.2.8 with Suhosin-Patch mod_auth_pgsql/2.0.3 (internal dummy connection)"
216.239.90.241 - - [07/Sep/2010:06:10:38 -0400] "OPTIONS * HTTP/1.0" 200 - "-" "Apache/2.2.11 (FreeBSD) mod_ssl/2.2.11 OpenSSL/0.9.8e DAV/2 PHP/5.2.8 with Suhosin-Patch mod_auth_pgsql/2.0.3 (internal dummy connection)"
216.239.90.241 - - [07/Sep/2010:06:10:39 -0400] "OPTIONS * HTTP/1.0" 200 - "-" "Apache/2.2.11 (FreeBSD) mod_ssl/2.2.11 OpenSSL/0.9.8e DAV/2 PHP/5.2.8 with Suhosin-Patch mod_auth_pgsql/2.0.3 (internal dummy connection)"
95.108.128.242 - - [07/Sep/2010:06:11:14 -0400] "GET /sys/external/Smarty-2.6.0/plugins/modifier.join.php HTTP/1.1" 200 - "-" "Mozilla/5.0 (compatible; YandexBot/3.0; +http://yandex.com/bots)"
66.249.65.246 - - [07/Sep/2010:06:11:50 -0400] "GET /sys/PEAR/DB.php HTTP/1.1" 200 - "-" "SAMSUNG-SGH-E250/1.0 Profile/MIDP-2.0 Configuration/CLDC-1.1 UP.Browser/6.2.3.3.c.1.101 (GUI) MMP/2.0 (compatible; Googlebot-Mobile/2.1; +http://www.google.com/bot.html)"
95.108.128.242 - - [07/Sep/2010:06:13:30 -0400] "GET /lib/Zend/Service/Yahoo/WebResult.php HTTP/1.1" 200 551 "-" "Mozilla/5.0 (compatible; YandexBot/3.0; +http://yandex.com/bots)"
78.46.18.66 - - [07/Sep/2010:05:59:20 -0400] "GET /dead.letter HTTP/1.1" 200 94165144 "-" "Mozilla/4.0 (compatible; MSIE 7.0; Windows NT 6.0; Mozilla/4.0 (compatible; MSIE 6.0; Windows NT 5.1; SV1) ; SLCC1; .NET CLR 2.0.50727; InfoPath.1; .NET CLR 3.0.30618; .NET CLR 3.5.30729)"
216.239.90.241 - - [07/Sep/2010:06:17:51 -0400] "OPTIONS * HTTP/1.0" 200 - "-" "Apache/2.2.11 (FreeBSD) mod_ssl/2.2.11 OpenSSL/0.9.8e DAV/2 PHP/5.2.8 with Suhosin-Patch mod_auth_pgsql/2.0.3 (internal dummy connection)"
216.239.90.241 - - [07/Sep/2010:06:17:52 -0400] "OPTIONS * HTTP/1.0" 200 - "-" "Apache/2.2.11 (FreeBSD) mod_ssl/2.2.11 OpenSSL/0.9.8e DAV/2 PHP/5.2.8 with Suhosin-Patch mod_auth_pgsql/2.0.3 (internal dummy connection)"
216.239.90.241 - - [07/Sep/2010:06:17:53 -0400] "OPTIONS * HTTP/1.0" 200 - "-" "Apache/2.2.11 (FreeBSD) mod_ssl/2.2.11 OpenSSL/0.9.8e DAV/2 PHP/5.2.8 with Suhosin-Patch mod_auth_pgsql/2.0.3 (internal dummy connection)"
216.239.90.241 - - [07/Sep/2010:06:17:54 -0400] "OPTIONS * HTTP/1.0" 200 - "-" "Apache/2.2.11 (FreeBSD) mod_ssl/2.2.11 OpenSSL/0.9.8e DAV/2 PHP/5.2.8 with Suhosin-Patch mod_auth_pgsql/2.0.3 (internal dummy connection)"
216.239.90.241 - - [07/Sep/2010:06:17:55 -0400] "OPTIONS * HTTP/1.0" 200 - "-" "Apache/2.2.11 (FreeBSD) mod_ssl/2.2.11 OpenSSL/0.9.8e DAV/2 PHP/5.2.8 with Suhosin-Patch mod_auth_pgsql/2.0.3 (internal dummy connection)"
216.239.90.241 - - [07/Sep/2010:06:17:56 -0400] "OPTIONS * HTTP/1.0" 200 - "-" "Apache/2.2.11 (FreeBSD) mod_ssl/2.2.11 OpenSSL/0.9.8e DAV/2 PHP/5.2.8 with Suhosin-Patch mod_auth_pgsql/2.0.3 (internal dummy connection)"
216.239.90.241 - - [07/Sep/2010:06:17:57 -0400] "OPTIONS * HTTP/1.0" 200 - "-" "Apache/2.2.11 (FreeBSD) mod_ssl/2.2.11 OpenSSL/0.9.8e DAV/2 PHP/5.2.8 with Suhosin-Patch mod_auth_pgsql/2.0.3 (internal dummy connection)"
216.239.90.241 - - [07/Sep/2010:06:17:58 -0400] "OPTIONS * HTTP/1.0" 200 - "-" "Apache/2.2.11 (FreeBSD) mod_ssl/2.2.11 OpenSSL/0.9.8e DAV/2 PHP/5.2.8 with Suhosin-Patch mod_auth_pgsql/2.0.3 (internal dummy connection)"
95.108.128.242 - - [07/Sep/2010:06:18:02 -0400] "GET /sys/external/Smarty-2.6.1/plugins/modifier.string_format.php HTTP/1.1" 200 - "-" "Mozilla/5.0 (compatible; YandexBot/3.0; +http://yandex.com/bots)"
216.239.90.241 - - [07/Sep/2010:06:18:06 -0400] "OPTIONS * HTTP/1.0" 200 - "-" "Apache/2.2.11 (FreeBSD) mod_ssl/2.2.11 OpenSSL/0.9.8e DAV/2 PHP/5.2.8 with Suhosin-Patch mod_auth_pgsql/2.0.3 (internal dummy connection)"
216.239.90.241 - - [07/Sep/2010:06:18:07 -0400] "OPTIONS * HTTP/1.0" 200 - "-" "Apache/2.2.11 (FreeBSD) mod_ssl/2.2.11 OpenSSL/0.9.8e DAV/2 PHP/5.2.8 with Suhosin-Patch mod_auth_pgsql/2.0.3 (internal dummy connection)"
216.239.90.241 - - [07/Sep/2010:06:18:08 -0400] "OPTIONS * HTTP/1.0" 200 - "-" "Apache/2.2.11 (FreeBSD) mod_ssl/2.2.11 OpenSSL/0.9.8e DAV/2 PHP/5.2.8 with Suhosin-Patch mod_auth_pgsql/2.0.3 (internal dummy connection)"
216.239.90.241 - - [07/Sep/2010:06:18:09 -0400] "OPTIONS * HTTP/1.0" 200 - "-" "Apache/2.2.11 (FreeBSD) mod_ssl/2.2.11 OpenSSL/0.9.8e DAV/2 PHP/5.2.8 with Suhosin-Patch mod_auth_pgsql/2.0.3 (internal dummy connection)"
216.239.90.241 - - [07/Sep/2010:06:18:10 -0400] "OPTIONS * HTTP/1.0" 200 - "-" "Apache/2.2.11 (FreeBSD) mod_ssl/2.2.11 OpenSSL/0.9.8e DAV/2 PHP/5.2.8 with Suhosin-Patch mod_auth_pgsql/2.0.3 (internal dummy connection)"
216.239.90.241 - - [07/Sep/2010:06:18:11 -0400] "OPTIONS * HTTP/1.0" 200 - "-" "Apache/2.2.11 (FreeBSD) mod_ssl/2.2.11 OpenSSL/0.9.8e DAV/2 PHP/5.2.8 with Suhosin-Patch mod_auth_pgsql/2.0.3 (internal dummy connection)"
216.239.90.241 - - [07/Sep/2010:06:18:12 -0400] "OPTIONS * HTTP/1.0" 200 - "-" "Apache/2.2.11 (FreeBSD) mod_ssl/2.2.11 OpenSSL/0.9.8e DAV/2 PHP/5.2.8 with Suhosin-Patch mod_auth_pgsql/2.0.3 (internal dummy connection)"
216.239.90.241 - - [07/Sep/2010:06:18:13 -0400] "OPTIONS * HTTP/1.0" 200 - "-" "Apache/2.2.11 (FreeBSD) mod_ssl/2.2.11 OpenSSL/0.9.8e DAV/2 PHP/5.2.8 with Suhosin-Patch mod_auth_pgsql/2.0.3 (internal dummy connection)"
216.239.90.241 - - [07/Sep/2010:06:18:32 -0400] "OPTIONS * HTTP/1.0" 200 - "-" "Apache/2.2.11 (FreeBSD) mod_ssl/2.2.11 OpenSSL/0.9.8e DAV/2 PHP/5.2.8 with Suhosin-Patch mod_auth_pgsql/2.0.3 (internal dummy connection)"
216.239.90.241 - - [07/Sep/2010:06:18:33 -0400] "OPTIONS * HTTP/1.0" 200 - "-" "Apache/2.2.11 (FreeBSD) mod_ssl/2.2.11 OpenSSL/0.9.8e DAV/2 PHP/5.2.8 with Suhosin-Patch mod_auth_pgsql/2.0.3 (internal dummy connection)"
216.239.90.241 - - [07/Sep/2010:06:18:34 -0400] "OPTIONS * HTTP/1.0" 200 - "-" "Apache/2.2.11 (FreeBSD) mod_ssl/2.2.11 OpenSSL/0.9.8e DAV/2 PHP/5.2.8 with Suhosin-Patch mod_auth_pgsql/2.0.3 (internal dummy connection)"
216.239.90.241 - - [07/Sep/2010:06:20:40 -0400] "OPTIONS * HTTP/1.0" 200 - "-" "Apache/2.2.11 (FreeBSD) mod_ssl/2.2.11 OpenSSL/0.9.8e DAV/2 PHP/5.2.8 with Suhosin-Patch mod_auth_pgsql/2.0.3 (internal dummy connection)"
216.239.90.241 - - [07/Sep/2010:06:21:13 -0400] "OPTIONS * HTTP/1.0" 200 - "-" "Apache/2.2.11 (FreeBSD) mod_ssl/2.2.11 OpenSSL/0.9.8e DAV/2 PHP/5.2.8 with Suhosin-Patch mod_auth_pgsql/2.0.3 (internal dummy connection)"
216.239.90.241 - - [07/Sep/2010:06:21:28 -0400] "OPTIONS * HTTP/1.0" 200 - "-" "Apache/2.2.11 (FreeBSD) mod_ssl/2.2.11 OpenSSL/0.9.8e DAV/2 PHP/5.2.8 with Suhosin-Patch mod_auth_pgsql/2.0.3 (internal dummy connection)"
216.239.90.241 - - [07/Sep/2010:06:21:29 -0400] "OPTIONS * HTTP/1.0" 200 - "-" "Apache/2.2.11 (FreeBSD) mod_ssl/2.2.11 OpenSSL/0.9.8e DAV/2 PHP/5.2.8 with Suhosin-Patch mod_auth_pgsql/2.0.3 (internal dummy connection)"
216.239.90.241 - - [07/Sep/2010:06:21:30 -0400] "OPTIONS * HTTP/1.0" 200 - "-" "Apache/2.2.11 (FreeBSD) mod_ssl/2.2.11 OpenSSL/0.9.8e DAV/2 PHP/5.2.8 with Suhosin-Patch mod_auth_pgsql/2.0.3 (internal dummy connection)"
216.239.90.241 - - [07/Sep/2010:06:21:31 -0400] "OPTIONS * HTTP/1.0" 200 - "-" "Apache/2.2.11 (FreeBSD) mod_ssl/2.2.11 OpenSSL/0.9.8e DAV/2 PHP/5.2.8 with Suhosin-Patch mod_auth_pgsql/2.0.3 (internal dummy connection)"
216.239.90.241 - - [07/Sep/2010:06:21:32 -0400] "OPTIONS * HTTP/1.0" 200 - "-" "Apache/2.2.11 (FreeBSD) mod_ssl/2.2.11 OpenSSL/0.9.8e DAV/2 PHP/5.2.8 with Suhosin-Patch mod_auth_pgsql/2.0.3 (internal dummy connection)"
216.239.90.241 - - [07/Sep/2010:06:21:33 -0400] "OPTIONS * HTTP/1.0" 200 - "-" "Apache/2.2.11 (FreeBSD) mod_ssl/2.2.11 OpenSSL/0.9.8e DAV/2 PHP/5.2.8 with Suhosin-Patch mod_auth_pgsql/2.0.3 (internal dummy connection)"
216.239.90.241 - - [07/Sep/2010:06:21:34 -0400] "OPTIONS * HTTP/1.0" 200 - "-" "Apache/2.2.11 (FreeBSD) mod_ssl/2.2.11 OpenSSL/0.9.8e DAV/2 PHP/5.2.8 with Suhosin-Patch mod_auth_pgsql/2.0.3 (internal dummy connection)"
95.108.128.242 - - [07/Sep/2010:06:22:35 -0400] "GET /lib/Zend/Cache/Frontend/Function.php HTTP/1.1" 200 531 "-" "Mozilla/5.0 (compatible; YandexBot/3.0; +http://yandex.com/bots)"
216.239.90.241 - - [07/Sep/2010:06:23:41 -0400] "OPTIONS * HTTP/1.0" 200 - "-" "Apache/2.2.11 (FreeBSD) mod_ssl/2.2.11 OpenSSL/0.9.8e DAV/2 PHP/5.2.8 with Suhosin-Patch mod_auth_pgsql/2.0.3 (internal dummy connection)"
216.239.90.241 - - [07/Sep/2010:06:23:42 -0400] "OPTIONS * HTTP/1.0" 200 - "-" "Apache/2.2.11 (FreeBSD) mod_ssl/2.2.11 OpenSSL/0.9.8e DAV/2 PHP/5.2.8 with Suhosin-Patch mod_auth_pgsql/2.0.3 (internal dummy connection)"
216.239.90.241 - - [07/Sep/2010:06:23:43 -0400] "OPTIONS * HTTP/1.0" 200 - "-" "Apache/2.2.11 (FreeBSD) mod_ssl/2.2.11 OpenSSL/0.9.8e DAV/2 PHP/5.2.8 with Suhosin-Patch mod_auth_pgsql/2.0.3 (internal dummy connection)"
216.239.90.241 - - [07/Sep/2010:06:23:44 -0400] "OPTIONS * HTTP/1.0" 200 - "-" "Apache/2.2.11 (FreeBSD) mod_ssl/2.2.11 OpenSSL/0.9.8e DAV/2 PHP/5.2.8 with Suhosin-Patch mod_auth_pgsql/2.0.3 (internal dummy connection)"
216.239.90.241 - - [07/Sep/2010:06:23:45 -0400] "OPTIONS * HTTP/1.0" 200 - "-" "Apache/2.2.11 (FreeBSD) mod_ssl/2.2.11 OpenSSL/0.9.8e DAV/2 PHP/5.2.8 with Suhosin-Patch mod_auth_pgsql/2.0.3 (internal dummy connection)"
216.239.90.241 - - [07/Sep/2010:06:23:46 -0400] "OPTIONS * HTTP/1.0" 200 - "-" "Apache/2.2.11 (FreeBSD) mod_ssl/2.2.11 OpenSSL/0.9.8e DAV/2 PHP/5.2.8 with Suhosin-Patch mod_auth_pgsql/2.0.3 (internal dummy connection)"
216.239.90.241 - - [07/Sep/2010:06:23:47 -0400] "OPTIONS * HTTP/1.0" 200 - "-" "Apache/2.2.11 (FreeBSD) mod_ssl/2.2.11 OpenSSL/0.9.8e DAV/2 PHP/5.2.8 with Suhosin-Patch mod_auth_pgsql/2.0.3 (internal dummy connection)"
216.239.90.241 - - [07/Sep/2010:06:23:48 -0400] "OPTIONS * HTTP/1.0" 200 - "-" "Apache/2.2.11 (FreeBSD) mod_ssl/2.2.11 OpenSSL/0.9.8e DAV/2 PHP/5.2.8 with Suhosin-Patch mod_auth_pgsql/2.0.3 (internal dummy connection)"
216.239.90.241 - - [07/Sep/2010:06:23:49 -0400] "OPTIONS * HTTP/1.0" 200 - "-" "Apache/2.2.11 (FreeBSD) mod_ssl/2.2.11 OpenSSL/0.9.8e DAV/2 PHP/5.2.8 with Suhosin-Patch mod_auth_pgsql/2.0.3 (internal dummy connection)"
216.239.90.241 - - [07/Sep/2010:06:23:50 -0400] "OPTIONS * HTTP/1.0" 200 - "-" "Apache/2.2.11 (FreeBSD) mod_ssl/2.2.11 OpenSSL/0.9.8e DAV/2 PHP/5.2.8 with Suhosin-Patch mod_auth_pgsql/2.0.3 (internal dummy connection)"
216.239.90.241 - - [07/Sep/2010:06:23:51 -0400] "OPTIONS * HTTP/1.0" 200 - "-" "Apache/2.2.11 (FreeBSD) mod_ssl/2.2.11 OpenSSL/0.9.8e DAV/2 PHP/5.2.8 with Suhosin-Patch mod_auth_pgsql/2.0.3 (internal dummy connection)"
216.239.90.241 - - [07/Sep/2010:06:23:52 -0400] "OPTIONS * HTTP/1.0" 200 - "-" "Apache/2.2.11 (FreeBSD) mod_ssl/2.2.11 OpenSSL/0.9.8e DAV/2 PHP/5.2.8 with Suhosin-Patch mod_auth_pgsql/2.0.3 (internal dummy connection)"
216.239.90.241 - - [07/Sep/2010:06:23:53 -0400] "OPTIONS * HTTP/1.0" 200 - "-" "Apache/2.2.11 (FreeBSD) mod_ssl/2.2.11 OpenSSL/0.9.8e DAV/2 PHP/5.2.8 with Suhosin-Patch mod_auth_pgsql/2.0.3 (internal dummy connection)"
216.239.90.241 - - [07/Sep/2010:06:23:55 -0400] "OPTIONS * HTTP/1.0" 200 - "-" "Apache/2.2.11 (FreeBSD) mod_ssl/2.2.11 OpenSSL/0.9.8e DAV/2 PHP/5.2.8 with Suhosin-Patch mod_auth_pgsql/2.0.3 (internal dummy connection)"
216.239.90.241 - - [07/Sep/2010:06:23:56 -0400] "OPTIONS * HTTP/1.0" 200 - "-" "Apache/2.2.11 (FreeBSD) mod_ssl/2.2.11 OpenSSL/0.9.8e DAV/2 PHP/5.2.8 with Suhosin-Patch mod_auth_pgsql/2.0.3 (internal dummy connection)"
216.239.90.241 - - [07/Sep/2010:06:23:57 -0400] "OPTIONS * HTTP/1.0" 200 - "-" "Apache/2.2.11 (FreeBSD) mod_ssl/2.2.11 OpenSSL/0.9.8e DAV/2 PHP/5.2.8 with Suhosin-Patch mod_auth_pgsql/2.0.3 (internal dummy connection)"
216.239.90.241 - - [07/Sep/2010:06:23:58 -0400] "OPTIONS * HTTP/1.0" 200 - "-" "Apache/2.2.11 (FreeBSD) mod_ssl/2.2.11 OpenSSL/0.9.8e DAV/2 PHP/5.2.8 with Suhosin-Patch mod_auth_pgsql/2.0.3 (internal dummy connection)"
216.239.90.241 - - [07/Sep/2010:06:23:59 -0400] "OPTIONS * HTTP/1.0" 200 - "-" "Apache/2.2.11 (FreeBSD) mod_ssl/2.2.11 OpenSSL/0.9.8e DAV/2 PHP/5.2.8 with Suhosin-Patch mod_auth_pgsql/2.0.3 (internal dummy connection)"
216.239.90.241 - - [07/Sep/2010:06:24:00 -0400] "OPTIONS * HTTP/1.0" 200 - "-" "Apache/2.2.11 (FreeBSD) mod_ssl/2.2.11 OpenSSL/0.9.8e DAV/2 PHP/5.2.8 with Suhosin-Patch mod_auth_pgsql/2.0.3 (internal dummy connection)"
216.239.90.241 - - [07/Sep/2010:06:24:01 -0400] "OPTIONS * HTTP/1.0" 200 - "-" "Apache/2.2.11 (FreeBSD) mod_ssl/2.2.11 OpenSSL/0.9.8e DAV/2 PHP/5.2.8 with Suhosin-Patch mod_auth_pgsql/2.0.3 (internal dummy connection)"
216.239.90.241 - - [07/Sep/2010:06:24:02 -0400] "OPTIONS * HTTP/1.0" 200 - "-" "Apache/2.2.11 (FreeBSD) mod_ssl/2.2.11 OpenSSL/0.9.8e DAV/2 PHP/5.2.8 with Suhosin-Patch mod_auth_pgsql/2.0.3 (internal dummy connection)"
216.239.90.241 - - [07/Sep/2010:06:24:03 -0400] "OPTIONS * HTTP/1.0" 200 - "-" "Apache/2.2.11 (FreeBSD) mod_ssl/2.2.11 OpenSSL/0.9.8e DAV/2 PHP/5.2.8 with Suhosin-Patch mod_auth_pgsql/2.0.3 (internal dummy connection)"
216.239.90.241 - - [07/Sep/2010:06:24:04 -0400] "OPTIONS * HTTP/1.0" 200 - "-" "Apache/2.2.11 (FreeBSD) mod_ssl/2.2.11 OpenSSL/0.9.8e DAV/2 PHP/5.2.8 with Suhosin-Patch mod_auth_pgsql/2.0.3 (internal dummy connection)"
216.239.90.241 - - [07/Sep/2010:06:24:05 -0400] "OPTIONS * HTTP/1.0" 200 - "-" "Apache/2.2.11 (FreeBSD) mod_ssl/2.2.11 OpenSSL/0.9.8e DAV/2 PHP/5.2.8 with Suhosin-Patch mod_auth_pgsql/2.0.3 (internal dummy connection)"
216.239.90.241 - - [07/Sep/2010:06:24:06 -0400] "OPTIONS * HTTP/1.0" 200 - "-" "Apache/2.2.11 (FreeBSD) mod_ssl/2.2.11 OpenSSL/0.9.8e DAV/2 PHP/5.2.8 with Suhosin-Patch mod_auth_pgsql/2.0.3 (internal dummy connection)"
216.239.90.241 - - [07/Sep/2010:06:24:07 -0400] "OPTIONS * HTTP/1.0" 200 - "-" "Apache/2.2.11 (FreeBSD) mod_ssl/2.2.11 OpenSSL/0.9.8e DAV/2 PHP/5.2.8 with Suhosin-Patch mod_auth_pgsql/2.0.3 (internal dummy connection)"
216.239.90.241 - - [07/Sep/2010:06:24:08 -0400] "OPTIONS * HTTP/1.0" 200 - "-" "Apache/2.2.11 (FreeBSD) mod_ssl/2.2.11 OpenSSL/0.9.8e DAV/2 PHP/5.2.8 with Suhosin-Patch mod_auth_pgsql/2.0.3 (internal dummy connection)"
216.239.90.241 - - [07/Sep/2010:06:24:09 -0400] "OPTIONS * HTTP/1.0" 200 - "-" "Apache/2.2.11 (FreeBSD) mod_ssl/2.2.11 OpenSSL/0.9.8e DAV/2 PHP/5.2.8 with Suhosin-Patch mod_auth_pgsql/2.0.3 (internal dummy connection)"
216.239.90.241 - - [07/Sep/2010:06:24:10 -0400] "OPTIONS * HTTP/1.0" 200 - "-" "Apache/2.2.11 (FreeBSD) mod_ssl/2.2.11 OpenSSL/0.9.8e DAV/2 PHP/5.2.8 with Suhosin-Patch mod_auth_pgsql/2.0.3 (internal dummy connection)"
216.239.90.241 - - [07/Sep/2010:06:24:11 -0400] "OPTIONS * HTTP/1.0" 200 - "-" "Apache/2.2.11 (FreeBSD) mod_ssl/2.2.11 OpenSSL/0.9.8e DAV/2 PHP/5.2.8 with Suhosin-Patch mod_auth_pgsql/2.0.3 (internal dummy connection)"
216.239.90.241 - - [07/Sep/2010:06:24:13 -0400] "OPTIONS * HTTP/1.0" 200 - "-" "Apache/2.2.11 (FreeBSD) mod_ssl/2.2.11 OpenSSL/0.9.8e DAV/2 PHP/5.2.8 with Suhosin-Patch mod_auth_pgsql/2.0.3 (internal dummy connection)"
95.108.128.242 - - [07/Sep/2010:06:24:51 -0400] "GET /lib/Zend/Service/Yahoo/NewsResult.php HTTP/1.1" 200 553 "-" "Mozilla/5.0 (compatible; YandexBot/3.0; +http://yandex.com/bots)"
95.108.128.242 - - [07/Sep/2010:06:26:44 -0400] "GET /lib/Zend/Locale/Data/en_BW.xml HTTP/1.1" 200 5295 "-" "Mozilla/5.0 (compatible; YandexBot/3.0; +http://yandex.com/bots)"
216.239.90.241 - - [07/Sep/2010:06:28:46 -0400] "OPTIONS * HTTP/1.0" 200 - "-" "Apache/2.2.11 (FreeBSD) mod_ssl/2.2.11 OpenSSL/0.9.8e DAV/2 PHP/5.2.8 with Suhosin-Patch mod_auth_pgsql/2.0.3 (internal dummy connection)"
216.239.90.241 - - [07/Sep/2010:06:28:47 -0400] "OPTIONS * HTTP/1.0" 200 - "-" "Apache/2.2.11 (FreeBSD) mod_ssl/2.2.11 OpenSSL/0.9.8e DAV/2 PHP/5.2.8 with Suhosin-Patch mod_auth_pgsql/2.0.3 (internal dummy connection)"
216.239.90.241 - - [07/Sep/2010:06:28:48 -0400] "OPTIONS * HTTP/1.0" 200 - "-" "Apache/2.2.11 (FreeBSD) mod_ssl/2.2.11 OpenSSL/0.9.8e DAV/2 PHP/5.2.8 with Suhosin-Patch mod_auth_pgsql/2.0.3 (internal dummy connection)"
216.239.90.241 - - [07/Sep/2010:06:28:49 -0400] "OPTIONS * HTTP/1.0" 200 - "-" "Apache/2.2.11 (FreeBSD) mod_ssl/2.2.11 OpenSSL/0.9.8e DAV/2 PHP/5.2.8 with Suhosin-Patch mod_auth_pgsql/2.0.3 (internal dummy connection)"
216.239.90.241 - - [07/Sep/2010:06:28:50 -0400] "OPTIONS * HTTP/1.0" 200 - "-" "Apache/2.2.11 (FreeBSD) mod_ssl/2.2.11 OpenSSL/0.9.8e DAV/2 PHP/5.2.8 with Suhosin-Patch mod_auth_pgsql/2.0.3 (internal dummy connection)"
216.239.90.241 - - [07/Sep/2010:06:28:51 -0400] "OPTIONS * HTTP/1.0" 200 - "-" "Apache/2.2.11 (FreeBSD) mod_ssl/2.2.11 OpenSSL/0.9.8e DAV/2 PHP/5.2.8 with Suhosin-Patch mod_auth_pgsql/2.0.3 (internal dummy connection)"
216.239.90.241 - - [07/Sep/2010:06:28:52 -0400] "OPTIONS * HTTP/1.0" 200 - "-" "Apache/2.2.11 (FreeBSD) mod_ssl/2.2.11 OpenSSL/0.9.8e DAV/2 PHP/5.2.8 with Suhosin-Patch mod_auth_pgsql/2.0.3 (internal dummy connection)"
216.239.90.241 - - [07/Sep/2010:06:28:53 -0400] "OPTIONS * HTTP/1.0" 200 - "-" "Apache/2.2.11 (FreeBSD) mod_ssl/2.2.11 OpenSSL/0.9.8e DAV/2 PHP/5.2.8 with Suhosin-Patch mod_auth_pgsql/2.0.3 (internal dummy connection)"
216.239.90.241 - - [07/Sep/2010:06:28:54 -0400] "OPTIONS * HTTP/1.0" 200 - "-" "Apache/2.2.11 (FreeBSD) mod_ssl/2.2.11 OpenSSL/0.9.8e DAV/2 PHP/5.2.8 with Suhosin-Patch mod_auth_pgsql/2.0.3 (internal dummy connection)"
216.239.90.241 - - [07/Sep/2010:06:28:55 -0400] "OPTIONS * HTTP/1.0" 200 - "-" "Apache/2.2.11 (FreeBSD) mod_ssl/2.2.11 OpenSSL/0.9.8e DAV/2 PHP/5.2.8 with Suhosin-Patch mod_auth_pgsql/2.0.3 (internal dummy connection)"
216.239.90.241 - - [07/Sep/2010:06:28:56 -0400] "OPTIONS * HTTP/1.0" 200 - "-" "Apache/2.2.11 (FreeBSD) mod_ssl/2.2.11 OpenSSL/0.9.8e DAV/2 PHP/5.2.8 with Suhosin-Patch mod_auth_pgsql/2.0.3 (internal dummy connection)"
216.239.90.241 - - [07/Sep/2010:06:28:59 -0400] "OPTIONS * HTTP/1.0" 200 - "-" "Apache/2.2.11 (FreeBSD) mod_ssl/2.2.11 OpenSSL/0.9.8e DAV/2 PHP/5.2.8 with Suhosin-Patch mod_auth_pgsql/2.0.3 (internal dummy connection)"
216.239.90.241 - - [07/Sep/2010:06:29:00 -0400] "OPTIONS * HTTP/1.0" 200 - "-" "Apache/2.2.11 (FreeBSD) mod_ssl/2.2.11 OpenSSL/0.9.8e DAV/2 PHP/5.2.8 with Suhosin-Patch mod_auth_pgsql/2.0.3 (internal dummy connection)"
216.239.90.241 - - [07/Sep/2010:06:29:02 -0400] "OPTIONS * HTTP/1.0" 200 - "-" "Apache/2.2.11 (FreeBSD) mod_ssl/2.2.11 OpenSSL/0.9.8e DAV/2 PHP/5.2.8 with Suhosin-Patch mod_auth_pgsql/2.0.3 (internal dummy connection)"
95.108.128.242 - - [07/Sep/2010:06:29:03 -0400] "GET /lib/Zend/Feed/Element.php HTTP/1.1" 200 - "-" "Mozilla/5.0 (compatible; YandexBot/3.0; +http://yandex.com/bots)"
216.239.90.241 - - [07/Sep/2010:06:29:03 -0400] "OPTIONS * HTTP/1.0" 200 - "-" "Apache/2.2.11 (FreeBSD) mod_ssl/2.2.11 OpenSSL/0.9.8e DAV/2 PHP/5.2.8 with Suhosin-Patch mod_auth_pgsql/2.0.3 (internal dummy connection)"
216.239.90.241 - - [07/Sep/2010:06:29:04 -0400] "OPTIONS * HTTP/1.0" 200 - "-" "Apache/2.2.11 (FreeBSD) mod_ssl/2.2.11 OpenSSL/0.9.8e DAV/2 PHP/5.2.8 with Suhosin-Patch mod_auth_pgsql/2.0.3 (internal dummy connection)"
216.239.90.241 - - [07/Sep/2010:06:29:05 -0400] "OPTIONS * HTTP/1.0" 200 - "-" "Apache/2.2.11 (FreeBSD) mod_ssl/2.2.11 OpenSSL/0.9.8e DAV/2 PHP/5.2.8 with Suhosin-Patch mod_auth_pgsql/2.0.3 (internal dummy connection)"
216.239.90.241 - - [07/Sep/2010:06:29:06 -0400] "OPTIONS * HTTP/1.0" 200 - "-" "Apache/2.2.11 (FreeBSD) mod_ssl/2.2.11 OpenSSL/0.9.8e DAV/2 PHP/5.2.8 with Suhosin-Patch mod_auth_pgsql/2.0.3 (internal dummy connection)"
216.239.90.241 - - [07/Sep/2010:06:29:07 -0400] "OPTIONS * HTTP/1.0" 200 - "-" "Apache/2.2.11 (FreeBSD) mod_ssl/2.2.11 OpenSSL/0.9.8e DAV/2 PHP/5.2.8 with Suhosin-Patch mod_auth_pgsql/2.0.3 (internal dummy connection)"
216.239.90.241 - - [07/Sep/2010:06:29:08 -0400] "OPTIONS * HTTP/1.0" 200 - "-" "Apache/2.2.11 (FreeBSD) mod_ssl/2.2.11 OpenSSL/0.9.8e DAV/2 PHP/5.2.8 with Suhosin-Patch mod_auth_pgsql/2.0.3 (internal dummy connection)"
216.239.90.241 - - [07/Sep/2010:06:29:09 -0400] "OPTIONS * HTTP/1.0" 200 - "-" "Apache/2.2.11 (FreeBSD) mod_ssl/2.2.11 OpenSSL/0.9.8e DAV/2 PHP/5.2.8 with Suhosin-Patch mod_auth_pgsql/2.0.3 (internal dummy connection)"
216.239.90.241 - - [07/Sep/2010:06:29:23 -0400] "OPTIONS * HTTP/1.0" 200 - "-" "Apache/2.2.11 (FreeBSD) mod_ssl/2.2.11 OpenSSL/0.9.8e DAV/2 PHP/5.2.8 with Suhosin-Patch mod_auth_pgsql/2.0.3 (internal dummy connection)"
216.239.90.241 - - [07/Sep/2010:06:29:24 -0400] "OPTIONS * HTTP/1.0" 200 - "-" "Apache/2.2.11 (FreeBSD) mod_ssl/2.2.11 OpenSSL/0.9.8e DAV/2 PHP/5.2.8 with Suhosin-Patch mod_auth_pgsql/2.0.3 (internal dummy connection)"
216.239.90.241 - - [07/Sep/2010:06:29:25 -0400] "OPTIONS * HTTP/1.0" 200 - "-" "Apache/2.2.11 (FreeBSD) mod_ssl/2.2.11 OpenSSL/0.9.8e DAV/2 PHP/5.2.8 with Suhosin-Patch mod_auth_pgsql/2.0.3 (internal dummy connection)"
216.239.90.241 - - [07/Sep/2010:06:29:26 -0400] "OPTIONS * HTTP/1.0" 200 - "-" "Apache/2.2.11 (FreeBSD) mod_ssl/2.2.11 OpenSSL/0.9.8e DAV/2 PHP/5.2.8 with Suhosin-Patch mod_auth_pgsql/2.0.3 (internal dummy connection)"
216.239.90.241 - - [07/Sep/2010:06:29:27 -0400] "OPTIONS * HTTP/1.0" 200 - "-" "Apache/2.2.11 (FreeBSD) mod_ssl/2.2.11 OpenSSL/0.9.8e DAV/2 PHP/5.2.8 with Suhosin-Patch mod_auth_pgsql/2.0.3 (internal dummy connection)"
216.239.90.241 - - [07/Sep/2010:06:29:28 -0400] "OPTIONS * HTTP/1.0" 200 - "-" "Apache/2.2.11 (FreeBSD) mod_ssl/2.2.11 OpenSSL/0.9.8e DAV/2 PHP/5.2.8 with Suhosin-Patch mod_auth_pgsql/2.0.3 (internal dummy connection)"
216.239.90.241 - - [07/Sep/2010:06:29:29 -0400] "OPTIONS * HTTP/1.0" 200 - "-" "Apache/2.2.11 (FreeBSD) mod_ssl/2.2.11 OpenSSL/0.9.8e DAV/2 PHP/5.2.8 with Suhosin-Patch mod_auth_pgsql/2.0.3 (internal dummy connection)"
216.239.90.241 - - [07/Sep/2010:06:29:30 -0400] "OPTIONS * HTTP/1.0" 200 - "-" "Apache/2.2.11 (FreeBSD) mod_ssl/2.2.11 OpenSSL/0.9.8e DAV/2 PHP/5.2.8 with Suhosin-Patch mod_auth_pgsql/2.0.3 (internal dummy connection)"
216.239.90.241 - - [07/Sep/2010:06:29:31 -0400] "OPTIONS * HTTP/1.0" 200 - "-" "Apache/2.2.11 (FreeBSD) mod_ssl/2.2.11 OpenSSL/0.9.8e DAV/2 PHP/5.2.8 with Suhosin-Patch mod_auth_pgsql/2.0.3 (internal dummy connection)"
216.239.90.241 - - [07/Sep/2010:06:29:32 -0400] "OPTIONS * HTTP/1.0" 200 - "-" "Apache/2.2.11 (FreeBSD) mod_ssl/2.2.11 OpenSSL/0.9.8e DAV/2 PHP/5.2.8 with Suhosin-Patch mod_auth_pgsql/2.0.3 (internal dummy connection)"
216.239.90.241 - - [07/Sep/2010:06:29:33 -0400] "OPTIONS * HTTP/1.0" 200 - "-" "Apache/2.2.11 (FreeBSD) mod_ssl/2.2.11 OpenSSL/0.9.8e DAV/2 PHP/5.2.8 with Suhosin-Patch mod_auth_pgsql/2.0.3 (internal dummy connection)"
216.239.90.241 - - [07/Sep/2010:06:29:34 -0400] "OPTIONS * HTTP/1.0" 200 - "-" "Apache/2.2.11 (FreeBSD) mod_ssl/2.2.11 OpenSSL/0.9.8e DAV/2 PHP/5.2.8 with Suhosin-Patch mod_auth_pgsql/2.0.3 (internal dummy connection)"
216.239.90.241 - - [07/Sep/2010:06:29:35 -0400] "OPTIONS * HTTP/1.0" 200 - "-" "Apache/2.2.11 (FreeBSD) mod_ssl/2.2.11 OpenSSL/0.9.8e DAV/2 PHP/5.2.8 with Suhosin-Patch mod_auth_pgsql/2.0.3 (internal dummy connection)"
216.239.90.241 - - [07/Sep/2010:06:29:36 -0400] "OPTIONS * HTTP/1.0" 200 - "-" "Apache/2.2.11 (FreeBSD) mod_ssl/2.2.11 OpenSSL/0.9.8e DAV/2 PHP/5.2.8 with Suhosin-Patch mod_auth_pgsql/2.0.3 (internal dummy connection)"
216.239.90.241 - - [07/Sep/2010:06:29:37 -0400] "OPTIONS * HTTP/1.0" 200 - "-" "Apache/2.2.11 (FreeBSD) mod_ssl/2.2.11 OpenSSL/0.9.8e DAV/2 PHP/5.2.8 with Suhosin-Patch mod_auth_pgsql/2.0.3 (internal dummy connection)"
216.239.90.241 - - [07/Sep/2010:06:30:11 -0400] "OPTIONS * HTTP/1.0" 200 - "-" "Apache/2.2.11 (FreeBSD) mod_ssl/2.2.11 OpenSSL/0.9.8e DAV/2 PHP/5.2.8 with Suhosin-Patch mod_auth_pgsql/2.0.3 (internal dummy connection)"
216.239.90.241 - - [07/Sep/2010:06:30:12 -0400] "OPTIONS * HTTP/1.0" 200 - "-" "Apache/2.2.11 (FreeBSD) mod_ssl/2.2.11 OpenSSL/0.9.8e DAV/2 PHP/5.2.8 with Suhosin-Patch mod_auth_pgsql/2.0.3 (internal dummy connection)"
216.239.90.241 - - [07/Sep/2010:06:30:13 -0400] "OPTIONS * HTTP/1.0" 200 - "-" "Apache/2.2.11 (FreeBSD) mod_ssl/2.2.11 OpenSSL/0.9.8e DAV/2 PHP/5.2.8 with Suhosin-Patch mod_auth_pgsql/2.0.3 (internal dummy connection)"
95.108.128.242 - - [07/Sep/2010:06:30:58 -0400] "GET /lib/Zend/Validate/Hostname/function.require-once HTTP/1.1" 404 - "-" "Mozilla/5.0 (compatible; YandexBot/3.0; +http://yandex.com/bots)"
66.249.65.246 - - [07/Sep/2010:06:31:31 -0400] "GET /sys/PEAR/HTTP.php HTTP/1.1" 200 - "-" "SAMSUNG-SGH-E250/1.0 Profile/MIDP-2.0 Configuration/CLDC-1.1 UP.Browser/6.2.3.3.c.1.101 (GUI) MMP/2.0 (compatible; Googlebot-Mobile/2.1; +http://www.google.com/bot.html)"
216.239.90.241 - - [07/Sep/2010:06:31:38 -0400] "OPTIONS * HTTP/1.0" 200 - "-" "Apache/2.2.11 (FreeBSD) mod_ssl/2.2.11 OpenSSL/0.9.8e DAV/2 PHP/5.2.8 with Suhosin-Patch mod_auth_pgsql/2.0.3 (internal dummy connection)"
216.239.90.241 - - [07/Sep/2010:06:31:39 -0400] "OPTIONS * HTTP/1.0" 200 - "-" "Apache/2.2.11 (FreeBSD) mod_ssl/2.2.11 OpenSSL/0.9.8e DAV/2 PHP/5.2.8 with Suhosin-Patch mod_auth_pgsql/2.0.3 (internal dummy connection)"
216.239.90.241 - - [07/Sep/2010:06:31:41 -0400] "OPTIONS * HTTP/1.0" 200 - "-" "Apache/2.2.11 (FreeBSD) mod_ssl/2.2.11 OpenSSL/0.9.8e DAV/2 PHP/5.2.8 with Suhosin-Patch mod_auth_pgsql/2.0.3 (internal dummy connection)"
216.239.90.241 - - [07/Sep/2010:06:31:53 -0400] "OPTIONS * HTTP/1.0" 200 - "-" "Apache/2.2.11 (FreeBSD) mod_ssl/2.2.11 OpenSSL/0.9.8e DAV/2 PHP/5.2.8 with Suhosin-Patch mod_auth_pgsql/2.0.3 (internal dummy connection)"
216.239.90.241 - - [07/Sep/2010:06:31:54 -0400] "OPTIONS * HTTP/1.0" 200 - "-" "Apache/2.2.11 (FreeBSD) mod_ssl/2.2.11 OpenSSL/0.9.8e DAV/2 PHP/5.2.8 with Suhosin-Patch mod_auth_pgsql/2.0.3 (internal dummy connection)"
216.239.90.241 - - [07/Sep/2010:06:31:55 -0400] "OPTIONS * HTTP/1.0" 200 - "-" "Apache/2.2.11 (FreeBSD) mod_ssl/2.2.11 OpenSSL/0.9.8e DAV/2 PHP/5.2.8 with Suhosin-Patch mod_auth_pgsql/2.0.3 (internal dummy connection)"
216.239.90.241 - - [07/Sep/2010:06:31:56 -0400] "OPTIONS * HTTP/1.0" 200 - "-" "Apache/2.2.11 (FreeBSD) mod_ssl/2.2.11 OpenSSL/0.9.8e DAV/2 PHP/5.2.8 with Suhosin-Patch mod_auth_pgsql/2.0.3 (internal dummy connection)"
216.239.90.241 - - [07/Sep/2010:06:31:57 -0400] "OPTIONS * HTTP/1.0" 200 - "-" "Apache/2.2.11 (FreeBSD) mod_ssl/2.2.11 OpenSSL/0.9.8e DAV/2 PHP/5.2.8 with Suhosin-Patch mod_auth_pgsql/2.0.3 (internal dummy connection)"
216.239.90.241 - - [07/Sep/2010:06:31:58 -0400] "OPTIONS * HTTP/1.0" 200 - "-" "Apache/2.2.11 (FreeBSD) mod_ssl/2.2.11 OpenSSL/0.9.8e DAV/2 PHP/5.2.8 with Suhosin-Patch mod_auth_pgsql/2.0.3 (internal dummy connection)"
216.239.90.241 - - [07/Sep/2010:06:32:11 -0400] "OPTIONS * HTTP/1.0" 200 - "-" "Apache/2.2.11 (FreeBSD) mod_ssl/2.2.11 OpenSSL/0.9.8e DAV/2 PHP/5.2.8 with Suhosin-Patch mod_auth_pgsql/2.0.3 (internal dummy connection)"
216.239.90.241 - - [07/Sep/2010:06:32:14 -0400] "OPTIONS * HTTP/1.0" 200 - "-" "Apache/2.2.11 (FreeBSD) mod_ssl/2.2.11 OpenSSL/0.9.8e DAV/2 PHP/5.2.8 with Suhosin-Patch mod_auth_pgsql/2.0.3 (internal dummy connection)"
216.239.90.241 - - [07/Sep/2010:06:32:44 -0400] "OPTIONS * HTTP/1.0" 200 - "-" "Apache/2.2.11 (FreeBSD) mod_ssl/2.2.11 OpenSSL/0.9.8e DAV/2 PHP/5.2.8 with Suhosin-Patch mod_auth_pgsql/2.0.3 (internal dummy connection)"
216.239.90.241 - - [07/Sep/2010:06:32:45 -0400] "OPTIONS * HTTP/1.0" 200 - "-" "Apache/2.2.11 (FreeBSD) mod_ssl/2.2.11 OpenSSL/0.9.8e DAV/2 PHP/5.2.8 with Suhosin-Patch mod_auth_pgsql/2.0.3 (internal dummy connection)"
216.239.90.241 - - [07/Sep/2010:06:32:46 -0400] "OPTIONS * HTTP/1.0" 200 - "-" "Apache/2.2.11 (FreeBSD) mod_ssl/2.2.11 OpenSSL/0.9.8e DAV/2 PHP/5.2.8 with Suhosin-Patch mod_auth_pgsql/2.0.3 (internal dummy connection)"
216.239.90.241 - - [07/Sep/2010:06:32:47 -0400] "OPTIONS * HTTP/1.0" 200 - "-" "Apache/2.2.11 (FreeBSD) mod_ssl/2.2.11 OpenSSL/0.9.8e DAV/2 PHP/5.2.8 with Suhosin-Patch mod_auth_pgsql/2.0.3 (internal dummy connection)"
216.239.90.241 - - [07/Sep/2010:06:32:48 -0400] "OPTIONS * HTTP/1.0" 200 - "-" "Apache/2.2.11 (FreeBSD) mod_ssl/2.2.11 OpenSSL/0.9.8e DAV/2 PHP/5.2.8 with Suhosin-Patch mod_auth_pgsql/2.0.3 (internal dummy connection)"
216.239.90.241 - - [07/Sep/2010:06:32:50 -0400] "OPTIONS * HTTP/1.0" 200 - "-" "Apache/2.2.11 (FreeBSD) mod_ssl/2.2.11 OpenSSL/0.9.8e DAV/2 PHP/5.2.8 with Suhosin-Patch mod_auth_pgsql/2.0.3 (internal dummy connection)"
