216.239.90.241 - - [07/Sep/2010:06:32:51 -0400] "OPTIONS * HTTP/1.0" 200 - "-" "Apache/2.2.11 (FreeBSD) mod_ssl/2.2.11 OpenSSL/0.9.8e DAV/2 PHP/5.2.8 with Suhosin-Patch mod_auth_pgsql/2.0.3 (internal dummy connection)"
95.108.128.242 - - [07/Sep/2010:06:33:17 -0400] "GET /lib/Zend/Locale/Data/as.xml HTTP/1.1" 200 10948 "-" "Mozilla/5.0 (compatible; YandexBot/3.0; +http://yandex.com/bots)"
216.239.90.241 - - [07/Sep/2010:06:33:34 -0400] "OPTIONS * HTTP/1.0" 200 - "-" "Apache/2.2.11 (FreeBSD) mod_ssl/2.2.11 OpenSSL/0.9.8e DAV/2 PHP/5.2.8 with Suhosin-Patch mod_auth_pgsql/2.0.3 (internal dummy connection)"
216.239.90.241 - - [07/Sep/2010:06:33:35 -0400] "OPTIONS * HTTP/1.0" 200 - "-" "Apache/2.2.11 (FreeBSD) mod_ssl/2.2.11 OpenSSL/0.9.8e DAV/2 PHP/5.2.8 with Suhosin-Patch mod_auth_pgsql/2.0.3 (internal dummy connection)"
216.239.90.241 - - [07/Sep/2010:06:33:36 -0400] "OPTIONS * HTTP/1.0" 200 - "-" "Apache/2.2.11 (FreeBSD) mod_ssl/2.2.11 OpenSSL/0.9.8e DAV/2 PHP/5.2.8 with Suhosin-Patch mod_auth_pgsql/2.0.3 (internal dummy connection)"
216.239.90.241 - - [07/Sep/2010:06:33:37 -0400] "OPTIONS * HTTP/1.0" 200 - "-" "Apache/2.2.11 (FreeBSD) mod_ssl/2.2.11 OpenSSL/0.9.8e DAV/2 PHP/5.2.8 with Suhosin-Patch mod_auth_pgsql/2.0.3 (internal dummy connection)"
216.239.90.241 - - [07/Sep/2010:06:33:38 -0400] "OPTIONS * HTTP/1.0" 200 - "-" "Apache/2.2.11 (FreeBSD) mod_ssl/2.2.11 OpenSSL/0.9.8e DAV/2 PHP/5.2.8 with Suhosin-Patch mod_auth_pgsql/2.0.3 (internal dummy connection)"
216.239.90.241 - - [07/Sep/2010:06:33:39 -0400] "OPTIONS * HTTP/1.0" 200 - "-" "Apache/2.2.11 (FreeBSD) mod_ssl/2.2.11 OpenSSL/0.9.8e DAV/2 PHP/5.2.8 with Suhosin-Patch mod_auth_pgsql/2.0.3 (internal dummy connection)"
216.239.90.241 - - [07/Sep/2010:06:33:40 -0400] "OPTIONS * HTTP/1.0" 200 - "-" "Apache/2.2.11 (FreeBSD) mod_ssl/2.2.11 OpenSSL/0.9.8e DAV/2 PHP/5.2.8 with Suhosin-Patch mod_auth_pgsql/2.0.3 (internal dummy connection)"
216.239.90.241 - - [07/Sep/2010:06:33:41 -0400] "OPTIONS * HTTP/1.0" 200 - "-" "Apache/2.2.11 (FreeBSD) mod_ssl/2.2.11 OpenSSL/0.9.8e DAV/2 PHP/5.2.8 with Suhosin-Patch mod_auth_pgsql/2.0.3 (internal dummy connection)"
216.239.90.241 - - [07/Sep/2010:06:33:42 -0400] "OPTIONS * HTTP/1.0" 200 - "-" "Apache/2.2.11 (FreeBSD) mod_ssl/2.2.11 OpenSSL/0.9.8e DAV/2 PHP/5.2.8 with Suhosin-Patch mod_auth_pgsql/2.0.3 (internal dummy connection)"
216.239.90.241 - - [07/Sep/2010:06:33:43 -0400] "OPTIONS * HTTP/1.0" 200 - "-" "Apache/2.2.11 (FreeBSD) mod_ssl/2.2.11 OpenSSL/0.9.8e DAV/2 PHP/5.2.8 with Suhosin-Patch mod_auth_pgsql/2.0.3 (internal dummy connection)"
216.239.90.241 - - [07/Sep/2010:06:33:44 -0400] "OPTIONS * HTTP/1.0" 200 - "-" "Apache/2.2.11 (FreeBSD) mod_ssl/2.2.11 OpenSSL/0.9.8e DAV/2 PHP/5.2.8 with Suhosin-Patch mod_auth_pgsql/2.0.3 (internal dummy connection)"
216.239.90.241 - - [07/Sep/2010:06:33:45 -0400] "OPTIONS * HTTP/1.0" 200 - "-" "Apache/2.2.11 (FreeBSD) mod_ssl/2.2.11 OpenSSL/0.9.8e DAV/2 PHP/5.2.8 with Suhosin-Patch mod_auth_pgsql/2.0.3 (internal dummy connection)"
216.239.90.241 - - [07/Sep/2010:06:33:46 -0400] "OPTIONS * HTTP/1.0" 200 - "-" "Apache/2.2.11 (FreeBSD) mod_ssl/2.2.11 OpenSSL/0.9.8e DAV/2 PHP/5.2.8 with Suhosin-Patch mod_auth_pgsql/2.0.3 (internal dummy connection)"
216.239.90.241 - - [07/Sep/2010:06:33:53 -0400] "OPTIONS * HTTP/1.0" 200 - "-" "Apache/2.2.11 (FreeBSD) mod_ssl/2.2.11 OpenSSL/0.9.8e DAV/2 PHP/5.2.8 with Suhosin-Patch mod_auth_pgsql/2.0.3 (internal dummy connection)"
220.181.108.84 - - [07/Sep/2010:06:33:33 -0400] "GET /dead.letter HTTP/1.1" 200 94165144 "-" "Baiduspider+(+http://www.baidu.com/search/spider.htm)"
216.239.90.241 - - [07/Sep/2010:06:34:25 -0400] "OPTIONS * HTTP/1.0" 200 - "-" "Apache/2.2.11 (FreeBSD) mod_ssl/2.2.11 OpenSSL/0.9.8e DAV/2 PHP/5.2.8 with Suhosin-Patch mod_auth_pgsql/2.0.3 (internal dummy connection)"
216.239.90.241 - - [07/Sep/2010:06:34:44 -0400] "OPTIONS * HTTP/1.0" 200 - "-" "Apache/2.2.11 (FreeBSD) mod_ssl/2.2.11 OpenSSL/0.9.8e DAV/2 PHP/5.2.8 with Suhosin-Patch mod_auth_pgsql/2.0.3 (internal dummy connection)"
124.115.10.64 - - [07/Sep/2010:06:34:54 -0400] "GET / HTTP/1.1" 200 4087 "-" "Mozilla/4.0 (compatible; MSIE 6.0; Windows NT 5.1)"
216.239.90.241 - - [07/Sep/2010:06:35:31 -0400] "OPTIONS * HTTP/1.0" 200 - "-" "Apache/2.2.11 (FreeBSD) mod_ssl/2.2.11 OpenSSL/0.9.8e DAV/2 PHP/5.2.8 with Suhosin-Patch mod_auth_pgsql/2.0.3 (internal dummy connection)"
216.239.90.241 - - [07/Sep/2010:06:35:32 -0400] "OPTIONS * HTTP/1.0" 200 - "-" "Apache/2.2.11 (FreeBSD) mod_ssl/2.2.11 OpenSSL/0.9.8e DAV/2 PHP/5.2.8 with Suhosin-Patch mod_auth_pgsql/2.0.3 (internal dummy connection)"
216.239.90.241 - - [07/Sep/2010:06:35:33 -0400] "OPTIONS * HTTP/1.0" 200 - "-" "Apache/2.2.11 (FreeBSD) mod_ssl/2.2.11 OpenSSL/0.9.8e DAV/2 PHP/5.2.8 with Suhosin-Patch mod_auth_pgsql/2.0.3 (internal dummy connection)"
95.108.128.242 - - [07/Sep/2010:06:35:34 -0400] "GET /sys/external/Smarty-2.6.1/plugins/function.eval.php HTTP/1.1" 200 - "-" "Mozilla/5.0 (compatible; YandexBot/3.0; +http://yandex.com/bots)"
216.239.90.241 - - [07/Sep/2010:06:35:34 -0400] "OPTIONS * HTTP/1.0" 200 - "-" "Apache/2.2.11 (FreeBSD) mod_ssl/2.2.11 OpenSSL/0.9.8e DAV/2 PHP/5.2.8 with Suhosin-Patch mod_auth_pgsql/2.0.3 (internal dummy connection)"
216.239.90.241 - - [07/Sep/2010:06:35:35 -0400] "OPTIONS * HTTP/1.0" 200 - "-" "Apache/2.2.11 (FreeBSD) mod_ssl/2.2.11 OpenSSL/0.9.8e DAV/2 PHP/5.2.8 with Suhosin-Patch mod_auth_pgsql/2.0.3 (internal dummy connection)"
216.239.90.241 - - [07/Sep/2010:06:35:36 -0400] "OPTIONS * HTTP/1.0" 200 - "-" "Apache/2.2.11 (FreeBSD) mod_ssl/2.2.11 OpenSSL/0.9.8e DAV/2 PHP/5.2.8 with Suhosin-Patch mod_auth_pgsql/2.0.3 (internal dummy connection)"
216.239.90.241 - - [07/Sep/2010:06:35:37 -0400] "OPTIONS * HTTP/1.0" 200 - "-" "Apache/2.2.11 (FreeBSD) mod_ssl/2.2.11 OpenSSL/0.9.8e DAV/2 PHP/5.2.8 with Suhosin-Patch mod_auth_pgsql/2.0.3 (internal dummy connection)"
216.239.90.241 - - [07/Sep/2010:06:35:41 -0400] "OPTIONS * HTTP/1.0" 200 - "-" "Apache/2.2.11 (FreeBSD) mod_ssl/2.2.11 OpenSSL/0.9.8e DAV/2 PHP/5.2.8 with Suhosin-Patch mod_auth_pgsql/2.0.3 (internal dummy connection)"
95.108.128.242 - - [07/Sep/2010:06:37:40 -0400] "GET /lib/Zend/Cache/Frontend/Page.php HTTP/1.1" 200 523 "-" "Mozilla/5.0 (compatible; YandexBot/3.0; +http://yandex.com/bots)"
216.239.90.241 - - [07/Sep/2010:06:38:58 -0400] "OPTIONS * HTTP/1.0" 200 - "-" "Apache/2.2.11 (FreeBSD) mod_ssl/2.2.11 OpenSSL/0.9.8e DAV/2 PHP/5.2.8 with Suhosin-Patch mod_auth_pgsql/2.0.3 (internal dummy connection)"
216.239.90.241 - - [07/Sep/2010:06:39:23 -0400] "OPTIONS * HTTP/1.0" 200 - "-" "Apache/2.2.11 (FreeBSD) mod_ssl/2.2.11 OpenSSL/0.9.8e DAV/2 PHP/5.2.8 with Suhosin-Patch mod_auth_pgsql/2.0.3 (internal dummy connection)"
216.239.90.241 - - [07/Sep/2010:06:39:24 -0400] "OPTIONS * HTTP/1.0" 200 - "-" "Apache/2.2.11 (FreeBSD) mod_ssl/2.2.11 OpenSSL/0.9.8e DAV/2 PHP/5.2.8 with Suhosin-Patch mod_auth_pgsql/2.0.3 (internal dummy connection)"
216.239.90.241 - - [07/Sep/2010:06:39:25 -0400] "OPTIONS * HTTP/1.0" 200 - "-" "Apache/2.2.11 (FreeBSD) mod_ssl/2.2.11 OpenSSL/0.9.8e DAV/2 PHP/5.2.8 with Suhosin-Patch mod_auth_pgsql/2.0.3 (internal dummy connection)"
216.239.90.241 - - [07/Sep/2010:06:39:26 -0400] "OPTIONS * HTTP/1.0" 200 - "-" "Apache/2.2.11 (FreeBSD) mod_ssl/2.2.11 OpenSSL/0.9.8e DAV/2 PHP/5.2.8 with Suhosin-Patch mod_auth_pgsql/2.0.3 (internal dummy connection)"
216.239.90.241 - - [07/Sep/2010:06:39:30 -0400] "OPTIONS * HTTP/1.0" 200 - "-" "Apache/2.2.11 (FreeBSD) mod_ssl/2.2.11 OpenSSL/0.9.8e DAV/2 PHP/5.2.8 with Suhosin-Patch mod_auth_pgsql/2.0.3 (internal dummy connection)"
216.239.90.241 - - [07/Sep/2010:06:39:31 -0400] "OPTIONS * HTTP/1.0" 200 - "-" "Apache/2.2.11 (FreeBSD) mod_ssl/2.2.11 OpenSSL/0.9.8e DAV/2 PHP/5.2.8 with Suhosin-Patch mod_auth_pgsql/2.0.3 (internal dummy connection)"
216.239.90.241 - - [07/Sep/2010:06:39:32 -0400] "OPTIONS * HTTP/1.0" 200 - "-" "Apache/2.2.11 (FreeBSD) mod_ssl/2.2.11 OpenSSL/0.9.8e DAV/2 PHP/5.2.8 with Suhosin-Patch mod_auth_pgsql/2.0.3 (internal dummy connection)"
216.239.90.241 - - [07/Sep/2010:06:39:33 -0400] "OPTIONS * HTTP/1.0" 200 - "-" "Apache/2.2.11 (FreeBSD) mod_ssl/2.2.11 OpenSSL/0.9.8e DAV/2 PHP/5.2.8 with Suhosin-Patch mod_auth_pgsql/2.0.3 (internal dummy connection)"
95.108.128.242 - - [07/Sep/2010:06:39:59 -0400] "GET /lib/Zend/Service/Yahoo/Result.php HTTP/1.1" 200 - "-" "Mozilla/5.0 (compatible; YandexBot/3.0; +http://yandex.com/bots)"
216.239.90.241 - - [07/Sep/2010:06:40:00 -0400] "OPTIONS * HTTP/1.0" 200 - "-" "Apache/2.2.11 (FreeBSD) mod_ssl/2.2.11 OpenSSL/0.9.8e DAV/2 PHP/5.2.8 with Suhosin-Patch mod_auth_pgsql/2.0.3 (internal dummy connection)"
216.239.90.241 - - [07/Sep/2010:06:40:09 -0400] "OPTIONS * HTTP/1.0" 200 - "-" "Apache/2.2.11 (FreeBSD) mod_ssl/2.2.11 OpenSSL/0.9.8e DAV/2 PHP/5.2.8 with Suhosin-Patch mod_auth_pgsql/2.0.3 (internal dummy connection)"
216.239.90.241 - - [07/Sep/2010:06:40:10 -0400] "OPTIONS * HTTP/1.0" 200 - "-" "Apache/2.2.11 (FreeBSD) mod_ssl/2.2.11 OpenSSL/0.9.8e DAV/2 PHP/5.2.8 with Suhosin-Patch mod_auth_pgsql/2.0.3 (internal dummy connection)"
216.239.90.241 - - [07/Sep/2010:06:40:18 -0400] "OPTIONS * HTTP/1.0" 200 - "-" "Apache/2.2.11 (FreeBSD) mod_ssl/2.2.11 OpenSSL/0.9.8e DAV/2 PHP/5.2.8 with Suhosin-Patch mod_auth_pgsql/2.0.3 (internal dummy connection)"
216.239.90.241 - - [07/Sep/2010:06:40:19 -0400] "OPTIONS * HTTP/1.0" 200 - "-" "Apache/2.2.11 (FreeBSD) mod_ssl/2.2.11 OpenSSL/0.9.8e DAV/2 PHP/5.2.8 with Suhosin-Patch mod_auth_pgsql/2.0.3 (internal dummy connection)"
95.108.128.242 - - [07/Sep/2010:06:41:38 -0400] "GET /lib/Zend/Locale/Data/characters.xml HTTP/1.1" 200 49085 "-" "Mozilla/5.0 (compatible; YandexBot/3.0; +http://yandex.com/bots)"
95.108.128.242 - - [07/Sep/2010:06:41:41 -0400] "GET /lib/Maestro/Banners/banners.conf.php HTTP/1.1" 200 - "-" "Mozilla/5.0 (compatible; YandexBot/3.0; +http://yandex.com/bots)"
95.108.128.242 - - [07/Sep/2010:06:41:43 -0400] "GET /lib/Maestro_v1/smarty/plugins/block.textformat.php HTTP/1.1" 200 - "-" "Mozilla/5.0 (compatible; YandexBot/3.0; +http://yandex.com/bots)"
216.239.90.241 - - [07/Sep/2010:06:41:53 -0400] "OPTIONS * HTTP/1.0" 200 - "-" "Apache/2.2.11 (FreeBSD) mod_ssl/2.2.11 OpenSSL/0.9.8e DAV/2 PHP/5.2.8 with Suhosin-Patch mod_auth_pgsql/2.0.3 (internal dummy connection)"
216.239.90.241 - - [07/Sep/2010:06:41:55 -0400] "OPTIONS * HTTP/1.0" 200 - "-" "Apache/2.2.11 (FreeBSD) mod_ssl/2.2.11 OpenSSL/0.9.8e DAV/2 PHP/5.2.8 with Suhosin-Patch mod_auth_pgsql/2.0.3 (internal dummy connection)"
65.55.3.135 - - [07/Sep/2010:06:41:56 -0400] "GET /robots.txt HTTP/1.1" 404 - "-" "msnbot/2.0b (+http://search.msn.com/msnbot.htm)._"
216.239.90.241 - - [07/Sep/2010:06:41:56 -0400] "OPTIONS * HTTP/1.0" 200 - "-" "Apache/2.2.11 (FreeBSD) mod_ssl/2.2.11 OpenSSL/0.9.8e DAV/2 PHP/5.2.8 with Suhosin-Patch mod_auth_pgsql/2.0.3 (internal dummy connection)"
65.55.3.135 - - [07/Sep/2010:06:41:56 -0400] "GET / HTTP/1.1" 200 4087 "-" "msnbot/2.0b (+http://search.msn.com/msnbot.htm)._"
216.239.90.241 - - [07/Sep/2010:06:41:57 -0400] "OPTIONS * HTTP/1.0" 200 - "-" "Apache/2.2.11 (FreeBSD) mod_ssl/2.2.11 OpenSSL/0.9.8e DAV/2 PHP/5.2.8 with Suhosin-Patch mod_auth_pgsql/2.0.3 (internal dummy connection)"
65.55.3.135 - - [07/Sep/2010:06:41:57 -0400] "GET /.lesshst HTTP/1.1" 200 35 "-" "msnbot/2.0b (+http://search.msn.com/msnbot.htm)._"
65.55.3.135 - - [07/Sep/2010:06:41:59 -0400] "GET /CX9/ HTTP/1.1" 200 258 "-" "msnbot/2.0b (+http://search.msn.com/msnbot.htm)._"
65.55.3.135 - - [07/Sep/2010:06:42:00 -0400] "GET /Images/ HTTP/1.1" 200 2384 "-" "msnbot/2.0b (+http://search.msn.com/msnbot.htm)._"
216.239.90.241 - - [07/Sep/2010:06:42:01 -0400] "OPTIONS * HTTP/1.0" 200 - "-" "Apache/2.2.11 (FreeBSD) mod_ssl/2.2.11 OpenSSL/0.9.8e DAV/2 PHP/5.2.8 with Suhosin-Patch mod_auth_pgsql/2.0.3 (internal dummy connection)"
65.55.3.135 - - [07/Sep/2010:06:42:01 -0400] "GET /Library/ HTTP/1.1" 200 512 "-" "msnbot/2.0b (+http://search.msn.com/msnbot.htm)._"
216.239.90.241 - - [07/Sep/2010:06:42:02 -0400] "OPTIONS * HTTP/1.0" 200 - "-" "Apache/2.2.11 (FreeBSD) mod_ssl/2.2.11 OpenSSL/0.9.8e DAV/2 PHP/5.2.8 with Suhosin-Patch mod_auth_pgsql/2.0.3 (internal dummy connection)"
65.55.3.135 - - [07/Sep/2010:06:42:02 -0400] "GET /Scripts/ HTTP/1.1" 200 288 "-" "msnbot/2.0b (+http://search.msn.com/msnbot.htm)._"
65.55.3.135 - - [07/Sep/2010:06:42:04 -0400] "GET /Templates/ HTTP/1.1" 200 1366 "-" "msnbot/2.0b (+http://search.msn.com/msnbot.htm)._"
216.239.90.241 - - [07/Sep/2010:06:42:04 -0400] "OPTIONS * HTTP/1.0" 200 - "-" "Apache/2.2.11 (FreeBSD) mod_ssl/2.2.11 OpenSSL/0.9.8e DAV/2 PHP/5.2.8 with Suhosin-Patch mod_auth_pgsql/2.0.3 (internal dummy connection)"
65.55.3.135 - - [07/Sep/2010:06:42:05 -0400] "GET /access_log HTTP/1.1" 200 361845 "-" "msnbot/2.0b (+http://search.msn.com/msnbot.htm)._"
65.55.3.135 - - [07/Sep/2010:06:42:07 -0400] "GET /access_log.0 HTTP/1.1" 200 4143456 "-" "msnbot/2.0b (+http://search.msn.com/msnbot.htm)._"
65.55.3.135 - - [07/Sep/2010:06:42:11 -0400] "GET /access_log.1 HTTP/1.1" 200 3669930 "-" "msnbot/2.0b (+http://search.msn.com/msnbot.htm)._"
65.55.3.135 - - [07/Sep/2010:06:42:14 -0400] "GET /access_log.2 HTTP/1.1" 200 3583743 "-" "msnbot/2.0b (+http://search.msn.com/msnbot.htm)._"
65.55.3.135 - - [07/Sep/2010:06:42:17 -0400] "GET /access_log.3 HTTP/1.1" 200 3932276 "-" "msnbot/2.0b (+http://search.msn.com/msnbot.htm)._"
65.55.3.135 - - [07/Sep/2010:06:42:19 -0400] "GET /access_log.4 HTTP/1.1" 200 4055585 "-" "msnbot/2.0b (+http://search.msn.com/msnbot.htm)._"
216.239.90.241 - - [07/Sep/2010:06:42:22 -0400] "OPTIONS * HTTP/1.0" 200 - "-" "Apache/2.2.11 (FreeBSD) mod_ssl/2.2.11 OpenSSL/0.9.8e DAV/2 PHP/5.2.8 with Suhosin-Patch mod_auth_pgsql/2.0.3 (internal dummy connection)"
65.55.3.135 - - [07/Sep/2010:06:42:22 -0400] "GET /access_log.5 HTTP/1.1" 200 4748822 "-" "msnbot/2.0b (+http://search.msn.com/msnbot.htm)._"
65.55.3.135 - - [07/Sep/2010:06:42:24 -0400] "GET /access_log.6 HTTP/1.1" 200 4518533 "-" "msnbot/2.0b (+http://search.msn.com/msnbot.htm)._"
65.55.3.135 - - [07/Sep/2010:06:42:27 -0400] "GET /access_log.7 HTTP/1.1" 200 4687271 "-" "msnbot/2.0b (+http://search.msn.com/msnbot.htm)._"
65.55.3.135 - - [07/Sep/2010:06:42:30 -0400] "GET /audiboutique/ HTTP/1.1" 200 286 "-" "msnbot/2.0b (+http://search.msn.com/msnbot.htm)._"
216.239.90.241 - - [07/Sep/2010:06:42:31 -0400] "OPTIONS * HTTP/1.0" 200 - "-" "Apache/2.2.11 (FreeBSD) mod_ssl/2.2.11 OpenSSL/0.9.8e DAV/2 PHP/5.2.8 with Suhosin-Patch mod_auth_pgsql/2.0.3 (internal dummy connection)"
65.55.3.135 - - [07/Sep/2010:06:42:31 -0400] "GET /automax/ HTTP/1.1" 200 218 "-" "msnbot/2.0b (+http://search.msn.com/msnbot.htm)._"
65.55.3.135 - - [07/Sep/2010:06:42:32 -0400] "GET /awstats_faq.html HTTP/1.1" 200 109279 "-" "msnbot/2.0b (+http://search.msn.com/msnbot.htm)._"
216.239.90.241 - - [07/Sep/2010:06:42:34 -0400] "OPTIONS * HTTP/1.0" 200 - "-" "Apache/2.2.11 (FreeBSD) mod_ssl/2.2.11 OpenSSL/0.9.8e DAV/2 PHP/5.2.8 with Suhosin-Patch mod_auth_pgsql/2.0.3 (internal dummy connection)"
65.55.3.135 - - [07/Sep/2010:06:42:34 -0400] "GET /awstats_setup.html HTTP/1.1" 200 25213 "-" "msnbot/2.0b (+http://search.msn.com/msnbot.htm)._"
65.55.3.135 - - [07/Sep/2010:06:42:36 -0400] "GET /brochure/ HTTP/1.1" 200 220 "-" "msnbot/2.0b (+http://search.msn.com/msnbot.htm)._"
65.55.3.135 - - [07/Sep/2010:06:42:37 -0400] "GET /cancar-pub/ HTTP/1.1" 200 304 "-" "msnbot/2.0b (+http://search.msn.com/msnbot.htm)._"
65.55.3.135 - - [07/Sep/2010:06:42:39 -0400] "GET /cron_update.log HTTP/1.1" 200 - "-" "msnbot/2.0b (+http://search.msn.com/msnbot.htm)._"
65.55.3.135 - - [07/Sep/2010:06:42:40 -0400] "GET /crontab HTTP/1.1" 200 109 "-" "msnbot/2.0b (+http://search.msn.com/msnbot.htm)._"
65.55.3.135 - - [07/Sep/2010:06:42:41 -0400] "GET /data.dat HTTP/1.1" 200 2757 "-" "msnbot/2.0b (+http://search.msn.com/msnbot.htm)._"
65.55.3.135 - - [07/Sep/2010:06:43:03 -0400] "GET /dead.letter HTTP/1.0" 200 94165144 "-" "msnbot/2.0b (+http://search.msn.com/msnbot.htm)._"
65.55.3.135 - - [07/Sep/2010:06:43:07 -0400] "GET /demande/ HTTP/1.1" 200 7545 "-" "msnbot/2.0b (+http://search.msn.com/msnbot.htm)._"
65.55.3.135 - - [07/Sep/2010:06:43:08 -0400] "GET /download/ HTTP/1.1" 200 482 "-" "msnbot/2.0b (+http://search.msn.com/msnbot.htm)._"
65.55.3.135 - - [07/Sep/2010:06:43:09 -0400] "GET /error_log HTTP/1.1" 200 118280 "-" "msnbot/2.0b (+http://search.msn.com/msnbot.htm)._"
65.55.3.135 - - [07/Sep/2010:06:43:14 -0400] "GET /error_log.0 HTTP/1.1" 200 383546 "-" "msnbot/2.0b (+http://search.msn.com/msnbot.htm)._"
65.55.3.135 - - [07/Sep/2010:06:43:17 -0400] "GET /error_log.1 HTTP/1.1" 200 417151 "-" "msnbot/2.0b (+http://search.msn.com/msnbot.htm)._"
65.55.3.135 - - [07/Sep/2010:06:43:20 -0400] "GET /error_log.2 HTTP/1.1" 200 343855 "-" "msnbot/2.0b (+http://search.msn.com/msnbot.htm)._"
65.55.3.135 - - [07/Sep/2010:06:43:24 -0400] "GET /error_log.3 HTTP/1.1" 200 456142 "-" "msnbot/2.0b (+http://search.msn.com/msnbot.htm)._"
65.55.3.135 - - [07/Sep/2010:06:43:27 -0400] "GET /error_log.4 HTTP/1.1" 200 258792 "-" "msnbot/2.0b (+http://search.msn.com/msnbot.htm)._"
65.55.3.135 - - [07/Sep/2010:06:43:30 -0400] "GET /error_log.5 HTTP/1.1" 200 569778 "-" "msnbot/2.0b (+http://search.msn.com/msnbot.htm)._"
65.55.3.135 - - [07/Sep/2010:06:43:33 -0400] "GET /error_log.6 HTTP/1.1" 200 214970 "-" "msnbot/2.0b (+http://search.msn.com/msnbot.htm)._"
65.55.3.135 - - [07/Sep/2010:06:43:36 -0400] "GET /error_log.7 HTTP/1.1" 200 367974 "-" "msnbot/2.0b (+http://search.msn.com/msnbot.htm)._"
65.55.3.135 - - [07/Sep/2010:06:43:39 -0400] "GET /httpd-vhosts.conf HTTP/1.1" 200 691 "-" "msnbot/2.0b (+http://search.msn.com/msnbot.htm)._"
65.55.3.135 - - [07/Sep/2010:06:43:40 -0400] "GET /invitation/ HTTP/1.1" 200 278 "-" "msnbot/2.0b (+http://search.msn.com/msnbot.htm)._"
65.55.3.135 - - [07/Sep/2010:06:43:41 -0400] "GET /lib/ HTTP/1.1" 200 426 "-" "msnbot/2.0b (+http://search.msn.com/msnbot.htm)._"
65.55.3.135 - - [07/Sep/2010:06:43:44 -0400] "GET /lo/ HTTP/1.1" 200 208 "-" "msnbot/2.0b (+http://search.msn.com/msnbot.htm)._"
65.55.3.135 - - [07/Sep/2010:06:43:45 -0400] "GET /mailing_Rappel_12mois/ HTTP/1.1" 200 3885 "-" "msnbot/2.0b (+http://search.msn.com/msnbot.htm)._"
65.55.3.135 - - [07/Sep/2010:06:43:46 -0400] "GET /mailing_hiver/ HTTP/1.1" 200 488 "-" "msnbot/2.0b (+http://search.msn.com/msnbot.htm)._"
65.55.3.135 - - [07/Sep/2010:06:43:48 -0400] "GET /mutation/ HTTP/1.1" 200 463 "-" "msnbot/2.0b (+http://search.msn.com/msnbot.htm)._"
65.55.3.135 - - [07/Sep/2010:06:43:49 -0400] "GET /mysqldb/ HTTP/1.1" 200 3292 "-" "msnbot/2.0b (+http://search.msn.com/msnbot.htm)._"
65.55.3.135 - - [07/Sep/2010:06:43:51 -0400] "GET /postit/ HTTP/1.1" 200 200 "-" "msnbot/2.0b (+http://search.msn.com/msnbot.htm)._"
65.55.3.135 - - [07/Sep/2010:06:43:52 -0400] "GET /spavmr/ HTTP/1.1" 200 219 "-" "msnbot/2.0b (+http://search.msn.com/msnbot.htm)._"
65.55.3.135 - - [07/Sep/2010:06:43:53 -0400] "GET /stats/ HTTP/1.1" 302 - "-" "msnbot/2.0b (+http://search.msn.com/msnbot.htm)._"
65.55.3.135 - - [07/Sep/2010:06:43:55 -0400] "GET /sys/ HTTP/1.1" 200 980 "-" "msnbot/2.0b (+http://search.msn.com/msnbot.htm)._"
65.55.3.135 - - [07/Sep/2010:06:43:56 -0400] "GET /tmp/ HTTP/1.1" 200 368 "-" "msnbot/2.0b (+http://search.msn.com/msnbot.htm)._"
65.55.3.135 - - [07/Sep/2010:06:43:57 -0400] "GET /www.acuragabriel.com/ HTTP/1.1" 200 236 "-" "msnbot/2.0b (+http://search.msn.com/msnbot.htm)._"
65.55.3.135 - - [07/Sep/2010:06:43:59 -0400] "GET /www.audiprestige.com/ HTTP/1.1" 200 236 "-" "msnbot/2.0b (+http://search.msn.com/msnbot.htm)._"
65.55.3.135 - - [07/Sep/2010:06:44:00 -0400] "GET /www.audiprestigeddo.com/ HTTP/1.1" 200 242 "-" "msnbot/2.0b (+http://search.msn.com/msnbot.htm)._"
65.55.3.135 - - [07/Sep/2010:06:44:02 -0400] "GET /www.fordlincolngabriel.com/ HTTP/1.1" 200 260 "-" "msnbot/2.0b (+http://search.msn.com/msnbot.htm)._"
95.108.128.242 - - [07/Sep/2010:06:44:03 -0400] "GET /lib/Zend/Acl/Role/function.require HTTP/1.1" 404 - "-" "Mozilla/5.0 (compatible; YandexBot/3.0; +http://yandex.com/bots)"
65.55.3.135 - - [07/Sep/2010:06:44:03 -0400] "GET /www.gabriel.ca/ HTTP/1.1" 200 224 "-" "msnbot/2.0b (+http://search.msn.com/msnbot.htm)._"
65.55.3.135 - - [07/Sep/2010:06:44:06 -0400] "GET /www.hondagabriel.com/ HTTP/1.1" 200 236 "-" "msnbot/2.0b (+http://search.msn.com/msnbot.htm)._"
65.55.3.135 - - [07/Sep/2010:06:44:08 -0400] "GET /www.hyundaigabriel.com/ HTTP/1.1" 200 240 "-" "msnbot/2.0b (+http://search.msn.com/msnbot.htm)._"
65.55.3.135 - - [07/Sep/2010:06:44:09 -0400] "GET /www.hyundaipresident.com/ HTTP/1.1" 200 244 "-" "msnbot/2.0b (+http://search.msn.com/msnbot.htm)._"
65.55.3.135 - - [07/Sep/2010:06:44:11 -0400] "GET /www.hyundaiprestige.com/ HTTP/1.1" 200 251 "-" "msnbot/2.0b (+http://search.msn.com/msnbot.htm)._"
65.55.3.135 - - [07/Sep/2010:06:44:13 -0400] "GET /www.lexusgabriel.com/ HTTP/1.1" 200 236 "-" "msnbot/2.0b (+http://search.msn.com/msnbot.htm)._"
65.55.3.135 - - [07/Sep/2010:06:44:16 -0400] "GET /www.lexusprestige.com/ HTTP/1.1" 200 238 "-" "msnbot/2.0b (+http://search.msn.com/msnbot.htm)._"
65.55.3.135 - - [07/Sep/2010:06:44:17 -0400] "GET /www.mazdagabriel.com/ HTTP/1.1" 200 236 "-" "msnbot/2.0b (+http://search.msn.com/msnbot.htm)._"
65.55.3.135 - - [07/Sep/2010:06:44:19 -0400] "GET /www.mazdapresident.com/ HTTP/1.1" 200 240 "-" "msnbot/2.0b (+http://search.msn.com/msnbot.htm)._"
65.55.3.135 - - [07/Sep/2010:06:44:20 -0400] "GET /www.mitsubishigabriel.com/ HTTP/1.1" 301 1 "-" "msnbot/2.0b (+http://search.msn.com/msnbot.htm)._"
65.55.3.135 - - [07/Sep/2010:06:44:21 -0400] "GET /www.nissangabriel.com/ HTTP/1.1" 200 238 "-" "msnbot/2.0b (+http://search.msn.com/msnbot.htm)._"
65.55.3.135 - - [07/Sep/2010:06:44:23 -0400] "GET /www.occasiongabriel.com/ HTTP/1.1" 200 242 "-" "msnbot/2.0b (+http://search.msn.com/msnbot.htm)._"
65.55.3.135 - - [07/Sep/2010:06:44:24 -0400] "GET /www.porscheprestige.com/ HTTP/1.1" 200 242 "-" "msnbot/2.0b (+http://search.msn.com/msnbot.htm)._"
65.55.3.135 - - [07/Sep/2010:06:44:26 -0400] "GET /www.toyotagabriel.com/ HTTP/1.1" 200 238 "-" "msnbot/2.0b (+http://search.msn.com/msnbot.htm)._"
65.55.3.135 - - [07/Sep/2010:06:44:27 -0400] "GET /www.toyotapresident.com/ HTTP/1.1" 200 242 "-" "msnbot/2.0b (+http://search.msn.com/msnbot.htm)._"
65.55.3.135 - - [07/Sep/2010:06:44:28 -0400] "GET /www.volkswagengabriel.com/ HTTP/1.1" 200 246 "-" "msnbot/2.0b (+http://search.msn.com/msnbot.htm)._"
65.55.3.135 - - [07/Sep/2010:06:44:30 -0400] "GET /www.volkswagengabrielstconstant.com/ HTTP/1.1" 200 266 "-" "msnbot/2.0b (+http://search.msn.com/msnbot.htm)._"
65.55.3.135 - - [07/Sep/2010:06:44:32 -0400] "GET /www.volkswagenprestige.com/ HTTP/1.1" 301 239 "-" "msnbot/2.0b (+http://search.msn.com/msnbot.htm)._"
65.55.3.135 - - [07/Sep/2010:06:44:33 -0400] "GET /fr HTTP/1.1" 404 - "-" "msnbot/2.0b (+http://search.msn.com/msnbot.htm)._"
216.239.90.241 - - [07/Sep/2010:06:47:58 -0400] "OPTIONS * HTTP/1.0" 200 - "-" "Apache/2.2.11 (FreeBSD) mod_ssl/2.2.11 OpenSSL/0.9.8e DAV/2 PHP/5.2.8 with Suhosin-Patch mod_auth_pgsql/2.0.3 (internal dummy connection)"
216.239.90.241 - - [07/Sep/2010:06:47:59 -0400] "OPTIONS * HTTP/1.0" 200 - "-" "Apache/2.2.11 (FreeBSD) mod_ssl/2.2.11 OpenSSL/0.9.8e DAV/2 PHP/5.2.8 with Suhosin-Patch mod_auth_pgsql/2.0.3 (internal dummy connection)"
95.108.128.242 - - [07/Sep/2010:06:48:42 -0400] "GET /lib/Zend/Amf/Parse/function.require HTTP/1.1" 404 - "-" "Mozilla/5.0 (compatible; YandexBot/3.0; +http://yandex.com/bots)"
216.239.90.241 - - [07/Sep/2010:06:50:39 -0400] "OPTIONS * HTTP/1.0" 200 - "-" "Apache/2.2.11 (FreeBSD) mod_ssl/2.2.11 OpenSSL/0.9.8e DAV/2 PHP/5.2.8 with Suhosin-Patch mod_auth_pgsql/2.0.3 (internal dummy connection)"
216.239.90.241 - - [07/Sep/2010:06:50:40 -0400] "OPTIONS * HTTP/1.0" 200 - "-" "Apache/2.2.11 (FreeBSD) mod_ssl/2.2.11 OpenSSL/0.9.8e DAV/2 PHP/5.2.8 with Suhosin-Patch mod_auth_pgsql/2.0.3 (internal dummy connection)"
216.239.90.241 - - [07/Sep/2010:06:50:41 -0400] "OPTIONS * HTTP/1.0" 200 - "-" "Apache/2.2.11 (FreeBSD) mod_ssl/2.2.11 OpenSSL/0.9.8e DAV/2 PHP/5.2.8 with Suhosin-Patch mod_auth_pgsql/2.0.3 (internal dummy connection)"
66.249.65.235 - - [07/Sep/2010:06:50:56 -0400] "GET /lib/Zend/Ldap.php HTTP/1.1" 200 - "-" "SAMSUNG-SGH-E250/1.0 Profile/MIDP-2.0 Configuration/CLDC-1.1 UP.Browser/6.2.3.3.c.1.101 (GUI) MMP/2.0 (compatible; Googlebot-Mobile/2.1; +http://www.google.com/bot.html)"
95.108.128.242 - - [07/Sep/2010:06:51:01 -0400] "GET /lib/Zend/Db/Table/Abstract.php HTTP/1.1" 200 537 "-" "Mozilla/5.0 (compatible; YandexBot/3.0; +http://yandex.com/bots)"
95.108.128.242 - - [07/Sep/2010:06:55:41 -0400] "GET /tmp/smTemplate/%252Fhondagabriel%252Fhtml%252Fen%252Fessai_routier%252Fmerci.php%5e%25%251B%5e1BB%5e1BB50E23%25%25merci.php.php HTTP/1.1" 200 463 "-" "Mozilla/5.0 (compatible; YandexBot/3.0; +http://yandex.com/bots)"
216.239.90.241 - - [07/Sep/2010:06:55:56 -0400] "OPTIONS * HTTP/1.0" 200 - "-" "Apache/2.2.11 (FreeBSD) mod_ssl/2.2.11 OpenSSL/0.9.8e DAV/2 PHP/5.2.8 with Suhosin-Patch mod_auth_pgsql/2.0.3 (internal dummy connection)"
95.108.128.242 - - [07/Sep/2010:06:58:00 -0400] "GET /lib/Zend/Search/Lucene/Analysis/Analyzer/Common/ HTTP/1.1" 200 675 "-" "Mozilla/5.0 (compatible; YandexBot/3.0; +http://yandex.com/bots)"
67.195.37.171 - - [07/Sep/2010:06:59:43 -0400] "GET /www.hyundaigabriel.com/ HTTP/1.0" 200 240 "-" "Mozilla/5.0 (compatible; Yahoo! Slurp/3.0; http://help.yahoo.com/help/us/ysearch/slurp)"
216.239.90.241 - - [07/Sep/2010:07:00:01 -0400] "OPTIONS * HTTP/1.0" 200 - "-" "Apache/2.2.11 (FreeBSD) mod_ssl/2.2.11 OpenSSL/0.9.8e DAV/2 PHP/5.2.8 with Suhosin-Patch mod_auth_pgsql/2.0.3 (internal dummy connection)"
216.239.90.241 - - [07/Sep/2010:07:00:01 -0400] "OPTIONS * HTTP/1.0" 200 - "-" "Apache/2.2.11 (FreeBSD) mod_ssl/2.2.11 OpenSSL/0.9.8e DAV/2 PHP/5.2.8 with Suhosin-Patch mod_auth_pgsql/2.0.3 (internal dummy connection)"
216.239.90.241 - - [07/Sep/2010:07:00:01 -0400] "OPTIONS * HTTP/1.0" 200 - "-" "Apache/2.2.11 (FreeBSD) mod_ssl/2.2.11 OpenSSL/0.9.8e DAV/2 PHP/5.2.8 with Suhosin-Patch mod_auth_pgsql/2.0.3 (internal dummy connection)"
216.239.90.241 - - [07/Sep/2010:07:00:01 -0400] "OPTIONS * HTTP/1.0" 200 - "-" "Apache/2.2.11 (FreeBSD) mod_ssl/2.2.11 OpenSSL/0.9.8e DAV/2 PHP/5.2.8 with Suhosin-Patch mod_auth_pgsql/2.0.3 (internal dummy connection)"
216.239.90.241 - - [07/Sep/2010:07:00:01 -0400] "OPTIONS * HTTP/1.0" 200 - "-" "Apache/2.2.11 (FreeBSD) mod_ssl/2.2.11 OpenSSL/0.9.8e DAV/2 PHP/5.2.8 with Suhosin-Patch mod_auth_pgsql/2.0.3 (internal dummy connection)"
216.239.90.241 - - [07/Sep/2010:07:00:01 -0400] "OPTIONS * HTTP/1.0" 200 - "-" "Apache/2.2.11 (FreeBSD) mod_ssl/2.2.11 OpenSSL/0.9.8e DAV/2 PHP/5.2.8 with Suhosin-Patch mod_auth_pgsql/2.0.3 (internal dummy connection)"
216.239.90.241 - - [07/Sep/2010:07:00:01 -0400] "OPTIONS * HTTP/1.0" 200 - "-" "Apache/2.2.11 (FreeBSD) mod_ssl/2.2.11 OpenSSL/0.9.8e DAV/2 PHP/5.2.8 with Suhosin-Patch mod_auth_pgsql/2.0.3 (internal dummy connection)"
216.239.90.241 - - [07/Sep/2010:07:00:01 -0400] "OPTIONS * HTTP/1.0" 200 - "-" "Apache/2.2.11 (FreeBSD) mod_ssl/2.2.11 OpenSSL/0.9.8e DAV/2 PHP/5.2.8 with Suhosin-Patch mod_auth_pgsql/2.0.3 (internal dummy connection)"
216.239.90.241 - - [07/Sep/2010:07:00:01 -0400] "OPTIONS * HTTP/1.0" 200 - "-" "Apache/2.2.11 (FreeBSD) mod_ssl/2.2.11 OpenSSL/0.9.8e DAV/2 PHP/5.2.8 with Suhosin-Patch mod_auth_pgsql/2.0.3 (internal dummy connection)"
216.239.90.241 - - [07/Sep/2010:07:00:04 -0400] "OPTIONS * HTTP/1.0" 200 - "-" "Apache/2.2.11 (FreeBSD) mod_ssl/2.2.11 OpenSSL/0.9.8e DAV/2 PHP/5.2.8 with Suhosin-Patch mod_auth_pgsql/2.0.3 (internal dummy connection)"
216.239.90.241 - - [07/Sep/2010:07:00:04 -0400] "OPTIONS * HTTP/1.0" 200 - "-" "Apache/2.2.11 (FreeBSD) mod_ssl/2.2.11 OpenSSL/0.9.8e DAV/2 PHP/5.2.8 with Suhosin-Patch mod_auth_pgsql/2.0.3 (internal dummy connection)"
216.239.90.241 - - [07/Sep/2010:07:00:04 -0400] "OPTIONS * HTTP/1.0" 200 - "-" "Apache/2.2.11 (FreeBSD) mod_ssl/2.2.11 OpenSSL/0.9.8e DAV/2 PHP/5.2.8 with Suhosin-Patch mod_auth_pgsql/2.0.3 (internal dummy connection)"
216.239.90.241 - - [07/Sep/2010:07:00:04 -0400] "OPTIONS * HTTP/1.0" 200 - "-" "Apache/2.2.11 (FreeBSD) mod_ssl/2.2.11 OpenSSL/0.9.8e DAV/2 PHP/5.2.8 with Suhosin-Patch mod_auth_pgsql/2.0.3 (internal dummy connection)"
216.239.90.241 - - [07/Sep/2010:07:00:04 -0400] "OPTIONS * HTTP/1.0" 200 - "-" "Apache/2.2.11 (FreeBSD) mod_ssl/2.2.11 OpenSSL/0.9.8e DAV/2 PHP/5.2.8 with Suhosin-Patch mod_auth_pgsql/2.0.3 (internal dummy connection)"
216.239.90.241 - - [07/Sep/2010:07:00:04 -0400] "OPTIONS * HTTP/1.0" 200 - "-" "Apache/2.2.11 (FreeBSD) mod_ssl/2.2.11 OpenSSL/0.9.8e DAV/2 PHP/5.2.8 with Suhosin-Patch mod_auth_pgsql/2.0.3 (internal dummy connection)"
216.239.90.241 - - [07/Sep/2010:07:00:04 -0400] "OPTIONS * HTTP/1.0" 200 - "-" "Apache/2.2.11 (FreeBSD) mod_ssl/2.2.11 OpenSSL/0.9.8e DAV/2 PHP/5.2.8 with Suhosin-Patch mod_auth_pgsql/2.0.3 (internal dummy connection)"
95.108.128.242 - - [07/Sep/2010:07:00:20 -0400] "GET /sys/lib/dbo/smarty_dbo.inc.php HTTP/1.1" 200 - "-" "Mozilla/5.0 (compatible; YandexBot/3.0; +http://yandex.com/bots)"
216.239.90.241 - - [07/Sep/2010:07:03:02 -0400] "OPTIONS * HTTP/1.0" 200 - "-" "Apache/2.2.11 (FreeBSD) mod_ssl/2.2.11 OpenSSL/0.9.8e DAV/2 PHP/5.2.8 with Suhosin-Patch mod_auth_pgsql/2.0.3 (internal dummy connection)"
216.239.90.241 - - [07/Sep/2010:07:03:44 -0400] "OPTIONS * HTTP/1.0" 200 - "-" "Apache/2.2.11 (FreeBSD) mod_ssl/2.2.11 OpenSSL/0.9.8e DAV/2 PHP/5.2.8 with Suhosin-Patch mod_auth_pgsql/2.0.3 (internal dummy connection)"
216.239.90.241 - - [07/Sep/2010:07:03:46 -0400] "OPTIONS * HTTP/1.0" 200 - "-" "Apache/2.2.11 (FreeBSD) mod_ssl/2.2.11 OpenSSL/0.9.8e DAV/2 PHP/5.2.8 with Suhosin-Patch mod_auth_pgsql/2.0.3 (internal dummy connection)"
216.239.90.241 - - [07/Sep/2010:07:03:47 -0400] "OPTIONS * HTTP/1.0" 200 - "-" "Apache/2.2.11 (FreeBSD) mod_ssl/2.2.11 OpenSSL/0.9.8e DAV/2 PHP/5.2.8 with Suhosin-Patch mod_auth_pgsql/2.0.3 (internal dummy connection)"
216.239.90.241 - - [07/Sep/2010:07:03:50 -0400] "OPTIONS * HTTP/1.0" 200 - "-" "Apache/2.2.11 (FreeBSD) mod_ssl/2.2.11 OpenSSL/0.9.8e DAV/2 PHP/5.2.8 with Suhosin-Patch mod_auth_pgsql/2.0.3 (internal dummy connection)"
95.108.128.242 - - [07/Sep/2010:07:04:59 -0400] "GET /lib/Zend/Form/Element/Textarea.php HTTP/1.1" 200 543 "-" "Mozilla/5.0 (compatible; YandexBot/3.0; +http://yandex.com/bots)"
216.239.90.241 - - [07/Sep/2010:07:06:14 -0400] "OPTIONS * HTTP/1.0" 200 - "-" "Apache/2.2.11 (FreeBSD) mod_ssl/2.2.11 OpenSSL/0.9.8e DAV/2 PHP/5.2.8 with Suhosin-Patch mod_auth_pgsql/2.0.3 (internal dummy connection)"
216.239.90.241 - - [07/Sep/2010:07:06:15 -0400] "OPTIONS * HTTP/1.0" 200 - "-" "Apache/2.2.11 (FreeBSD) mod_ssl/2.2.11 OpenSSL/0.9.8e DAV/2 PHP/5.2.8 with Suhosin-Patch mod_auth_pgsql/2.0.3 (internal dummy connection)"
216.239.90.241 - - [07/Sep/2010:07:06:16 -0400] "OPTIONS * HTTP/1.0" 200 - "-" "Apache/2.2.11 (FreeBSD) mod_ssl/2.2.11 OpenSSL/0.9.8e DAV/2 PHP/5.2.8 with Suhosin-Patch mod_auth_pgsql/2.0.3 (internal dummy connection)"
216.239.90.241 - - [07/Sep/2010:07:06:17 -0400] "OPTIONS * HTTP/1.0" 200 - "-" "Apache/2.2.11 (FreeBSD) mod_ssl/2.2.11 OpenSSL/0.9.8e DAV/2 PHP/5.2.8 with Suhosin-Patch mod_auth_pgsql/2.0.3 (internal dummy connection)"
216.239.90.241 - - [07/Sep/2010:07:06:18 -0400] "OPTIONS * HTTP/1.0" 200 - "-" "Apache/2.2.11 (FreeBSD) mod_ssl/2.2.11 OpenSSL/0.9.8e DAV/2 PHP/5.2.8 with Suhosin-Patch mod_auth_pgsql/2.0.3 (internal dummy connection)"
216.239.90.241 - - [07/Sep/2010:07:06:19 -0400] "OPTIONS * HTTP/1.0" 200 - "-" "Apache/2.2.11 (FreeBSD) mod_ssl/2.2.11 OpenSSL/0.9.8e DAV/2 PHP/5.2.8 with Suhosin-Patch mod_auth_pgsql/2.0.3 (internal dummy connection)"
216.239.90.241 - - [07/Sep/2010:07:06:20 -0400] "OPTIONS * HTTP/1.0" 200 - "-" "Apache/2.2.11 (FreeBSD) mod_ssl/2.2.11 OpenSSL/0.9.8e DAV/2 PHP/5.2.8 with Suhosin-Patch mod_auth_pgsql/2.0.3 (internal dummy connection)"
216.239.90.241 - - [07/Sep/2010:07:06:21 -0400] "OPTIONS * HTTP/1.0" 200 - "-" "Apache/2.2.11 (FreeBSD) mod_ssl/2.2.11 OpenSSL/0.9.8e DAV/2 PHP/5.2.8 with Suhosin-Patch mod_auth_pgsql/2.0.3 (internal dummy connection)"
216.239.90.241 - - [07/Sep/2010:07:06:22 -0400] "OPTIONS * HTTP/1.0" 200 - "-" "Apache/2.2.11 (FreeBSD) mod_ssl/2.2.11 OpenSSL/0.9.8e DAV/2 PHP/5.2.8 with Suhosin-Patch mod_auth_pgsql/2.0.3 (internal dummy connection)"
216.239.90.241 - - [07/Sep/2010:07:06:23 -0400] "OPTIONS * HTTP/1.0" 200 - "-" "Apache/2.2.11 (FreeBSD) mod_ssl/2.2.11 OpenSSL/0.9.8e DAV/2 PHP/5.2.8 with Suhosin-Patch mod_auth_pgsql/2.0.3 (internal dummy connection)"
216.239.90.241 - - [07/Sep/2010:07:06:24 -0400] "OPTIONS * HTTP/1.0" 200 - "-" "Apache/2.2.11 (FreeBSD) mod_ssl/2.2.11 OpenSSL/0.9.8e DAV/2 PHP/5.2.8 with Suhosin-Patch mod_auth_pgsql/2.0.3 (internal dummy connection)"
216.239.90.241 - - [07/Sep/2010:07:06:25 -0400] "OPTIONS * HTTP/1.0" 200 - "-" "Apache/2.2.11 (FreeBSD) mod_ssl/2.2.11 OpenSSL/0.9.8e DAV/2 PHP/5.2.8 with Suhosin-Patch mod_auth_pgsql/2.0.3 (internal dummy connection)"
216.239.90.241 - - [07/Sep/2010:07:06:26 -0400] "OPTIONS * HTTP/1.0" 200 - "-" "Apache/2.2.11 (FreeBSD) mod_ssl/2.2.11 OpenSSL/0.9.8e DAV/2 PHP/5.2.8 with Suhosin-Patch mod_auth_pgsql/2.0.3 (internal dummy connection)"
216.239.90.241 - - [07/Sep/2010:07:06:27 -0400] "OPTIONS * HTTP/1.0" 200 - "-" "Apache/2.2.11 (FreeBSD) mod_ssl/2.2.11 OpenSSL/0.9.8e DAV/2 PHP/5.2.8 with Suhosin-Patch mod_auth_pgsql/2.0.3 (internal dummy connection)"
216.239.90.241 - - [07/Sep/2010:07:07:05 -0400] "OPTIONS * HTTP/1.0" 200 - "-" "Apache/2.2.11 (FreeBSD) mod_ssl/2.2.11 OpenSSL/0.9.8e DAV/2 PHP/5.2.8 with Suhosin-Patch mod_auth_pgsql/2.0.3 (internal dummy connection)"
95.108.128.242 - - [07/Sep/2010:07:09:39 -0400] "GET /lib/Zend/Service/Amazon/EditorialReview.php HTTP/1.1" 200 - "-" "Mozilla/5.0 (compatible; YandexBot/3.0; +http://yandex.com/bots)"
66.249.65.235 - - [07/Sep/2010:07:10:37 -0400] "GET /lib/Zend/Layout.php HTTP/1.1" 200 - "-" "SAMSUNG-SGH-E250/1.0 Profile/MIDP-2.0 Configuration/CLDC-1.1 UP.Browser/6.2.3.3.c.1.101 (GUI) MMP/2.0 (compatible; Googlebot-Mobile/2.1; +http://www.google.com/bot.html)"
95.108.128.242 - - [07/Sep/2010:07:12:01 -0400] "GET /lib/Pear/Structures/function.require-once HTTP/1.1" 404 - "-" "Mozilla/5.0 (compatible; YandexBot/3.0; +http://yandex.com/bots)"
216.239.90.241 - - [07/Sep/2010:07:12:04 -0400] "OPTIONS * HTTP/1.0" 200 - "-" "Apache/2.2.11 (FreeBSD) mod_ssl/2.2.11 OpenSSL/0.9.8e DAV/2 PHP/5.2.8 with Suhosin-Patch mod_auth_pgsql/2.0.3 (internal dummy connection)"
216.239.90.241 - - [07/Sep/2010:07:12:08 -0400] "OPTIONS * HTTP/1.0" 200 - "-" "Apache/2.2.11 (FreeBSD) mod_ssl/2.2.11 OpenSSL/0.9.8e DAV/2 PHP/5.2.8 with Suhosin-Patch mod_auth_pgsql/2.0.3 (internal dummy connection)"
216.239.90.241 - - [07/Sep/2010:07:12:09 -0400] "OPTIONS * HTTP/1.0" 200 - "-" "Apache/2.2.11 (FreeBSD) mod_ssl/2.2.11 OpenSSL/0.9.8e DAV/2 PHP/5.2.8 with Suhosin-Patch mod_auth_pgsql/2.0.3 (internal dummy connection)"
216.239.90.241 - - [07/Sep/2010:07:15:05 -0400] "OPTIONS * HTTP/1.0" 200 - "-" "Apache/2.2.11 (FreeBSD) mod_ssl/2.2.11 OpenSSL/0.9.8e DAV/2 PHP/5.2.8 with Suhosin-Patch mod_auth_pgsql/2.0.3 (internal dummy connection)"
216.239.90.241 - - [07/Sep/2010:07:15:06 -0400] "OPTIONS * HTTP/1.0" 200 - "-" "Apache/2.2.11 (FreeBSD) mod_ssl/2.2.11 OpenSSL/0.9.8e DAV/2 PHP/5.2.8 with Suhosin-Patch mod_auth_pgsql/2.0.3 (internal dummy connection)"
216.239.90.241 - - [07/Sep/2010:07:15:07 -0400] "OPTIONS * HTTP/1.0" 200 - "-" "Apache/2.2.11 (FreeBSD) mod_ssl/2.2.11 OpenSSL/0.9.8e DAV/2 PHP/5.2.8 with Suhosin-Patch mod_auth_pgsql/2.0.3 (internal dummy connection)"
216.239.90.241 - - [07/Sep/2010:07:15:08 -0400] "OPTIONS * HTTP/1.0" 200 - "-" "Apache/2.2.11 (FreeBSD) mod_ssl/2.2.11 OpenSSL/0.9.8e DAV/2 PHP/5.2.8 with Suhosin-Patch mod_auth_pgsql/2.0.3 (internal dummy connection)"
216.239.90.241 - - [07/Sep/2010:07:15:09 -0400] "OPTIONS * HTTP/1.0" 200 - "-" "Apache/2.2.11 (FreeBSD) mod_ssl/2.2.11 OpenSSL/0.9.8e DAV/2 PHP/5.2.8 with Suhosin-Patch mod_auth_pgsql/2.0.3 (internal dummy connection)"
216.239.90.241 - - [07/Sep/2010:07:15:10 -0400] "OPTIONS * HTTP/1.0" 200 - "-" "Apache/2.2.11 (FreeBSD) mod_ssl/2.2.11 OpenSSL/0.9.8e DAV/2 PHP/5.2.8 with Suhosin-Patch mod_auth_pgsql/2.0.3 (internal dummy connection)"
216.239.90.241 - - [07/Sep/2010:07:15:11 -0400] "OPTIONS * HTTP/1.0" 200 - "-" "Apache/2.2.11 (FreeBSD) mod_ssl/2.2.11 OpenSSL/0.9.8e DAV/2 PHP/5.2.8 with Suhosin-Patch mod_auth_pgsql/2.0.3 (internal dummy connection)"
216.239.90.241 - - [07/Sep/2010:07:15:29 -0400] "OPTIONS * HTTP/1.0" 200 - "-" "Apache/2.2.11 (FreeBSD) mod_ssl/2.2.11 OpenSSL/0.9.8e DAV/2 PHP/5.2.8 with Suhosin-Patch mod_auth_pgsql/2.0.3 (internal dummy connection)"
216.239.90.241 - - [07/Sep/2010:07:15:40 -0400] "OPTIONS * HTTP/1.0" 200 - "-" "Apache/2.2.11 (FreeBSD) mod_ssl/2.2.11 OpenSSL/0.9.8e DAV/2 PHP/5.2.8 with Suhosin-Patch mod_auth_pgsql/2.0.3 (internal dummy connection)"
216.239.90.241 - - [07/Sep/2010:07:15:41 -0400] "OPTIONS * HTTP/1.0" 200 - "-" "Apache/2.2.11 (FreeBSD) mod_ssl/2.2.11 OpenSSL/0.9.8e DAV/2 PHP/5.2.8 with Suhosin-Patch mod_auth_pgsql/2.0.3 (internal dummy connection)"
216.239.90.241 - - [07/Sep/2010:07:15:42 -0400] "OPTIONS * HTTP/1.0" 200 - "-" "Apache/2.2.11 (FreeBSD) mod_ssl/2.2.11 OpenSSL/0.9.8e DAV/2 PHP/5.2.8 with Suhosin-Patch mod_auth_pgsql/2.0.3 (internal dummy connection)"
216.239.90.241 - - [07/Sep/2010:07:15:43 -0400] "OPTIONS * HTTP/1.0" 200 - "-" "Apache/2.2.11 (FreeBSD) mod_ssl/2.2.11 OpenSSL/0.9.8e DAV/2 PHP/5.2.8 with Suhosin-Patch mod_auth_pgsql/2.0.3 (internal dummy connection)"
216.239.90.241 - - [07/Sep/2010:07:15:44 -0400] "OPTIONS * HTTP/1.0" 200 - "-" "Apache/2.2.11 (FreeBSD) mod_ssl/2.2.11 OpenSSL/0.9.8e DAV/2 PHP/5.2.8 with Suhosin-Patch mod_auth_pgsql/2.0.3 (internal dummy connection)"
216.239.90.241 - - [07/Sep/2010:07:15:45 -0400] "OPTIONS * HTTP/1.0" 200 - "-" "Apache/2.2.11 (FreeBSD) mod_ssl/2.2.11 OpenSSL/0.9.8e DAV/2 PHP/5.2.8 with Suhosin-Patch mod_auth_pgsql/2.0.3 (internal dummy connection)"
216.239.90.241 - - [07/Sep/2010:07:15:46 -0400] "OPTIONS * HTTP/1.0" 200 - "-" "Apache/2.2.11 (FreeBSD) mod_ssl/2.2.11 OpenSSL/0.9.8e DAV/2 PHP/5.2.8 with Suhosin-Patch mod_auth_pgsql/2.0.3 (internal dummy connection)"
216.239.90.241 - - [07/Sep/2010:07:15:47 -0400] "OPTIONS * HTTP/1.0" 200 - "-" "Apache/2.2.11 (FreeBSD) mod_ssl/2.2.11 OpenSSL/0.9.8e DAV/2 PHP/5.2.8 with Suhosin-Patch mod_auth_pgsql/2.0.3 (internal dummy connection)"
95.108.128.242 - - [07/Sep/2010:07:16:42 -0400] "GET /lib/Zend/View/Helper/Placeholder/function.require HTTP/1.1" 404 - "-" "Mozilla/5.0 (compatible; YandexBot/3.0; +http://yandex.com/bots)"
95.108.128.242 - - [07/Sep/2010:07:19:03 -0400] "GET /lib/Zend/InfoCard/function.require-once HTTP/1.1" 404 - "-" "Mozilla/5.0 (compatible; YandexBot/3.0; +http://yandex.com/bots)"
216.239.90.241 - - [07/Sep/2010:07:19:21 -0400] "OPTIONS * HTTP/1.0" 200 - "-" "Apache/2.2.11 (FreeBSD) mod_ssl/2.2.11 OpenSSL/0.9.8e DAV/2 PHP/5.2.8 with Suhosin-Patch mod_auth_pgsql/2.0.3 (internal dummy connection)"
216.239.90.241 - - [07/Sep/2010:07:19:22 -0400] "OPTIONS * HTTP/1.0" 200 - "-" "Apache/2.2.11 (FreeBSD) mod_ssl/2.2.11 OpenSSL/0.9.8e DAV/2 PHP/5.2.8 with Suhosin-Patch mod_auth_pgsql/2.0.3 (internal dummy connection)"
216.239.90.241 - - [07/Sep/2010:07:19:23 -0400] "OPTIONS * HTTP/1.0" 200 - "-" "Apache/2.2.11 (FreeBSD) mod_ssl/2.2.11 OpenSSL/0.9.8e DAV/2 PHP/5.2.8 with Suhosin-Patch mod_auth_pgsql/2.0.3 (internal dummy connection)"
216.239.90.241 - - [07/Sep/2010:07:19:24 -0400] "OPTIONS * HTTP/1.0" 200 - "-" "Apache/2.2.11 (FreeBSD) mod_ssl/2.2.11 OpenSSL/0.9.8e DAV/2 PHP/5.2.8 with Suhosin-Patch mod_auth_pgsql/2.0.3 (internal dummy connection)"
216.239.90.241 - - [07/Sep/2010:07:19:25 -0400] "OPTIONS * HTTP/1.0" 200 - "-" "Apache/2.2.11 (FreeBSD) mod_ssl/2.2.11 OpenSSL/0.9.8e DAV/2 PHP/5.2.8 with Suhosin-Patch mod_auth_pgsql/2.0.3 (internal dummy connection)"
216.239.90.241 - - [07/Sep/2010:07:19:26 -0400] "OPTIONS * HTTP/1.0" 200 - "-" "Apache/2.2.11 (FreeBSD) mod_ssl/2.2.11 OpenSSL/0.9.8e DAV/2 PHP/5.2.8 with Suhosin-Patch mod_auth_pgsql/2.0.3 (internal dummy connection)"
216.239.90.241 - - [07/Sep/2010:07:19:29 -0400] "OPTIONS * HTTP/1.0" 200 - "-" "Apache/2.2.11 (FreeBSD) mod_ssl/2.2.11 OpenSSL/0.9.8e DAV/2 PHP/5.2.8 with Suhosin-Patch mod_auth_pgsql/2.0.3 (internal dummy connection)"
216.239.90.241 - - [07/Sep/2010:07:20:52 -0400] "OPTIONS * HTTP/1.0" 200 - "-" "Apache/2.2.11 (FreeBSD) mod_ssl/2.2.11 OpenSSL/0.9.8e DAV/2 PHP/5.2.8 with Suhosin-Patch mod_auth_pgsql/2.0.3 (internal dummy connection)"
216.239.90.241 - - [07/Sep/2010:07:20:56 -0400] "OPTIONS * HTTP/1.0" 200 - "-" "Apache/2.2.11 (FreeBSD) mod_ssl/2.2.11 OpenSSL/0.9.8e DAV/2 PHP/5.2.8 with Suhosin-Patch mod_auth_pgsql/2.0.3 (internal dummy connection)"
95.108.128.242 - - [07/Sep/2010:07:21:25 -0400] "GET /lib/Zend/Service/Amazon.php HTTP/1.1" 200 - "-" "Mozilla/5.0 (compatible; YandexBot/3.0; +http://yandex.com/bots)"
208.80.194.32 - - [07/Sep/2010:07:22:42 -0400] "GET / HTTP/1.0" 200 4087 "-" "Mozilla/4.0 (compatible; MSIE 6.0; Windows NT 5.1; FunWebProducts; SpamBlockerUtility 4.6.1; yplus 5.1.04b)"
216.239.90.241 - - [07/Sep/2010:07:22:57 -0400] "OPTIONS * HTTP/1.0" 200 - "-" "Apache/2.2.11 (FreeBSD) mod_ssl/2.2.11 OpenSSL/0.9.8e DAV/2 PHP/5.2.8 with Suhosin-Patch mod_auth_pgsql/2.0.3 (internal dummy connection)"
216.239.90.241 - - [07/Sep/2010:07:22:58 -0400] "OPTIONS * HTTP/1.0" 200 - "-" "Apache/2.2.11 (FreeBSD) mod_ssl/2.2.11 OpenSSL/0.9.8e DAV/2 PHP/5.2.8 with Suhosin-Patch mod_auth_pgsql/2.0.3 (internal dummy connection)"
216.239.90.241 - - [07/Sep/2010:07:22:59 -0400] "OPTIONS * HTTP/1.0" 200 - "-" "Apache/2.2.11 (FreeBSD) mod_ssl/2.2.11 OpenSSL/0.9.8e DAV/2 PHP/5.2.8 with Suhosin-Patch mod_auth_pgsql/2.0.3 (internal dummy connection)"
216.239.90.241 - - [07/Sep/2010:07:23:00 -0400] "OPTIONS * HTTP/1.0" 200 - "-" "Apache/2.2.11 (FreeBSD) mod_ssl/2.2.11 OpenSSL/0.9.8e DAV/2 PHP/5.2.8 with Suhosin-Patch mod_auth_pgsql/2.0.3 (internal dummy connection)"
216.239.90.241 - - [07/Sep/2010:07:23:01 -0400] "OPTIONS * HTTP/1.0" 200 - "-" "Apache/2.2.11 (FreeBSD) mod_ssl/2.2.11 OpenSSL/0.9.8e DAV/2 PHP/5.2.8 with Suhosin-Patch mod_auth_pgsql/2.0.3 (internal dummy connection)"
216.239.90.241 - - [07/Sep/2010:07:23:02 -0400] "OPTIONS * HTTP/1.0" 200 - "-" "Apache/2.2.11 (FreeBSD) mod_ssl/2.2.11 OpenSSL/0.9.8e DAV/2 PHP/5.2.8 with Suhosin-Patch mod_auth_pgsql/2.0.3 (internal dummy connection)"
216.239.90.241 - - [07/Sep/2010:07:23:03 -0400] "OPTIONS * HTTP/1.0" 200 - "-" "Apache/2.2.11 (FreeBSD) mod_ssl/2.2.11 OpenSSL/0.9.8e DAV/2 PHP/5.2.8 with Suhosin-Patch mod_auth_pgsql/2.0.3 (internal dummy connection)"
216.239.90.241 - - [07/Sep/2010:07:23:04 -0400] "OPTIONS * HTTP/1.0" 200 - "-" "Apache/2.2.11 (FreeBSD) mod_ssl/2.2.11 OpenSSL/0.9.8e DAV/2 PHP/5.2.8 with Suhosin-Patch mod_auth_pgsql/2.0.3 (internal dummy connection)"
216.239.90.241 - - [07/Sep/2010:07:23:05 -0400] "OPTIONS * HTTP/1.0" 200 - "-" "Apache/2.2.11 (FreeBSD) mod_ssl/2.2.11 OpenSSL/0.9.8e DAV/2 PHP/5.2.8 with Suhosin-Patch mod_auth_pgsql/2.0.3 (internal dummy connection)"
216.239.90.241 - - [07/Sep/2010:07:23:06 -0400] "OPTIONS * HTTP/1.0" 200 - "-" "Apache/2.2.11 (FreeBSD) mod_ssl/2.2.11 OpenSSL/0.9.8e DAV/2 PHP/5.2.8 with Suhosin-Patch mod_auth_pgsql/2.0.3 (internal dummy connection)"
216.239.90.241 - - [07/Sep/2010:07:23:07 -0400] "OPTIONS * HTTP/1.0" 200 - "-" "Apache/2.2.11 (FreeBSD) mod_ssl/2.2.11 OpenSSL/0.9.8e DAV/2 PHP/5.2.8 with Suhosin-Patch mod_auth_pgsql/2.0.3 (internal dummy connection)"
216.239.90.241 - - [07/Sep/2010:07:23:08 -0400] "OPTIONS * HTTP/1.0" 200 - "-" "Apache/2.2.11 (FreeBSD) mod_ssl/2.2.11 OpenSSL/0.9.8e DAV/2 PHP/5.2.8 with Suhosin-Patch mod_auth_pgsql/2.0.3 (internal dummy connection)"
216.239.90.241 - - [07/Sep/2010:07:23:09 -0400] "OPTIONS * HTTP/1.0" 200 - "-" "Apache/2.2.11 (FreeBSD) mod_ssl/2.2.11 OpenSSL/0.9.8e DAV/2 PHP/5.2.8 with Suhosin-Patch mod_auth_pgsql/2.0.3 (internal dummy connection)"
216.239.90.241 - - [07/Sep/2010:07:23:10 -0400] "OPTIONS * HTTP/1.0" 200 - "-" "Apache/2.2.11 (FreeBSD) mod_ssl/2.2.11 OpenSSL/0.9.8e DAV/2 PHP/5.2.8 with Suhosin-Patch mod_auth_pgsql/2.0.3 (internal dummy connection)"
216.239.90.241 - - [07/Sep/2010:07:23:11 -0400] "OPTIONS * HTTP/1.0" 200 - "-" "Apache/2.2.11 (FreeBSD) mod_ssl/2.2.11 OpenSSL/0.9.8e DAV/2 PHP/5.2.8 with Suhosin-Patch mod_auth_pgsql/2.0.3 (internal dummy connection)"
216.239.90.241 - - [07/Sep/2010:07:23:12 -0400] "OPTIONS * HTTP/1.0" 200 - "-" "Apache/2.2.11 (FreeBSD) mod_ssl/2.2.11 OpenSSL/0.9.8e DAV/2 PHP/5.2.8 with Suhosin-Patch mod_auth_pgsql/2.0.3 (internal dummy connection)"
216.239.90.241 - - [07/Sep/2010:07:23:13 -0400] "OPTIONS * HTTP/1.0" 200 - "-" "Apache/2.2.11 (FreeBSD) mod_ssl/2.2.11 OpenSSL/0.9.8e DAV/2 PHP/5.2.8 with Suhosin-Patch mod_auth_pgsql/2.0.3 (internal dummy connection)"
216.239.90.241 - - [07/Sep/2010:07:23:14 -0400] "OPTIONS * HTTP/1.0" 200 - "-" "Apache/2.2.11 (FreeBSD) mod_ssl/2.2.11 OpenSSL/0.9.8e DAV/2 PHP/5.2.8 with Suhosin-Patch mod_auth_pgsql/2.0.3 (internal dummy connection)"
216.239.90.241 - - [07/Sep/2010:07:23:15 -0400] "OPTIONS * HTTP/1.0" 200 - "-" "Apache/2.2.11 (FreeBSD) mod_ssl/2.2.11 OpenSSL/0.9.8e DAV/2 PHP/5.2.8 with Suhosin-Patch mod_auth_pgsql/2.0.3 (internal dummy connection)"
216.239.90.241 - - [07/Sep/2010:07:23:16 -0400] "OPTIONS * HTTP/1.0" 200 - "-" "Apache/2.2.11 (FreeBSD) mod_ssl/2.2.11 OpenSSL/0.9.8e DAV/2 PHP/5.2.8 with Suhosin-Patch mod_auth_pgsql/2.0.3 (internal dummy connection)"
216.239.90.241 - - [07/Sep/2010:07:23:17 -0400] "OPTIONS * HTTP/1.0" 200 - "-" "Apache/2.2.11 (FreeBSD) mod_ssl/2.2.11 OpenSSL/0.9.8e DAV/2 PHP/5.2.8 with Suhosin-Patch mod_auth_pgsql/2.0.3 (internal dummy connection)"
216.239.90.241 - - [07/Sep/2010:07:23:18 -0400] "OPTIONS * HTTP/1.0" 200 - "-" "Apache/2.2.11 (FreeBSD) mod_ssl/2.2.11 OpenSSL/0.9.8e DAV/2 PHP/5.2.8 with Suhosin-Patch mod_auth_pgsql/2.0.3 (internal dummy connection)"
216.239.90.241 - - [07/Sep/2010:07:23:19 -0400] "OPTIONS * HTTP/1.0" 200 - "-" "Apache/2.2.11 (FreeBSD) mod_ssl/2.2.11 OpenSSL/0.9.8e DAV/2 PHP/5.2.8 with Suhosin-Patch mod_auth_pgsql/2.0.3 (internal dummy connection)"
216.239.90.241 - - [07/Sep/2010:07:23:26 -0400] "OPTIONS * HTTP/1.0" 200 - "-" "Apache/2.2.11 (FreeBSD) mod_ssl/2.2.11 OpenSSL/0.9.8e DAV/2 PHP/5.2.8 with Suhosin-Patch mod_auth_pgsql/2.0.3 (internal dummy connection)"
65.55.3.172 - - [07/Sep/2010:07:23:26 -0400] "GET /robots.txt HTTP/1.1" 404 - "-" "msnbot/2.0b (+http://search.msn.com/msnbot.htm)._"
65.55.3.172 - - [07/Sep/2010:07:23:26 -0400] "GET / HTTP/1.1" 200 4087 "-" "msnbot/2.0b (+http://search.msn.com/msnbot.htm)._"
216.239.90.241 - - [07/Sep/2010:07:23:27 -0400] "OPTIONS * HTTP/1.0" 200 - "-" "Apache/2.2.11 (FreeBSD) mod_ssl/2.2.11 OpenSSL/0.9.8e DAV/2 PHP/5.2.8 with Suhosin-Patch mod_auth_pgsql/2.0.3 (internal dummy connection)"
216.239.90.241 - - [07/Sep/2010:07:23:28 -0400] "OPTIONS * HTTP/1.0" 200 - "-" "Apache/2.2.11 (FreeBSD) mod_ssl/2.2.11 OpenSSL/0.9.8e DAV/2 PHP/5.2.8 with Suhosin-Patch mod_auth_pgsql/2.0.3 (internal dummy connection)"
65.55.3.172 - - [07/Sep/2010:07:23:28 -0400] "GET /.lesshst HTTP/1.1" 200 35 "-" "msnbot/2.0b (+http://search.msn.com/msnbot.htm)._"
216.239.90.241 - - [07/Sep/2010:07:23:29 -0400] "OPTIONS * HTTP/1.0" 200 - "-" "Apache/2.2.11 (FreeBSD) mod_ssl/2.2.11 OpenSSL/0.9.8e DAV/2 PHP/5.2.8 with Suhosin-Patch mod_auth_pgsql/2.0.3 (internal dummy connection)"
65.55.3.172 - - [07/Sep/2010:07:23:29 -0400] "GET /CX9/ HTTP/1.1" 200 258 "-" "msnbot/2.0b (+http://search.msn.com/msnbot.htm)._"
216.239.90.241 - - [07/Sep/2010:07:23:30 -0400] "OPTIONS * HTTP/1.0" 200 - "-" "Apache/2.2.11 (FreeBSD) mod_ssl/2.2.11 OpenSSL/0.9.8e DAV/2 PHP/5.2.8 with Suhosin-Patch mod_auth_pgsql/2.0.3 (internal dummy connection)"
65.55.3.172 - - [07/Sep/2010:07:23:30 -0400] "GET /Images/ HTTP/1.1" 200 2384 "-" "msnbot/2.0b (+http://search.msn.com/msnbot.htm)._"
216.239.90.241 - - [07/Sep/2010:07:23:31 -0400] "OPTIONS * HTTP/1.0" 200 - "-" "Apache/2.2.11 (FreeBSD) mod_ssl/2.2.11 OpenSSL/0.9.8e DAV/2 PHP/5.2.8 with Suhosin-Patch mod_auth_pgsql/2.0.3 (internal dummy connection)"
65.55.3.172 - - [07/Sep/2010:07:23:31 -0400] "GET /Library/ HTTP/1.1" 200 512 "-" "msnbot/2.0b (+http://search.msn.com/msnbot.htm)._"
216.239.90.241 - - [07/Sep/2010:07:23:32 -0400] "OPTIONS * HTTP/1.0" 200 - "-" "Apache/2.2.11 (FreeBSD) mod_ssl/2.2.11 OpenSSL/0.9.8e DAV/2 PHP/5.2.8 with Suhosin-Patch mod_auth_pgsql/2.0.3 (internal dummy connection)"
216.239.90.241 - - [07/Sep/2010:07:23:33 -0400] "OPTIONS * HTTP/1.0" 200 - "-" "Apache/2.2.11 (FreeBSD) mod_ssl/2.2.11 OpenSSL/0.9.8e DAV/2 PHP/5.2.8 with Suhosin-Patch mod_auth_pgsql/2.0.3 (internal dummy connection)"
65.55.3.172 - - [07/Sep/2010:07:23:33 -0400] "GET /Scripts/ HTTP/1.1" 200 288 "-" "msnbot/2.0b (+http://search.msn.com/msnbot.htm)._"
65.55.3.172 - - [07/Sep/2010:07:23:34 -0400] "GET /Templates/ HTTP/1.1" 200 1366 "-" "msnbot/2.0b (+http://search.msn.com/msnbot.htm)._"
216.239.90.241 - - [07/Sep/2010:07:23:35 -0400] "OPTIONS * HTTP/1.0" 200 - "-" "Apache/2.2.11 (FreeBSD) mod_ssl/2.2.11 OpenSSL/0.9.8e DAV/2 PHP/5.2.8 with Suhosin-Patch mod_auth_pgsql/2.0.3 (internal dummy connection)"
65.55.3.172 - - [07/Sep/2010:07:23:35 -0400] "GET /access_log HTTP/1.1" 200 398413 "-" "msnbot/2.0b (+http://search.msn.com/msnbot.htm)._"
95.108.128.242 - - [07/Sep/2010:07:23:46 -0400] "GET /hyundaigabriel/html/en/equipe/ HTTP/1.1" 404 - "-" "Mozilla/5.0 (compatible; YandexBot/3.0; +http://yandex.com/bots)"
65.55.3.172 - - [07/Sep/2010:07:23:58 -0400] "GET /access_log.0 HTTP/1.0" 200 4143456 "-" "msnbot/2.0b (+http://search.msn.com/msnbot.htm)._"
65.55.3.172 - - [07/Sep/2010:07:24:01 -0400] "GET /access_log.1 HTTP/1.1" 200 3669930 "-" "msnbot/2.0b (+http://search.msn.com/msnbot.htm)._"
65.55.3.172 - - [07/Sep/2010:07:24:04 -0400] "GET /access_log.2 HTTP/1.1" 200 3583743 "-" "msnbot/2.0b (+http://search.msn.com/msnbot.htm)._"
