65.55.3.172 - - [07/Sep/2010:07:24:06 -0400] "GET /access_log.3 HTTP/1.1" 200 3932276 "-" "msnbot/2.0b (+http://search.msn.com/msnbot.htm)._"
65.55.3.172 - - [07/Sep/2010:07:24:09 -0400] "GET /access_log.4 HTTP/1.1" 200 4055585 "-" "msnbot/2.0b (+http://search.msn.com/msnbot.htm)._"
65.55.3.172 - - [07/Sep/2010:07:24:11 -0400] "GET /access_log.5 HTTP/1.1" 200 4748822 "-" "msnbot/2.0b (+http://search.msn.com/msnbot.htm)._"
65.55.3.172 - - [07/Sep/2010:07:24:13 -0400] "GET /access_log.6 HTTP/1.1" 200 4518533 "-" "msnbot/2.0b (+http://search.msn.com/msnbot.htm)._"
65.55.3.172 - - [07/Sep/2010:07:24:15 -0400] "GET /access_log.7 HTTP/1.1" 200 4687271 "-" "msnbot/2.0b (+http://search.msn.com/msnbot.htm)._"
65.55.3.172 - - [07/Sep/2010:07:24:18 -0400] "GET /audiboutique/ HTTP/1.1" 200 286 "-" "msnbot/2.0b (+http://search.msn.com/msnbot.htm)._"
65.55.3.172 - - [07/Sep/2010:07:24:20 -0400] "GET /automax/ HTTP/1.1" 200 218 "-" "msnbot/2.0b (+http://search.msn.com/msnbot.htm)._"
65.55.3.172 - - [07/Sep/2010:07:24:21 -0400] "GET /awstats_faq.html HTTP/1.1" 200 109279 "-" "msnbot/2.0b (+http://search.msn.com/msnbot.htm)._"
65.55.3.172 - - [07/Sep/2010:07:24:24 -0400] "GET /awstats_setup.html HTTP/1.1" 200 25213 "-" "msnbot/2.0b (+http://search.msn.com/msnbot.htm)._"
65.55.3.172 - - [07/Sep/2010:07:24:26 -0400] "GET /brochure/ HTTP/1.1" 200 220 "-" "msnbot/2.0b (+http://search.msn.com/msnbot.htm)._"
65.55.3.172 - - [07/Sep/2010:07:24:27 -0400] "GET /cancar-pub/ HTTP/1.1" 200 304 "-" "msnbot/2.0b (+http://search.msn.com/msnbot.htm)._"
65.55.3.172 - - [07/Sep/2010:07:24:28 -0400] "GET /cron_update.log HTTP/1.1" 200 - "-" "msnbot/2.0b (+http://search.msn.com/msnbot.htm)._"
65.55.3.172 - - [07/Sep/2010:07:24:30 -0400] "GET /crontab HTTP/1.1" 200 109 "-" "msnbot/2.0b (+http://search.msn.com/msnbot.htm)._"
65.55.3.172 - - [07/Sep/2010:07:24:31 -0400] "GET /data.dat HTTP/1.1" 200 2757 "-" "msnbot/2.0b (+http://search.msn.com/msnbot.htm)._"
65.55.3.172 - - [07/Sep/2010:07:24:33 -0400] "GET /dead.letter HTTP/1.1" 200 94165144 "-" "msnbot/2.0b (+http://search.msn.com/msnbot.htm)._"
216.239.90.241 - - [07/Sep/2010:07:24:36 -0400] "OPTIONS * HTTP/1.0" 200 - "-" "Apache/2.2.11 (FreeBSD) mod_ssl/2.2.11 OpenSSL/0.9.8e DAV/2 PHP/5.2.8 with Suhosin-Patch mod_auth_pgsql/2.0.3 (internal dummy connection)"
65.55.3.172 - - [07/Sep/2010:07:24:36 -0400] "GET /demande/ HTTP/1.1" 200 7545 "-" "msnbot/2.0b (+http://search.msn.com/msnbot.htm)._"
216.239.90.241 - - [07/Sep/2010:07:24:37 -0400] "OPTIONS * HTTP/1.0" 200 - "-" "Apache/2.2.11 (FreeBSD) mod_ssl/2.2.11 OpenSSL/0.9.8e DAV/2 PHP/5.2.8 with Suhosin-Patch mod_auth_pgsql/2.0.3 (internal dummy connection)"
216.239.90.241 - - [07/Sep/2010:07:24:38 -0400] "OPTIONS * HTTP/1.0" 200 - "-" "Apache/2.2.11 (FreeBSD) mod_ssl/2.2.11 OpenSSL/0.9.8e DAV/2 PHP/5.2.8 with Suhosin-Patch mod_auth_pgsql/2.0.3 (internal dummy connection)"
65.55.3.172 - - [07/Sep/2010:07:24:38 -0400] "GET /download/ HTTP/1.1" 200 482 "-" "msnbot/2.0b (+http://search.msn.com/msnbot.htm)._"
65.55.3.172 - - [07/Sep/2010:07:24:39 -0400] "GET /error_log HTTP/1.1" 200 144980 "-" "msnbot/2.0b (+http://search.msn.com/msnbot.htm)._"
65.55.3.172 - - [07/Sep/2010:07:24:43 -0400] "GET /error_log.0 HTTP/1.1" 200 383546 "-" "msnbot/2.0b (+http://search.msn.com/msnbot.htm)._"
65.55.3.172 - - [07/Sep/2010:07:24:47 -0400] "GET /error_log.1 HTTP/1.1" 200 417151 "-" "msnbot/2.0b (+http://search.msn.com/msnbot.htm)._"
65.55.3.172 - - [07/Sep/2010:07:24:51 -0400] "GET /error_log.2 HTTP/1.1" 200 343855 "-" "msnbot/2.0b (+http://search.msn.com/msnbot.htm)._"
65.55.3.172 - - [07/Sep/2010:07:24:54 -0400] "GET /error_log.3 HTTP/1.1" 200 456142 "-" "msnbot/2.0b (+http://search.msn.com/msnbot.htm)._"
65.55.3.172 - - [07/Sep/2010:07:24:57 -0400] "GET /error_log.4 HTTP/1.1" 200 258792 "-" "msnbot/2.0b (+http://search.msn.com/msnbot.htm)._"
65.55.3.172 - - [07/Sep/2010:07:25:01 -0400] "GET /error_log.5 HTTP/1.1" 200 569778 "-" "msnbot/2.0b (+http://search.msn.com/msnbot.htm)._"
65.55.3.172 - - [07/Sep/2010:07:25:04 -0400] "GET /error_log.6 HTTP/1.1" 200 214970 "-" "msnbot/2.0b (+http://search.msn.com/msnbot.htm)._"
65.55.3.172 - - [07/Sep/2010:07:25:08 -0400] "GET /error_log.7 HTTP/1.1" 200 367974 "-" "msnbot/2.0b (+http://search.msn.com/msnbot.htm)._"
216.239.90.241 - - [07/Sep/2010:07:25:10 -0400] "OPTIONS * HTTP/1.0" 200 - "-" "Apache/2.2.11 (FreeBSD) mod_ssl/2.2.11 OpenSSL/0.9.8e DAV/2 PHP/5.2.8 with Suhosin-Patch mod_auth_pgsql/2.0.3 (internal dummy connection)"
216.239.90.241 - - [07/Sep/2010:07:25:11 -0400] "OPTIONS * HTTP/1.0" 200 - "-" "Apache/2.2.11 (FreeBSD) mod_ssl/2.2.11 OpenSSL/0.9.8e DAV/2 PHP/5.2.8 with Suhosin-Patch mod_auth_pgsql/2.0.3 (internal dummy connection)"
65.55.3.172 - - [07/Sep/2010:07:25:11 -0400] "GET /httpd-vhosts.conf HTTP/1.1" 200 691 "-" "msnbot/2.0b (+http://search.msn.com/msnbot.htm)._"
216.239.90.241 - - [07/Sep/2010:07:25:12 -0400] "OPTIONS * HTTP/1.0" 200 - "-" "Apache/2.2.11 (FreeBSD) mod_ssl/2.2.11 OpenSSL/0.9.8e DAV/2 PHP/5.2.8 with Suhosin-Patch mod_auth_pgsql/2.0.3 (internal dummy connection)"
65.55.3.172 - - [07/Sep/2010:07:25:13 -0400] "GET /invitation/ HTTP/1.1" 200 278 "-" "msnbot/2.0b (+http://search.msn.com/msnbot.htm)._"
216.239.90.241 - - [07/Sep/2010:07:25:13 -0400] "OPTIONS * HTTP/1.0" 200 - "-" "Apache/2.2.11 (FreeBSD) mod_ssl/2.2.11 OpenSSL/0.9.8e DAV/2 PHP/5.2.8 with Suhosin-Patch mod_auth_pgsql/2.0.3 (internal dummy connection)"
65.55.3.172 - - [07/Sep/2010:07:25:14 -0400] "GET /lib/ HTTP/1.1" 200 426 "-" "msnbot/2.0b (+http://search.msn.com/msnbot.htm)._"
216.239.90.241 - - [07/Sep/2010:07:25:14 -0400] "OPTIONS * HTTP/1.0" 200 - "-" "Apache/2.2.11 (FreeBSD) mod_ssl/2.2.11 OpenSSL/0.9.8e DAV/2 PHP/5.2.8 with Suhosin-Patch mod_auth_pgsql/2.0.3 (internal dummy connection)"
65.55.3.172 - - [07/Sep/2010:07:25:15 -0400] "GET /lo/ HTTP/1.1" 200 208 "-" "msnbot/2.0b (+http://search.msn.com/msnbot.htm)._"
65.55.3.172 - - [07/Sep/2010:07:25:17 -0400] "GET /mailing_Rappel_12mois/ HTTP/1.1" 200 3885 "-" "msnbot/2.0b (+http://search.msn.com/msnbot.htm)._"
216.239.90.241 - - [07/Sep/2010:07:25:17 -0400] "OPTIONS * HTTP/1.0" 200 - "-" "Apache/2.2.11 (FreeBSD) mod_ssl/2.2.11 OpenSSL/0.9.8e DAV/2 PHP/5.2.8 with Suhosin-Patch mod_auth_pgsql/2.0.3 (internal dummy connection)"
65.55.3.172 - - [07/Sep/2010:07:25:18 -0400] "GET /mailing_hiver/ HTTP/1.1" 200 488 "-" "msnbot/2.0b (+http://search.msn.com/msnbot.htm)._"
216.239.90.241 - - [07/Sep/2010:07:25:18 -0400] "OPTIONS * HTTP/1.0" 200 - "-" "Apache/2.2.11 (FreeBSD) mod_ssl/2.2.11 OpenSSL/0.9.8e DAV/2 PHP/5.2.8 with Suhosin-Patch mod_auth_pgsql/2.0.3 (internal dummy connection)"
216.239.90.241 - - [07/Sep/2010:07:25:19 -0400] "OPTIONS * HTTP/1.0" 200 - "-" "Apache/2.2.11 (FreeBSD) mod_ssl/2.2.11 OpenSSL/0.9.8e DAV/2 PHP/5.2.8 with Suhosin-Patch mod_auth_pgsql/2.0.3 (internal dummy connection)"
65.55.3.172 - - [07/Sep/2010:07:25:20 -0400] "GET /mutation/ HTTP/1.1" 200 463 "-" "msnbot/2.0b (+http://search.msn.com/msnbot.htm)._"
216.239.90.241 - - [07/Sep/2010:07:25:20 -0400] "OPTIONS * HTTP/1.0" 200 - "-" "Apache/2.2.11 (FreeBSD) mod_ssl/2.2.11 OpenSSL/0.9.8e DAV/2 PHP/5.2.8 with Suhosin-Patch mod_auth_pgsql/2.0.3 (internal dummy connection)"
65.55.3.172 - - [07/Sep/2010:07:25:21 -0400] "GET /mysqldb/ HTTP/1.1" 200 3292 "-" "msnbot/2.0b (+http://search.msn.com/msnbot.htm)._"
65.55.3.172 - - [07/Sep/2010:07:25:22 -0400] "GET /postit/ HTTP/1.1" 200 200 "-" "msnbot/2.0b (+http://search.msn.com/msnbot.htm)._"
65.55.3.172 - - [07/Sep/2010:07:25:24 -0400] "GET /spavmr/ HTTP/1.1" 200 219 "-" "msnbot/2.0b (+http://search.msn.com/msnbot.htm)._"
65.55.3.172 - - [07/Sep/2010:07:25:25 -0400] "GET /stats/ HTTP/1.1" 302 - "-" "msnbot/2.0b (+http://search.msn.com/msnbot.htm)._"
65.55.3.172 - - [07/Sep/2010:07:25:26 -0400] "GET /sys/ HTTP/1.1" 200 980 "-" "msnbot/2.0b (+http://search.msn.com/msnbot.htm)._"
65.55.3.172 - - [07/Sep/2010:07:25:28 -0400] "GET /tmp/ HTTP/1.1" 200 368 "-" "msnbot/2.0b (+http://search.msn.com/msnbot.htm)._"
65.55.3.172 - - [07/Sep/2010:07:25:29 -0400] "GET /www.acuragabriel.com/ HTTP/1.1" 200 236 "-" "msnbot/2.0b (+http://search.msn.com/msnbot.htm)._"
216.239.90.241 - - [07/Sep/2010:07:25:30 -0400] "OPTIONS * HTTP/1.0" 200 - "-" "Apache/2.2.11 (FreeBSD) mod_ssl/2.2.11 OpenSSL/0.9.8e DAV/2 PHP/5.2.8 with Suhosin-Patch mod_auth_pgsql/2.0.3 (internal dummy connection)"
65.55.3.172 - - [07/Sep/2010:07:25:30 -0400] "GET /www.audiprestige.com/ HTTP/1.1" 200 236 "-" "msnbot/2.0b (+http://search.msn.com/msnbot.htm)._"
216.239.90.241 - - [07/Sep/2010:07:25:31 -0400] "OPTIONS * HTTP/1.0" 200 - "-" "Apache/2.2.11 (FreeBSD) mod_ssl/2.2.11 OpenSSL/0.9.8e DAV/2 PHP/5.2.8 with Suhosin-Patch mod_auth_pgsql/2.0.3 (internal dummy connection)"
216.239.90.241 - - [07/Sep/2010:07:25:32 -0400] "OPTIONS * HTTP/1.0" 200 - "-" "Apache/2.2.11 (FreeBSD) mod_ssl/2.2.11 OpenSSL/0.9.8e DAV/2 PHP/5.2.8 with Suhosin-Patch mod_auth_pgsql/2.0.3 (internal dummy connection)"
65.55.3.172 - - [07/Sep/2010:07:25:32 -0400] "GET /www.audiprestigeddo.com/ HTTP/1.1" 200 242 "-" "msnbot/2.0b (+http://search.msn.com/msnbot.htm)._"
216.239.90.241 - - [07/Sep/2010:07:25:33 -0400] "OPTIONS * HTTP/1.0" 200 - "-" "Apache/2.2.11 (FreeBSD) mod_ssl/2.2.11 OpenSSL/0.9.8e DAV/2 PHP/5.2.8 with Suhosin-Patch mod_auth_pgsql/2.0.3 (internal dummy connection)"
65.55.3.172 - - [07/Sep/2010:07:25:33 -0400] "GET /www.fordlincolngabriel.com/ HTTP/1.1" 200 260 "-" "msnbot/2.0b (+http://search.msn.com/msnbot.htm)._"
216.239.90.241 - - [07/Sep/2010:07:25:34 -0400] "OPTIONS * HTTP/1.0" 200 - "-" "Apache/2.2.11 (FreeBSD) mod_ssl/2.2.11 OpenSSL/0.9.8e DAV/2 PHP/5.2.8 with Suhosin-Patch mod_auth_pgsql/2.0.3 (internal dummy connection)"
65.55.3.172 - - [07/Sep/2010:07:25:34 -0400] "GET /www.gabriel.ca/ HTTP/1.1" 301 230 "-" "msnbot/2.0b (+http://search.msn.com/msnbot.htm)._"
216.239.90.241 - - [07/Sep/2010:07:25:35 -0400] "OPTIONS * HTTP/1.0" 200 - "-" "Apache/2.2.11 (FreeBSD) mod_ssl/2.2.11 OpenSSL/0.9.8e DAV/2 PHP/5.2.8 with Suhosin-Patch mod_auth_pgsql/2.0.3 (internal dummy connection)"
65.55.3.172 - - [07/Sep/2010:07:25:36 -0400] "GET /www.hondagabriel.com/ HTTP/1.1" 200 236 "-" "msnbot/2.0b (+http://search.msn.com/msnbot.htm)._"
65.55.3.172 - - [07/Sep/2010:07:25:37 -0400] "GET /www.hyundaigabriel.com/ HTTP/1.1" 200 240 "-" "msnbot/2.0b (+http://search.msn.com/msnbot.htm)._"
65.55.3.172 - - [07/Sep/2010:07:25:39 -0400] "GET /www.hyundaipresident.com/ HTTP/1.1" 200 244 "-" "msnbot/2.0b (+http://search.msn.com/msnbot.htm)._"
65.55.3.172 - - [07/Sep/2010:07:25:40 -0400] "GET /www.hyundaiprestige.com/ HTTP/1.1" 200 251 "-" "msnbot/2.0b (+http://search.msn.com/msnbot.htm)._"
65.55.3.172 - - [07/Sep/2010:07:25:42 -0400] "GET /www.lexusgabriel.com/ HTTP/1.1" 200 236 "-" "msnbot/2.0b (+http://search.msn.com/msnbot.htm)._"
65.55.3.172 - - [07/Sep/2010:07:25:43 -0400] "GET /www.lexusprestige.com/ HTTP/1.1" 200 238 "-" "msnbot/2.0b (+http://search.msn.com/msnbot.htm)._"
65.55.3.172 - - [07/Sep/2010:07:25:45 -0400] "GET /www.mazdagabriel.com/ HTTP/1.1" 200 236 "-" "msnbot/2.0b (+http://search.msn.com/msnbot.htm)._"
65.55.3.172 - - [07/Sep/2010:07:25:46 -0400] "GET /www.mazdapresident.com/ HTTP/1.1" 200 240 "-" "msnbot/2.0b (+http://search.msn.com/msnbot.htm)._"
65.55.3.172 - - [07/Sep/2010:07:25:48 -0400] "GET /www.mitsubishigabriel.com/ HTTP/1.1" 301 1 "-" "msnbot/2.0b (+http://search.msn.com/msnbot.htm)._"
65.55.3.172 - - [07/Sep/2010:07:25:49 -0400] "GET /www.nissangabriel.com/ HTTP/1.1" 200 238 "-" "msnbot/2.0b (+http://search.msn.com/msnbot.htm)._"
65.55.3.172 - - [07/Sep/2010:07:25:50 -0400] "GET /www.occasiongabriel.com/ HTTP/1.1" 200 242 "-" "msnbot/2.0b (+http://search.msn.com/msnbot.htm)._"
65.55.3.172 - - [07/Sep/2010:07:25:52 -0400] "GET /www.porscheprestige.com/ HTTP/1.1" 200 242 "-" "msnbot/2.0b (+http://search.msn.com/msnbot.htm)._"
65.55.3.172 - - [07/Sep/2010:07:25:54 -0400] "GET /www.toyotagabriel.com/ HTTP/1.1" 200 238 "-" "msnbot/2.0b (+http://search.msn.com/msnbot.htm)._"
65.55.3.172 - - [07/Sep/2010:07:25:55 -0400] "GET /www.toyotapresident.com/ HTTP/1.1" 200 242 "-" "msnbot/2.0b (+http://search.msn.com/msnbot.htm)._"
65.55.3.172 - - [07/Sep/2010:07:25:56 -0400] "GET /www.volkswagengabriel.com/ HTTP/1.1" 200 246 "-" "msnbot/2.0b (+http://search.msn.com/msnbot.htm)._"
95.108.128.242 - - [07/Sep/2010:07:26:07 -0400] "GET /sys/lib/xml/xmlToArray.inc.php HTTP/1.1" 200 - "-" "Mozilla/5.0 (compatible; YandexBot/3.0; +http://yandex.com/bots)"
216.239.90.241 - - [07/Sep/2010:07:26:11 -0400] "OPTIONS * HTTP/1.0" 200 - "-" "Apache/2.2.11 (FreeBSD) mod_ssl/2.2.11 OpenSSL/0.9.8e DAV/2 PHP/5.2.8 with Suhosin-Patch mod_auth_pgsql/2.0.3 (internal dummy connection)"
216.239.90.241 - - [07/Sep/2010:07:26:12 -0400] "OPTIONS * HTTP/1.0" 200 - "-" "Apache/2.2.11 (FreeBSD) mod_ssl/2.2.11 OpenSSL/0.9.8e DAV/2 PHP/5.2.8 with Suhosin-Patch mod_auth_pgsql/2.0.3 (internal dummy connection)"
216.239.90.241 - - [07/Sep/2010:07:26:14 -0400] "OPTIONS * HTTP/1.0" 200 - "-" "Apache/2.2.11 (FreeBSD) mod_ssl/2.2.11 OpenSSL/0.9.8e DAV/2 PHP/5.2.8 with Suhosin-Patch mod_auth_pgsql/2.0.3 (internal dummy connection)"
65.55.3.172 - - [07/Sep/2010:07:26:19 -0400] "GET /www.volkswagengabrielstconstant.com/ HTTP/1.0" 200 266 "-" "msnbot/2.0b (+http://search.msn.com/msnbot.htm)._"
65.55.3.172 - - [07/Sep/2010:07:26:21 -0400] "GET /www.volkswagenprestige.com/ HTTP/1.1" 301 237 "-" "msnbot/2.0b (+http://search.msn.com/msnbot.htm)._"
65.55.3.172 - - [07/Sep/2010:07:26:22 -0400] "GET /fr HTTP/1.1" 404 - "-" "msnbot/2.0b (+http://search.msn.com/msnbot.htm)._"
216.239.90.241 - - [07/Sep/2010:07:27:51 -0400] "OPTIONS * HTTP/1.0" 200 - "-" "Apache/2.2.11 (FreeBSD) mod_ssl/2.2.11 OpenSSL/0.9.8e DAV/2 PHP/5.2.8 with Suhosin-Patch mod_auth_pgsql/2.0.3 (internal dummy connection)"
216.239.90.241 - - [07/Sep/2010:07:27:52 -0400] "OPTIONS * HTTP/1.0" 200 - "-" "Apache/2.2.11 (FreeBSD) mod_ssl/2.2.11 OpenSSL/0.9.8e DAV/2 PHP/5.2.8 with Suhosin-Patch mod_auth_pgsql/2.0.3 (internal dummy connection)"
216.239.90.241 - - [07/Sep/2010:07:27:53 -0400] "OPTIONS * HTTP/1.0" 200 - "-" "Apache/2.2.11 (FreeBSD) mod_ssl/2.2.11 OpenSSL/0.9.8e DAV/2 PHP/5.2.8 with Suhosin-Patch mod_auth_pgsql/2.0.3 (internal dummy connection)"
95.108.128.242 - - [07/Sep/2010:07:28:27 -0400] "GET /lib/Maestro_v1/plugins/import/DumpSQL.inc.php HTTP/1.1" 200 - "-" "Mozilla/5.0 (compatible; YandexBot/3.0; +http://yandex.com/bots)"
216.239.90.241 - - [07/Sep/2010:07:28:34 -0400] "OPTIONS * HTTP/1.0" 200 - "-" "Apache/2.2.11 (FreeBSD) mod_ssl/2.2.11 OpenSSL/0.9.8e DAV/2 PHP/5.2.8 with Suhosin-Patch mod_auth_pgsql/2.0.3 (internal dummy connection)"
66.249.65.235 - - [07/Sep/2010:07:30:03 -0400] "GET /lib/Zend/Dojo.php HTTP/1.1" 200 - "-" "SAMSUNG-SGH-E250/1.0 Profile/MIDP-2.0 Configuration/CLDC-1.1 UP.Browser/6.2.3.3.c.1.101 (GUI) MMP/2.0 (compatible; Googlebot-Mobile/2.1; +http://www.google.com/bot.html)"
216.239.90.241 - - [07/Sep/2010:07:32:11 -0400] "OPTIONS * HTTP/1.0" 200 - "-" "Apache/2.2.11 (FreeBSD) mod_ssl/2.2.11 OpenSSL/0.9.8e DAV/2 PHP/5.2.8 with Suhosin-Patch mod_auth_pgsql/2.0.3 (internal dummy connection)"
216.239.90.241 - - [07/Sep/2010:07:32:12 -0400] "OPTIONS * HTTP/1.0" 200 - "-" "Apache/2.2.11 (FreeBSD) mod_ssl/2.2.11 OpenSSL/0.9.8e DAV/2 PHP/5.2.8 with Suhosin-Patch mod_auth_pgsql/2.0.3 (internal dummy connection)"
216.239.90.241 - - [07/Sep/2010:07:32:13 -0400] "OPTIONS * HTTP/1.0" 200 - "-" "Apache/2.2.11 (FreeBSD) mod_ssl/2.2.11 OpenSSL/0.9.8e DAV/2 PHP/5.2.8 with Suhosin-Patch mod_auth_pgsql/2.0.3 (internal dummy connection)"
216.239.90.241 - - [07/Sep/2010:07:32:14 -0400] "OPTIONS * HTTP/1.0" 200 - "-" "Apache/2.2.11 (FreeBSD) mod_ssl/2.2.11 OpenSSL/0.9.8e DAV/2 PHP/5.2.8 with Suhosin-Patch mod_auth_pgsql/2.0.3 (internal dummy connection)"
216.239.90.241 - - [07/Sep/2010:07:32:15 -0400] "OPTIONS * HTTP/1.0" 200 - "-" "Apache/2.2.11 (FreeBSD) mod_ssl/2.2.11 OpenSSL/0.9.8e DAV/2 PHP/5.2.8 with Suhosin-Patch mod_auth_pgsql/2.0.3 (internal dummy connection)"
216.239.90.241 - - [07/Sep/2010:07:32:16 -0400] "OPTIONS * HTTP/1.0" 200 - "-" "Apache/2.2.11 (FreeBSD) mod_ssl/2.2.11 OpenSSL/0.9.8e DAV/2 PHP/5.2.8 with Suhosin-Patch mod_auth_pgsql/2.0.3 (internal dummy connection)"
216.239.90.241 - - [07/Sep/2010:07:32:17 -0400] "OPTIONS * HTTP/1.0" 200 - "-" "Apache/2.2.11 (FreeBSD) mod_ssl/2.2.11 OpenSSL/0.9.8e DAV/2 PHP/5.2.8 with Suhosin-Patch mod_auth_pgsql/2.0.3 (internal dummy connection)"
207.46.13.99 - - [07/Sep/2010:07:32:52 -0400] "GET /robots.txt HTTP/1.1" 404 - "-" "msnbot/2.0b (+http://search.msn.com/msnbot.htm)"
66.249.65.225 - - [07/Sep/2010:07:33:00 -0400] "GET /lib/GabrielClient/Model/Team.php HTTP/1.1" 200 - "-" "DoCoMo/2.0 N905i(c100;TB;W24H16) (compatible; Googlebot-Mobile/2.1; +http://www.google.com/bot.html)"
95.108.128.242 - - [07/Sep/2010:07:33:09 -0400] "GET /lib/Zend/Locale/Data/te_IN.xml HTTP/1.1" 200 291 "-" "Mozilla/5.0 (compatible; YandexBot/3.0; +http://yandex.com/bots)"
216.239.90.241 - - [07/Sep/2010:07:35:12 -0400] "OPTIONS * HTTP/1.0" 200 - "-" "Apache/2.2.11 (FreeBSD) mod_ssl/2.2.11 OpenSSL/0.9.8e DAV/2 PHP/5.2.8 with Suhosin-Patch mod_auth_pgsql/2.0.3 (internal dummy connection)"
216.239.90.241 - - [07/Sep/2010:07:35:14 -0400] "OPTIONS * HTTP/1.0" 200 - "-" "Apache/2.2.11 (FreeBSD) mod_ssl/2.2.11 OpenSSL/0.9.8e DAV/2 PHP/5.2.8 with Suhosin-Patch mod_auth_pgsql/2.0.3 (internal dummy connection)"
216.239.90.241 - - [07/Sep/2010:07:35:15 -0400] "OPTIONS * HTTP/1.0" 200 - "-" "Apache/2.2.11 (FreeBSD) mod_ssl/2.2.11 OpenSSL/0.9.8e DAV/2 PHP/5.2.8 with Suhosin-Patch mod_auth_pgsql/2.0.3 (internal dummy connection)"
216.239.90.241 - - [07/Sep/2010:07:35:16 -0400] "OPTIONS * HTTP/1.0" 200 - "-" "Apache/2.2.11 (FreeBSD) mod_ssl/2.2.11 OpenSSL/0.9.8e DAV/2 PHP/5.2.8 with Suhosin-Patch mod_auth_pgsql/2.0.3 (internal dummy connection)"
216.239.90.241 - - [07/Sep/2010:07:35:17 -0400] "OPTIONS * HTTP/1.0" 200 - "-" "Apache/2.2.11 (FreeBSD) mod_ssl/2.2.11 OpenSSL/0.9.8e DAV/2 PHP/5.2.8 with Suhosin-Patch mod_auth_pgsql/2.0.3 (internal dummy connection)"
216.239.90.241 - - [07/Sep/2010:07:35:18 -0400] "OPTIONS * HTTP/1.0" 200 - "-" "Apache/2.2.11 (FreeBSD) mod_ssl/2.2.11 OpenSSL/0.9.8e DAV/2 PHP/5.2.8 with Suhosin-Patch mod_auth_pgsql/2.0.3 (internal dummy connection)"
216.239.90.241 - - [07/Sep/2010:07:35:19 -0400] "OPTIONS * HTTP/1.0" 200 - "-" "Apache/2.2.11 (FreeBSD) mod_ssl/2.2.11 OpenSSL/0.9.8e DAV/2 PHP/5.2.8 with Suhosin-Patch mod_auth_pgsql/2.0.3 (internal dummy connection)"
216.239.90.241 - - [07/Sep/2010:07:35:20 -0400] "OPTIONS * HTTP/1.0" 200 - "-" "Apache/2.2.11 (FreeBSD) mod_ssl/2.2.11 OpenSSL/0.9.8e DAV/2 PHP/5.2.8 with Suhosin-Patch mod_auth_pgsql/2.0.3 (internal dummy connection)"
95.108.128.242 - - [07/Sep/2010:07:37:52 -0400] "GET /html/fr/demo/index.php HTTP/1.1" 404 - "-" "Mozilla/5.0 (compatible; YandexBot/3.0; +http://yandex.com/bots)"
216.239.90.241 - - [07/Sep/2010:07:39:10 -0400] "OPTIONS * HTTP/1.0" 200 - "-" "Apache/2.2.11 (FreeBSD) mod_ssl/2.2.11 OpenSSL/0.9.8e DAV/2 PHP/5.2.8 with Suhosin-Patch mod_auth_pgsql/2.0.3 (internal dummy connection)"
216.239.90.241 - - [07/Sep/2010:07:39:19 -0400] "OPTIONS * HTTP/1.0" 200 - "-" "Apache/2.2.11 (FreeBSD) mod_ssl/2.2.11 OpenSSL/0.9.8e DAV/2 PHP/5.2.8 with Suhosin-Patch mod_auth_pgsql/2.0.3 (internal dummy connection)"
216.239.90.241 - - [07/Sep/2010:07:39:45 -0400] "OPTIONS * HTTP/1.0" 200 - "-" "Apache/2.2.11 (FreeBSD) mod_ssl/2.2.11 OpenSSL/0.9.8e DAV/2 PHP/5.2.8 with Suhosin-Patch mod_auth_pgsql/2.0.3 (internal dummy connection)"
216.239.90.241 - - [07/Sep/2010:07:39:46 -0400] "OPTIONS * HTTP/1.0" 200 - "-" "Apache/2.2.11 (FreeBSD) mod_ssl/2.2.11 OpenSSL/0.9.8e DAV/2 PHP/5.2.8 with Suhosin-Patch mod_auth_pgsql/2.0.3 (internal dummy connection)"
216.239.90.241 - - [07/Sep/2010:07:39:47 -0400] "OPTIONS * HTTP/1.0" 200 - "-" "Apache/2.2.11 (FreeBSD) mod_ssl/2.2.11 OpenSSL/0.9.8e DAV/2 PHP/5.2.8 with Suhosin-Patch mod_auth_pgsql/2.0.3 (internal dummy connection)"
216.239.90.241 - - [07/Sep/2010:07:39:48 -0400] "OPTIONS * HTTP/1.0" 200 - "-" "Apache/2.2.11 (FreeBSD) mod_ssl/2.2.11 OpenSSL/0.9.8e DAV/2 PHP/5.2.8 with Suhosin-Patch mod_auth_pgsql/2.0.3 (internal dummy connection)"
216.239.90.241 - - [07/Sep/2010:07:39:49 -0400] "OPTIONS * HTTP/1.0" 200 - "-" "Apache/2.2.11 (FreeBSD) mod_ssl/2.2.11 OpenSSL/0.9.8e DAV/2 PHP/5.2.8 with Suhosin-Patch mod_auth_pgsql/2.0.3 (internal dummy connection)"
216.239.90.241 - - [07/Sep/2010:07:39:50 -0400] "OPTIONS * HTTP/1.0" 200 - "-" "Apache/2.2.11 (FreeBSD) mod_ssl/2.2.11 OpenSSL/0.9.8e DAV/2 PHP/5.2.8 with Suhosin-Patch mod_auth_pgsql/2.0.3 (internal dummy connection)"
216.239.90.241 - - [07/Sep/2010:07:39:51 -0400] "OPTIONS * HTTP/1.0" 200 - "-" "Apache/2.2.11 (FreeBSD) mod_ssl/2.2.11 OpenSSL/0.9.8e DAV/2 PHP/5.2.8 with Suhosin-Patch mod_auth_pgsql/2.0.3 (internal dummy connection)"
216.239.90.241 - - [07/Sep/2010:07:39:52 -0400] "OPTIONS * HTTP/1.0" 200 - "-" "Apache/2.2.11 (FreeBSD) mod_ssl/2.2.11 OpenSSL/0.9.8e DAV/2 PHP/5.2.8 with Suhosin-Patch mod_auth_pgsql/2.0.3 (internal dummy connection)"
216.239.90.241 - - [07/Sep/2010:07:39:53 -0400] "OPTIONS * HTTP/1.0" 200 - "-" "Apache/2.2.11 (FreeBSD) mod_ssl/2.2.11 OpenSSL/0.9.8e DAV/2 PHP/5.2.8 with Suhosin-Patch mod_auth_pgsql/2.0.3 (internal dummy connection)"
216.239.90.241 - - [07/Sep/2010:07:39:54 -0400] "OPTIONS * HTTP/1.0" 200 - "-" "Apache/2.2.11 (FreeBSD) mod_ssl/2.2.11 OpenSSL/0.9.8e DAV/2 PHP/5.2.8 with Suhosin-Patch mod_auth_pgsql/2.0.3 (internal dummy connection)"
216.239.90.241 - - [07/Sep/2010:07:39:55 -0400] "OPTIONS * HTTP/1.0" 200 - "-" "Apache/2.2.11 (FreeBSD) mod_ssl/2.2.11 OpenSSL/0.9.8e DAV/2 PHP/5.2.8 with Suhosin-Patch mod_auth_pgsql/2.0.3 (internal dummy connection)"
216.239.90.241 - - [07/Sep/2010:07:39:56 -0400] "OPTIONS * HTTP/1.0" 200 - "-" "Apache/2.2.11 (FreeBSD) mod_ssl/2.2.11 OpenSSL/0.9.8e DAV/2 PHP/5.2.8 with Suhosin-Patch mod_auth_pgsql/2.0.3 (internal dummy connection)"
216.239.90.241 - - [07/Sep/2010:07:39:57 -0400] "OPTIONS * HTTP/1.0" 200 - "-" "Apache/2.2.11 (FreeBSD) mod_ssl/2.2.11 OpenSSL/0.9.8e DAV/2 PHP/5.2.8 with Suhosin-Patch mod_auth_pgsql/2.0.3 (internal dummy connection)"
216.239.90.241 - - [07/Sep/2010:07:40:07 -0400] "OPTIONS * HTTP/1.0" 200 - "-" "Apache/2.2.11 (FreeBSD) mod_ssl/2.2.11 OpenSSL/0.9.8e DAV/2 PHP/5.2.8 with Suhosin-Patch mod_auth_pgsql/2.0.3 (internal dummy connection)"
216.239.90.241 - - [07/Sep/2010:07:40:08 -0400] "OPTIONS * HTTP/1.0" 200 - "-" "Apache/2.2.11 (FreeBSD) mod_ssl/2.2.11 OpenSSL/0.9.8e DAV/2 PHP/5.2.8 with Suhosin-Patch mod_auth_pgsql/2.0.3 (internal dummy connection)"
216.239.90.241 - - [07/Sep/2010:07:40:09 -0400] "OPTIONS * HTTP/1.0" 200 - "-" "Apache/2.2.11 (FreeBSD) mod_ssl/2.2.11 OpenSSL/0.9.8e DAV/2 PHP/5.2.8 with Suhosin-Patch mod_auth_pgsql/2.0.3 (internal dummy connection)"
216.239.90.241 - - [07/Sep/2010:07:40:10 -0400] "OPTIONS * HTTP/1.0" 200 - "-" "Apache/2.2.11 (FreeBSD) mod_ssl/2.2.11 OpenSSL/0.9.8e DAV/2 PHP/5.2.8 with Suhosin-Patch mod_auth_pgsql/2.0.3 (internal dummy connection)"
216.239.90.241 - - [07/Sep/2010:07:40:11 -0400] "OPTIONS * HTTP/1.0" 200 - "-" "Apache/2.2.11 (FreeBSD) mod_ssl/2.2.11 OpenSSL/0.9.8e DAV/2 PHP/5.2.8 with Suhosin-Patch mod_auth_pgsql/2.0.3 (internal dummy connection)"
216.239.90.241 - - [07/Sep/2010:07:40:12 -0400] "OPTIONS * HTTP/1.0" 200 - "-" "Apache/2.2.11 (FreeBSD) mod_ssl/2.2.11 OpenSSL/0.9.8e DAV/2 PHP/5.2.8 with Suhosin-Patch mod_auth_pgsql/2.0.3 (internal dummy connection)"
95.108.128.242 - - [07/Sep/2010:07:40:12 -0400] "GET /lib/Zend/Acl/Assert/Interface.php HTTP/1.1" 200 511 "-" "Mozilla/5.0 (compatible; YandexBot/3.0; +http://yandex.com/bots)"
216.239.90.241 - - [07/Sep/2010:07:40:13 -0400] "OPTIONS * HTTP/1.0" 200 - "-" "Apache/2.2.11 (FreeBSD) mod_ssl/2.2.11 OpenSSL/0.9.8e DAV/2 PHP/5.2.8 with Suhosin-Patch mod_auth_pgsql/2.0.3 (internal dummy connection)"
216.239.90.241 - - [07/Sep/2010:07:40:14 -0400] "OPTIONS * HTTP/1.0" 200 - "-" "Apache/2.2.11 (FreeBSD) mod_ssl/2.2.11 OpenSSL/0.9.8e DAV/2 PHP/5.2.8 with Suhosin-Patch mod_auth_pgsql/2.0.3 (internal dummy connection)"
216.239.90.241 - - [07/Sep/2010:07:40:15 -0400] "OPTIONS * HTTP/1.0" 200 - "-" "Apache/2.2.11 (FreeBSD) mod_ssl/2.2.11 OpenSSL/0.9.8e DAV/2 PHP/5.2.8 with Suhosin-Patch mod_auth_pgsql/2.0.3 (internal dummy connection)"
216.239.90.241 - - [07/Sep/2010:07:40:16 -0400] "OPTIONS * HTTP/1.0" 200 - "-" "Apache/2.2.11 (FreeBSD) mod_ssl/2.2.11 OpenSSL/0.9.8e DAV/2 PHP/5.2.8 with Suhosin-Patch mod_auth_pgsql/2.0.3 (internal dummy connection)"
216.239.90.241 - - [07/Sep/2010:07:40:17 -0400] "OPTIONS * HTTP/1.0" 200 - "-" "Apache/2.2.11 (FreeBSD) mod_ssl/2.2.11 OpenSSL/0.9.8e DAV/2 PHP/5.2.8 with Suhosin-Patch mod_auth_pgsql/2.0.3 (internal dummy connection)"
216.239.90.241 - - [07/Sep/2010:07:40:18 -0400] "OPTIONS * HTTP/1.0" 200 - "-" "Apache/2.2.11 (FreeBSD) mod_ssl/2.2.11 OpenSSL/0.9.8e DAV/2 PHP/5.2.8 with Suhosin-Patch mod_auth_pgsql/2.0.3 (internal dummy connection)"
216.239.90.241 - - [07/Sep/2010:07:40:19 -0400] "OPTIONS * HTTP/1.0" 200 - "-" "Apache/2.2.11 (FreeBSD) mod_ssl/2.2.11 OpenSSL/0.9.8e DAV/2 PHP/5.2.8 with Suhosin-Patch mod_auth_pgsql/2.0.3 (internal dummy connection)"
216.239.90.241 - - [07/Sep/2010:07:40:20 -0400] "OPTIONS * HTTP/1.0" 200 - "-" "Apache/2.2.11 (FreeBSD) mod_ssl/2.2.11 OpenSSL/0.9.8e DAV/2 PHP/5.2.8 with Suhosin-Patch mod_auth_pgsql/2.0.3 (internal dummy connection)"
216.239.90.241 - - [07/Sep/2010:07:40:21 -0400] "OPTIONS * HTTP/1.0" 200 - "-" "Apache/2.2.11 (FreeBSD) mod_ssl/2.2.11 OpenSSL/0.9.8e DAV/2 PHP/5.2.8 with Suhosin-Patch mod_auth_pgsql/2.0.3 (internal dummy connection)"
216.239.90.241 - - [07/Sep/2010:07:40:22 -0400] "OPTIONS * HTTP/1.0" 200 - "-" "Apache/2.2.11 (FreeBSD) mod_ssl/2.2.11 OpenSSL/0.9.8e DAV/2 PHP/5.2.8 with Suhosin-Patch mod_auth_pgsql/2.0.3 (internal dummy connection)"
216.239.90.241 - - [07/Sep/2010:07:40:28 -0400] "OPTIONS * HTTP/1.0" 200 - "-" "Apache/2.2.11 (FreeBSD) mod_ssl/2.2.11 OpenSSL/0.9.8e DAV/2 PHP/5.2.8 with Suhosin-Patch mod_auth_pgsql/2.0.3 (internal dummy connection)"
216.239.90.241 - - [07/Sep/2010:07:40:46 -0400] "OPTIONS * HTTP/1.0" 200 - "-" "Apache/2.2.11 (FreeBSD) mod_ssl/2.2.11 OpenSSL/0.9.8e DAV/2 PHP/5.2.8 with Suhosin-Patch mod_auth_pgsql/2.0.3 (internal dummy connection)"
216.239.90.241 - - [07/Sep/2010:07:40:51 -0400] "OPTIONS * HTTP/1.0" 200 - "-" "Apache/2.2.11 (FreeBSD) mod_ssl/2.2.11 OpenSSL/0.9.8e DAV/2 PHP/5.2.8 with Suhosin-Patch mod_auth_pgsql/2.0.3 (internal dummy connection)"
216.239.90.241 - - [07/Sep/2010:07:40:52 -0400] "OPTIONS * HTTP/1.0" 200 - "-" "Apache/2.2.11 (FreeBSD) mod_ssl/2.2.11 OpenSSL/0.9.8e DAV/2 PHP/5.2.8 with Suhosin-Patch mod_auth_pgsql/2.0.3 (internal dummy connection)"
216.239.90.241 - - [07/Sep/2010:07:40:53 -0400] "OPTIONS * HTTP/1.0" 200 - "-" "Apache/2.2.11 (FreeBSD) mod_ssl/2.2.11 OpenSSL/0.9.8e DAV/2 PHP/5.2.8 with Suhosin-Patch mod_auth_pgsql/2.0.3 (internal dummy connection)"
216.239.90.241 - - [07/Sep/2010:07:40:54 -0400] "OPTIONS * HTTP/1.0" 200 - "-" "Apache/2.2.11 (FreeBSD) mod_ssl/2.2.11 OpenSSL/0.9.8e DAV/2 PHP/5.2.8 with Suhosin-Patch mod_auth_pgsql/2.0.3 (internal dummy connection)"
216.239.90.241 - - [07/Sep/2010:07:40:59 -0400] "OPTIONS * HTTP/1.0" 200 - "-" "Apache/2.2.11 (FreeBSD) mod_ssl/2.2.11 OpenSSL/0.9.8e DAV/2 PHP/5.2.8 with Suhosin-Patch mod_auth_pgsql/2.0.3 (internal dummy connection)"
216.239.90.241 - - [07/Sep/2010:07:41:00 -0400] "OPTIONS * HTTP/1.0" 200 - "-" "Apache/2.2.11 (FreeBSD) mod_ssl/2.2.11 OpenSSL/0.9.8e DAV/2 PHP/5.2.8 with Suhosin-Patch mod_auth_pgsql/2.0.3 (internal dummy connection)"
216.239.90.241 - - [07/Sep/2010:07:41:08 -0400] "OPTIONS * HTTP/1.0" 200 - "-" "Apache/2.2.11 (FreeBSD) mod_ssl/2.2.11 OpenSSL/0.9.8e DAV/2 PHP/5.2.8 with Suhosin-Patch mod_auth_pgsql/2.0.3 (internal dummy connection)"
216.239.90.241 - - [07/Sep/2010:07:41:39 -0400] "OPTIONS * HTTP/1.0" 200 - "-" "Apache/2.2.11 (FreeBSD) mod_ssl/2.2.11 OpenSSL/0.9.8e DAV/2 PHP/5.2.8 with Suhosin-Patch mod_auth_pgsql/2.0.3 (internal dummy connection)"
216.239.90.241 - - [07/Sep/2010:07:41:49 -0400] "OPTIONS * HTTP/1.0" 200 - "-" "Apache/2.2.11 (FreeBSD) mod_ssl/2.2.11 OpenSSL/0.9.8e DAV/2 PHP/5.2.8 with Suhosin-Patch mod_auth_pgsql/2.0.3 (internal dummy connection)"
216.239.90.241 - - [07/Sep/2010:07:41:50 -0400] "OPTIONS * HTTP/1.0" 200 - "-" "Apache/2.2.11 (FreeBSD) mod_ssl/2.2.11 OpenSSL/0.9.8e DAV/2 PHP/5.2.8 with Suhosin-Patch mod_auth_pgsql/2.0.3 (internal dummy connection)"
216.239.90.241 - - [07/Sep/2010:07:41:51 -0400] "OPTIONS * HTTP/1.0" 200 - "-" "Apache/2.2.11 (FreeBSD) mod_ssl/2.2.11 OpenSSL/0.9.8e DAV/2 PHP/5.2.8 with Suhosin-Patch mod_auth_pgsql/2.0.3 (internal dummy connection)"
216.239.90.241 - - [07/Sep/2010:07:41:52 -0400] "OPTIONS * HTTP/1.0" 200 - "-" "Apache/2.2.11 (FreeBSD) mod_ssl/2.2.11 OpenSSL/0.9.8e DAV/2 PHP/5.2.8 with Suhosin-Patch mod_auth_pgsql/2.0.3 (internal dummy connection)"
216.239.90.241 - - [07/Sep/2010:07:41:53 -0400] "OPTIONS * HTTP/1.0" 200 - "-" "Apache/2.2.11 (FreeBSD) mod_ssl/2.2.11 OpenSSL/0.9.8e DAV/2 PHP/5.2.8 with Suhosin-Patch mod_auth_pgsql/2.0.3 (internal dummy connection)"
216.239.90.241 - - [07/Sep/2010:07:41:54 -0400] "OPTIONS * HTTP/1.0" 200 - "-" "Apache/2.2.11 (FreeBSD) mod_ssl/2.2.11 OpenSSL/0.9.8e DAV/2 PHP/5.2.8 with Suhosin-Patch mod_auth_pgsql/2.0.3 (internal dummy connection)"
216.239.90.241 - - [07/Sep/2010:07:41:55 -0400] "OPTIONS * HTTP/1.0" 200 - "-" "Apache/2.2.11 (FreeBSD) mod_ssl/2.2.11 OpenSSL/0.9.8e DAV/2 PHP/5.2.8 with Suhosin-Patch mod_auth_pgsql/2.0.3 (internal dummy connection)"
216.239.90.241 - - [07/Sep/2010:07:41:56 -0400] "OPTIONS * HTTP/1.0" 200 - "-" "Apache/2.2.11 (FreeBSD) mod_ssl/2.2.11 OpenSSL/0.9.8e DAV/2 PHP/5.2.8 with Suhosin-Patch mod_auth_pgsql/2.0.3 (internal dummy connection)"
216.239.90.241 - - [07/Sep/2010:07:41:57 -0400] "OPTIONS * HTTP/1.0" 200 - "-" "Apache/2.2.11 (FreeBSD) mod_ssl/2.2.11 OpenSSL/0.9.8e DAV/2 PHP/5.2.8 with Suhosin-Patch mod_auth_pgsql/2.0.3 (internal dummy connection)"
216.239.90.241 - - [07/Sep/2010:07:41:58 -0400] "OPTIONS * HTTP/1.0" 200 - "-" "Apache/2.2.11 (FreeBSD) mod_ssl/2.2.11 OpenSSL/0.9.8e DAV/2 PHP/5.2.8 with Suhosin-Patch mod_auth_pgsql/2.0.3 (internal dummy connection)"
216.239.90.241 - - [07/Sep/2010:07:41:59 -0400] "OPTIONS * HTTP/1.0" 200 - "-" "Apache/2.2.11 (FreeBSD) mod_ssl/2.2.11 OpenSSL/0.9.8e DAV/2 PHP/5.2.8 with Suhosin-Patch mod_auth_pgsql/2.0.3 (internal dummy connection)"
95.108.128.242 - - [07/Sep/2010:07:42:34 -0400] "GET /lib/Zend/Locale/Data/tig_ER.xml HTTP/1.1" 200 292 "-" "Mozilla/5.0 (compatible; YandexBot/3.0; +http://yandex.com/bots)"
216.239.90.241 - - [07/Sep/2010:07:42:36 -0400] "OPTIONS * HTTP/1.0" 200 - "-" "Apache/2.2.11 (FreeBSD) mod_ssl/2.2.11 OpenSSL/0.9.8e DAV/2 PHP/5.2.8 with Suhosin-Patch mod_auth_pgsql/2.0.3 (internal dummy connection)"
216.239.90.241 - - [07/Sep/2010:07:42:41 -0400] "OPTIONS * HTTP/1.0" 200 - "-" "Apache/2.2.11 (FreeBSD) mod_ssl/2.2.11 OpenSSL/0.9.8e DAV/2 PHP/5.2.8 with Suhosin-Patch mod_auth_pgsql/2.0.3 (internal dummy connection)"
216.239.90.241 - - [07/Sep/2010:07:42:42 -0400] "OPTIONS * HTTP/1.0" 200 - "-" "Apache/2.2.11 (FreeBSD) mod_ssl/2.2.11 OpenSSL/0.9.8e DAV/2 PHP/5.2.8 with Suhosin-Patch mod_auth_pgsql/2.0.3 (internal dummy connection)"
216.239.90.241 - - [07/Sep/2010:07:42:43 -0400] "OPTIONS * HTTP/1.0" 200 - "-" "Apache/2.2.11 (FreeBSD) mod_ssl/2.2.11 OpenSSL/0.9.8e DAV/2 PHP/5.2.8 with Suhosin-Patch mod_auth_pgsql/2.0.3 (internal dummy connection)"
216.239.90.241 - - [07/Sep/2010:07:42:44 -0400] "OPTIONS * HTTP/1.0" 200 - "-" "Apache/2.2.11 (FreeBSD) mod_ssl/2.2.11 OpenSSL/0.9.8e DAV/2 PHP/5.2.8 with Suhosin-Patch mod_auth_pgsql/2.0.3 (internal dummy connection)"
216.239.90.241 - - [07/Sep/2010:07:42:45 -0400] "OPTIONS * HTTP/1.0" 200 - "-" "Apache/2.2.11 (FreeBSD) mod_ssl/2.2.11 OpenSSL/0.9.8e DAV/2 PHP/5.2.8 with Suhosin-Patch mod_auth_pgsql/2.0.3 (internal dummy connection)"
216.239.90.241 - - [07/Sep/2010:07:42:46 -0400] "OPTIONS * HTTP/1.0" 200 - "-" "Apache/2.2.11 (FreeBSD) mod_ssl/2.2.11 OpenSSL/0.9.8e DAV/2 PHP/5.2.8 with Suhosin-Patch mod_auth_pgsql/2.0.3 (internal dummy connection)"
216.239.90.241 - - [07/Sep/2010:07:42:47 -0400] "OPTIONS * HTTP/1.0" 200 - "-" "Apache/2.2.11 (FreeBSD) mod_ssl/2.2.11 OpenSSL/0.9.8e DAV/2 PHP/5.2.8 with Suhosin-Patch mod_auth_pgsql/2.0.3 (internal dummy connection)"
216.239.90.241 - - [07/Sep/2010:07:42:48 -0400] "OPTIONS * HTTP/1.0" 200 - "-" "Apache/2.2.11 (FreeBSD) mod_ssl/2.2.11 OpenSSL/0.9.8e DAV/2 PHP/5.2.8 with Suhosin-Patch mod_auth_pgsql/2.0.3 (internal dummy connection)"
216.239.90.241 - - [07/Sep/2010:07:42:49 -0400] "OPTIONS * HTTP/1.0" 200 - "-" "Apache/2.2.11 (FreeBSD) mod_ssl/2.2.11 OpenSSL/0.9.8e DAV/2 PHP/5.2.8 with Suhosin-Patch mod_auth_pgsql/2.0.3 (internal dummy connection)"
216.239.90.241 - - [07/Sep/2010:07:42:50 -0400] "OPTIONS * HTTP/1.0" 200 - "-" "Apache/2.2.11 (FreeBSD) mod_ssl/2.2.11 OpenSSL/0.9.8e DAV/2 PHP/5.2.8 with Suhosin-Patch mod_auth_pgsql/2.0.3 (internal dummy connection)"
216.239.90.241 - - [07/Sep/2010:07:42:51 -0400] "OPTIONS * HTTP/1.0" 200 - "-" "Apache/2.2.11 (FreeBSD) mod_ssl/2.2.11 OpenSSL/0.9.8e DAV/2 PHP/5.2.8 with Suhosin-Patch mod_auth_pgsql/2.0.3 (internal dummy connection)"
216.239.90.241 - - [07/Sep/2010:07:42:52 -0400] "OPTIONS * HTTP/1.0" 200 - "-" "Apache/2.2.11 (FreeBSD) mod_ssl/2.2.11 OpenSSL/0.9.8e DAV/2 PHP/5.2.8 with Suhosin-Patch mod_auth_pgsql/2.0.3 (internal dummy connection)"
216.239.90.241 - - [07/Sep/2010:07:42:53 -0400] "OPTIONS * HTTP/1.0" 200 - "-" "Apache/2.2.11 (FreeBSD) mod_ssl/2.2.11 OpenSSL/0.9.8e DAV/2 PHP/5.2.8 with Suhosin-Patch mod_auth_pgsql/2.0.3 (internal dummy connection)"
216.239.90.241 - - [07/Sep/2010:07:42:55 -0400] "OPTIONS * HTTP/1.0" 200 - "-" "Apache/2.2.11 (FreeBSD) mod_ssl/2.2.11 OpenSSL/0.9.8e DAV/2 PHP/5.2.8 with Suhosin-Patch mod_auth_pgsql/2.0.3 (internal dummy connection)"
216.239.90.241 - - [07/Sep/2010:07:42:57 -0400] "OPTIONS * HTTP/1.0" 200 - "-" "Apache/2.2.11 (FreeBSD) mod_ssl/2.2.11 OpenSSL/0.9.8e DAV/2 PHP/5.2.8 with Suhosin-Patch mod_auth_pgsql/2.0.3 (internal dummy connection)"
216.239.90.241 - - [07/Sep/2010:07:42:58 -0400] "OPTIONS * HTTP/1.0" 200 - "-" "Apache/2.2.11 (FreeBSD) mod_ssl/2.2.11 OpenSSL/0.9.8e DAV/2 PHP/5.2.8 with Suhosin-Patch mod_auth_pgsql/2.0.3 (internal dummy connection)"
216.239.90.241 - - [07/Sep/2010:07:42:59 -0400] "OPTIONS * HTTP/1.0" 200 - "-" "Apache/2.2.11 (FreeBSD) mod_ssl/2.2.11 OpenSSL/0.9.8e DAV/2 PHP/5.2.8 with Suhosin-Patch mod_auth_pgsql/2.0.3 (internal dummy connection)"
206.207.116.58 - - [07/Sep/2010:07:44:18 -0400] "GET / HTTP/1.1" 200 4087 "-" "Mozilla/4.0 (compatible; MSIE 8.0; Windows NT 5.0; DigExt; .NET CLR 1.1.4322)"
208.115.111.242 - - [07/Sep/2010:07:45:06 -0400] "GET /robots.txt HTTP/1.1" 404 - "-" "Mozilla/5.0 (compatible; DotBot/1.1; http://www.dotnetdotcom.org/, crawler@dotnetdotcom.org)"
216.239.90.241 - - [07/Sep/2010:07:45:11 -0400] "OPTIONS * HTTP/1.0" 200 - "-" "Apache/2.2.11 (FreeBSD) mod_ssl/2.2.11 OpenSSL/0.9.8e DAV/2 PHP/5.2.8 with Suhosin-Patch mod_auth_pgsql/2.0.3 (internal dummy connection)"
216.239.90.241 - - [07/Sep/2010:07:45:12 -0400] "OPTIONS * HTTP/1.0" 200 - "-" "Apache/2.2.11 (FreeBSD) mod_ssl/2.2.11 OpenSSL/0.9.8e DAV/2 PHP/5.2.8 with Suhosin-Patch mod_auth_pgsql/2.0.3 (internal dummy connection)"
216.239.90.241 - - [07/Sep/2010:07:45:13 -0400] "OPTIONS * HTTP/1.0" 200 - "-" "Apache/2.2.11 (FreeBSD) mod_ssl/2.2.11 OpenSSL/0.9.8e DAV/2 PHP/5.2.8 with Suhosin-Patch mod_auth_pgsql/2.0.3 (internal dummy connection)"
216.239.90.241 - - [07/Sep/2010:07:45:14 -0400] "OPTIONS * HTTP/1.0" 200 - "-" "Apache/2.2.11 (FreeBSD) mod_ssl/2.2.11 OpenSSL/0.9.8e DAV/2 PHP/5.2.8 with Suhosin-Patch mod_auth_pgsql/2.0.3 (internal dummy connection)"
216.239.90.241 - - [07/Sep/2010:07:45:15 -0400] "OPTIONS * HTTP/1.0" 200 - "-" "Apache/2.2.11 (FreeBSD) mod_ssl/2.2.11 OpenSSL/0.9.8e DAV/2 PHP/5.2.8 with Suhosin-Patch mod_auth_pgsql/2.0.3 (internal dummy connection)"
216.239.90.241 - - [07/Sep/2010:07:45:16 -0400] "OPTIONS * HTTP/1.0" 200 - "-" "Apache/2.2.11 (FreeBSD) mod_ssl/2.2.11 OpenSSL/0.9.8e DAV/2 PHP/5.2.8 with Suhosin-Patch mod_auth_pgsql/2.0.3 (internal dummy connection)"
216.239.90.241 - - [07/Sep/2010:07:45:17 -0400] "OPTIONS * HTTP/1.0" 200 - "-" "Apache/2.2.11 (FreeBSD) mod_ssl/2.2.11 OpenSSL/0.9.8e DAV/2 PHP/5.2.8 with Suhosin-Patch mod_auth_pgsql/2.0.3 (internal dummy connection)"
95.108.128.242 - - [07/Sep/2010:07:47:16 -0400] "GET /sys/external/Smarty-2.6.1/core/core.rmdir.php HTTP/1.1" 200 - "-" "Mozilla/5.0 (compatible; YandexBot/3.0; +http://yandex.com/bots)"
208.115.111.242 - - [07/Sep/2010:07:48:08 -0400] "GET /sys/2020.php HTTP/1.1" 200 483 "-" "Mozilla/5.0 (compatible; DotBot/1.1; http://www.dotnetdotcom.org/, crawler@dotnetdotcom.org)"
208.115.111.242 - - [07/Sep/2010:07:48:12 -0400] "GET /sys/Debug.inc.php HTTP/1.1" 200 - "-" "Mozilla/5.0 (compatible; DotBot/1.1; http://www.dotnetdotcom.org/, crawler@dotnetdotcom.org)"
208.115.111.242 - - [07/Sep/2010:07:48:17 -0400] "GET /sys/Maestro.inc.php HTTP/1.1" 200 - "-" "Mozilla/5.0 (compatible; DotBot/1.1; http://www.dotnetdotcom.org/, crawler@dotnetdotcom.org)"
208.115.111.242 - - [07/Sep/2010:07:48:21 -0400] "GET /sys/SecurityManager.inc.php HTTP/1.1" 200 - "-" "Mozilla/5.0 (compatible; DotBot/1.1; http://www.dotnetdotcom.org/, crawler@dotnetdotcom.org)"
208.115.111.242 - - [07/Sep/2010:07:48:26 -0400] "GET /sys/TemplateSmarty.inc.php HTTP/1.1" 200 - "-" "Mozilla/5.0 (compatible; DotBot/1.1; http://www.dotnetdotcom.org/, crawler@dotnetdotcom.org)"
208.115.111.242 - - [07/Sep/2010:07:48:31 -0400] "GET /sys/_2020.php HTTP/1.1" 200 485 "-" "Mozilla/5.0 (compatible; DotBot/1.1; http://www.dotnetdotcom.org/, crawler@dotnetdotcom.org)"
208.115.111.242 - - [07/Sep/2010:07:48:36 -0400] "GET /sys/external/ HTTP/1.1" 200 436 "-" "Mozilla/5.0 (compatible; DotBot/1.1; http://www.dotnetdotcom.org/, crawler@dotnetdotcom.org)"
208.115.111.242 - - [07/Sep/2010:07:48:41 -0400] "GET /sys/plugins/ HTTP/1.1" 200 428 "-" "Mozilla/5.0 (compatible; DotBot/1.1; http://www.dotnetdotcom.org/, crawler@dotnetdotcom.org)"
208.115.111.242 - - [07/Sep/2010:07:48:46 -0400] "GET /sys/test.php HTTP/1.1" 200 12 "-" "Mozilla/5.0 (compatible; DotBot/1.1; http://www.dotnetdotcom.org/, crawler@dotnetdotcom.org)"
207.70.3.142 - - [07/Sep/2010:07:48:58 -0400] "GET / HTTP/1.1" 200 4087 "-" "Mozilla/4.0 (compatible; MSIE 8.0; Windows NT 5.0; DigExt; .NET CLR 1.1.4322)"
208.115.111.242 - - [07/Sep/2010:07:49:23 -0400] "GET /sys/test2.php HTTP/1.1" 302 697 "-" "Mozilla/5.0 (compatible; DotBot/1.1; http://www.dotnetdotcom.org/, crawler@dotnetdotcom.org)"
216.239.90.241 - - [07/Sep/2010:07:49:30 -0400] "OPTIONS * HTTP/1.0" 200 - "-" "Apache/2.2.11 (FreeBSD) mod_ssl/2.2.11 OpenSSL/0.9.8e DAV/2 PHP/5.2.8 with Suhosin-Patch mod_auth_pgsql/2.0.3 (internal dummy connection)"
216.239.90.241 - - [07/Sep/2010:07:49:31 -0400] "OPTIONS * HTTP/1.0" 200 - "-" "Apache/2.2.11 (FreeBSD) mod_ssl/2.2.11 OpenSSL/0.9.8e DAV/2 PHP/5.2.8 with Suhosin-Patch mod_auth_pgsql/2.0.3 (internal dummy connection)"
216.239.90.241 - - [07/Sep/2010:07:49:32 -0400] "OPTIONS * HTTP/1.0" 200 - "-" "Apache/2.2.11 (FreeBSD) mod_ssl/2.2.11 OpenSSL/0.9.8e DAV/2 PHP/5.2.8 with Suhosin-Patch mod_auth_pgsql/2.0.3 (internal dummy connection)"
216.239.90.241 - - [07/Sep/2010:07:49:33 -0400] "OPTIONS * HTTP/1.0" 200 - "-" "Apache/2.2.11 (FreeBSD) mod_ssl/2.2.11 OpenSSL/0.9.8e DAV/2 PHP/5.2.8 with Suhosin-Patch mod_auth_pgsql/2.0.3 (internal dummy connection)"
216.239.90.241 - - [07/Sep/2010:07:49:34 -0400] "OPTIONS * HTTP/1.0" 200 - "-" "Apache/2.2.11 (FreeBSD) mod_ssl/2.2.11 OpenSSL/0.9.8e DAV/2 PHP/5.2.8 with Suhosin-Patch mod_auth_pgsql/2.0.3 (internal dummy connection)"
216.239.90.241 - - [07/Sep/2010:07:49:35 -0400] "OPTIONS * HTTP/1.0" 200 - "-" "Apache/2.2.11 (FreeBSD) mod_ssl/2.2.11 OpenSSL/0.9.8e DAV/2 PHP/5.2.8 with Suhosin-Patch mod_auth_pgsql/2.0.3 (internal dummy connection)"
216.239.90.241 - - [07/Sep/2010:07:49:36 -0400] "OPTIONS * HTTP/1.0" 200 - "-" "Apache/2.2.11 (FreeBSD) mod_ssl/2.2.11 OpenSSL/0.9.8e DAV/2 PHP/5.2.8 with Suhosin-Patch mod_auth_pgsql/2.0.3 (internal dummy connection)"
95.108.128.242 - - [07/Sep/2010:07:49:38 -0400] "GET /lib/Zend/Soap/Server/Exception.php HTTP/1.1" 200 525 "-" "Mozilla/5.0 (compatible; YandexBot/3.0; +http://yandex.com/bots)"
66.249.65.235 - - [07/Sep/2010:07:49:43 -0400] "GET /lib/Zend/Version.php HTTP/1.1" 200 - "-" "SAMSUNG-SGH-E250/1.0 Profile/MIDP-2.0 Configuration/CLDC-1.1 UP.Browser/6.2.3.3.c.1.101 (GUI) MMP/2.0 (compatible; Googlebot-Mobile/2.1; +http://www.google.com/bot.html)"
206.80.114.183 - - [07/Sep/2010:07:51:12 -0400] "GET / HTTP/1.1" 200 4087 "-" "Mozilla/4.0 (compatible; MSIE 8.0; Windows NT 5.0; DigExt; .NET CLR 1.1.4322)"
95.108.128.242 - - [07/Sep/2010:07:51:58 -0400] "GET /lib/Zend/Log/Formatter/Interface.php HTTP/1.1" 200 - "-" "Mozilla/5.0 (compatible; YandexBot/3.0; +http://yandex.com/bots)"
216.239.90.241 - - [07/Sep/2010:07:52:56 -0400] "OPTIONS * HTTP/1.0" 200 - "-" "Apache/2.2.11 (FreeBSD) mod_ssl/2.2.11 OpenSSL/0.9.8e DAV/2 PHP/5.2.8 with Suhosin-Patch mod_auth_pgsql/2.0.3 (internal dummy connection)"
216.239.90.241 - - [07/Sep/2010:07:52:57 -0400] "OPTIONS * HTTP/1.0" 200 - "-" "Apache/2.2.11 (FreeBSD) mod_ssl/2.2.11 OpenSSL/0.9.8e DAV/2 PHP/5.2.8 with Suhosin-Patch mod_auth_pgsql/2.0.3 (internal dummy connection)"
216.239.90.241 - - [07/Sep/2010:07:52:58 -0400] "OPTIONS * HTTP/1.0" 200 - "-" "Apache/2.2.11 (FreeBSD) mod_ssl/2.2.11 OpenSSL/0.9.8e DAV/2 PHP/5.2.8 with Suhosin-Patch mod_auth_pgsql/2.0.3 (internal dummy connection)"
216.239.90.241 - - [07/Sep/2010:07:52:59 -0400] "OPTIONS * HTTP/1.0" 200 - "-" "Apache/2.2.11 (FreeBSD) mod_ssl/2.2.11 OpenSSL/0.9.8e DAV/2 PHP/5.2.8 with Suhosin-Patch mod_auth_pgsql/2.0.3 (internal dummy connection)"
216.239.90.241 - - [07/Sep/2010:07:53:00 -0400] "OPTIONS * HTTP/1.0" 200 - "-" "Apache/2.2.11 (FreeBSD) mod_ssl/2.2.11 OpenSSL/0.9.8e DAV/2 PHP/5.2.8 with Suhosin-Patch mod_auth_pgsql/2.0.3 (internal dummy connection)"
216.239.90.241 - - [07/Sep/2010:07:53:01 -0400] "OPTIONS * HTTP/1.0" 200 - "-" "Apache/2.2.11 (FreeBSD) mod_ssl/2.2.11 OpenSSL/0.9.8e DAV/2 PHP/5.2.8 with Suhosin-Patch mod_auth_pgsql/2.0.3 (internal dummy connection)"
216.239.90.241 - - [07/Sep/2010:07:53:02 -0400] "OPTIONS * HTTP/1.0" 200 - "-" "Apache/2.2.11 (FreeBSD) mod_ssl/2.2.11 OpenSSL/0.9.8e DAV/2 PHP/5.2.8 with Suhosin-Patch mod_auth_pgsql/2.0.3 (internal dummy connection)"
216.239.90.241 - - [07/Sep/2010:07:53:21 -0400] "OPTIONS * HTTP/1.0" 200 - "-" "Apache/2.2.11 (FreeBSD) mod_ssl/2.2.11 OpenSSL/0.9.8e DAV/2 PHP/5.2.8 with Suhosin-Patch mod_auth_pgsql/2.0.3 (internal dummy connection)"
216.239.90.241 - - [07/Sep/2010:07:53:22 -0400] "OPTIONS * HTTP/1.0" 200 - "-" "Apache/2.2.11 (FreeBSD) mod_ssl/2.2.11 OpenSSL/0.9.8e DAV/2 PHP/5.2.8 with Suhosin-Patch mod_auth_pgsql/2.0.3 (internal dummy connection)"
216.239.90.241 - - [07/Sep/2010:07:53:23 -0400] "OPTIONS * HTTP/1.0" 200 - "-" "Apache/2.2.11 (FreeBSD) mod_ssl/2.2.11 OpenSSL/0.9.8e DAV/2 PHP/5.2.8 with Suhosin-Patch mod_auth_pgsql/2.0.3 (internal dummy connection)"
216.239.90.241 - - [07/Sep/2010:07:53:24 -0400] "OPTIONS * HTTP/1.0" 200 - "-" "Apache/2.2.11 (FreeBSD) mod_ssl/2.2.11 OpenSSL/0.9.8e DAV/2 PHP/5.2.8 with Suhosin-Patch mod_auth_pgsql/2.0.3 (internal dummy connection)"
216.239.90.241 - - [07/Sep/2010:07:53:25 -0400] "OPTIONS * HTTP/1.0" 200 - "-" "Apache/2.2.11 (FreeBSD) mod_ssl/2.2.11 OpenSSL/0.9.8e DAV/2 PHP/5.2.8 with Suhosin-Patch mod_auth_pgsql/2.0.3 (internal dummy connection)"
216.239.90.241 - - [07/Sep/2010:07:53:26 -0400] "OPTIONS * HTTP/1.0" 200 - "-" "Apache/2.2.11 (FreeBSD) mod_ssl/2.2.11 OpenSSL/0.9.8e DAV/2 PHP/5.2.8 with Suhosin-Patch mod_auth_pgsql/2.0.3 (internal dummy connection)"
216.239.90.241 - - [07/Sep/2010:07:53:34 -0400] "OPTIONS * HTTP/1.0" 200 - "-" "Apache/2.2.11 (FreeBSD) mod_ssl/2.2.11 OpenSSL/0.9.8e DAV/2 PHP/5.2.8 with Suhosin-Patch mod_auth_pgsql/2.0.3 (internal dummy connection)"
216.239.90.241 - - [07/Sep/2010:07:53:46 -0400] "OPTIONS * HTTP/1.0" 200 - "-" "Apache/2.2.11 (FreeBSD) mod_ssl/2.2.11 OpenSSL/0.9.8e DAV/2 PHP/5.2.8 with Suhosin-Patch mod_auth_pgsql/2.0.3 (internal dummy connection)"
95.108.128.242 - - [07/Sep/2010:07:54:19 -0400] "GET /html/fr/groupe_gabriel.php HTTP/1.1" 404 - "-" "Mozilla/5.0 (compatible; YandexBot/3.0; +http://yandex.com/bots)"
207.46.199.193 - - [07/Sep/2010:07:55:17 -0400] "GET /robots.txt HTTP/1.1" 404 - "-" "msnbot/2.0b (+http://search.msn.com/msnbot.htm)"
206.207.80.161 - - [07/Sep/2010:07:59:44 -0400] "GET / HTTP/1.1" 200 4087 "-" "Mozilla/4.0 (compatible; MSIE 8.0; Windows NT 5.0; DigExt; .NET CLR 1.1.4322)"
216.239.90.241 - - [07/Sep/2010:08:00:02 -0400] "OPTIONS * HTTP/1.0" 200 - "-" "Apache/2.2.11 (FreeBSD) mod_ssl/2.2.11 OpenSSL/0.9.8e DAV/2 PHP/5.2.8 with Suhosin-Patch mod_auth_pgsql/2.0.3 (internal dummy connection)"
216.239.90.241 - - [07/Sep/2010:08:00:02 -0400] "OPTIONS * HTTP/1.0" 200 - "-" "Apache/2.2.11 (FreeBSD) mod_ssl/2.2.11 OpenSSL/0.9.8e DAV/2 PHP/5.2.8 with Suhosin-Patch mod_auth_pgsql/2.0.3 (internal dummy connection)"
216.239.90.241 - - [07/Sep/2010:08:00:02 -0400] "OPTIONS * HTTP/1.0" 200 - "-" "Apache/2.2.11 (FreeBSD) mod_ssl/2.2.11 OpenSSL/0.9.8e DAV/2 PHP/5.2.8 with Suhosin-Patch mod_auth_pgsql/2.0.3 (internal dummy connection)"
216.239.90.241 - - [07/Sep/2010:08:00:02 -0400] "OPTIONS * HTTP/1.0" 200 - "-" "Apache/2.2.11 (FreeBSD) mod_ssl/2.2.11 OpenSSL/0.9.8e DAV/2 PHP/5.2.8 with Suhosin-Patch mod_auth_pgsql/2.0.3 (internal dummy connection)"
216.239.90.241 - - [07/Sep/2010:08:00:02 -0400] "OPTIONS * HTTP/1.0" 200 - "-" "Apache/2.2.11 (FreeBSD) mod_ssl/2.2.11 OpenSSL/0.9.8e DAV/2 PHP/5.2.8 with Suhosin-Patch mod_auth_pgsql/2.0.3 (internal dummy connection)"
216.239.90.241 - - [07/Sep/2010:08:00:02 -0400] "OPTIONS * HTTP/1.0" 200 - "-" "Apache/2.2.11 (FreeBSD) mod_ssl/2.2.11 OpenSSL/0.9.8e DAV/2 PHP/5.2.8 with Suhosin-Patch mod_auth_pgsql/2.0.3 (internal dummy connection)"
216.239.90.241 - - [07/Sep/2010:08:00:02 -0400] "OPTIONS * HTTP/1.0" 200 - "-" "Apache/2.2.11 (FreeBSD) mod_ssl/2.2.11 OpenSSL/0.9.8e DAV/2 PHP/5.2.8 with Suhosin-Patch mod_auth_pgsql/2.0.3 (internal dummy connection)"
216.239.90.241 - - [07/Sep/2010:08:00:02 -0400] "OPTIONS * HTTP/1.0" 200 - "-" "Apache/2.2.11 (FreeBSD) mod_ssl/2.2.11 OpenSSL/0.9.8e DAV/2 PHP/5.2.8 with Suhosin-Patch mod_auth_pgsql/2.0.3 (internal dummy connection)"
216.239.90.241 - - [07/Sep/2010:08:00:02 -0400] "OPTIONS * HTTP/1.0" 200 - "-" "Apache/2.2.11 (FreeBSD) mod_ssl/2.2.11 OpenSSL/0.9.8e DAV/2 PHP/5.2.8 with Suhosin-Patch mod_auth_pgsql/2.0.3 (internal dummy connection)"
216.239.90.241 - - [07/Sep/2010:08:00:05 -0400] "OPTIONS * HTTP/1.0" 200 - "-" "Apache/2.2.11 (FreeBSD) mod_ssl/2.2.11 OpenSSL/0.9.8e DAV/2 PHP/5.2.8 with Suhosin-Patch mod_auth_pgsql/2.0.3 (internal dummy connection)"
216.239.90.241 - - [07/Sep/2010:08:00:05 -0400] "OPTIONS * HTTP/1.0" 200 - "-" "Apache/2.2.11 (FreeBSD) mod_ssl/2.2.11 OpenSSL/0.9.8e DAV/2 PHP/5.2.8 with Suhosin-Patch mod_auth_pgsql/2.0.3 (internal dummy connection)"
216.239.90.241 - - [07/Sep/2010:08:00:05 -0400] "OPTIONS * HTTP/1.0" 200 - "-" "Apache/2.2.11 (FreeBSD) mod_ssl/2.2.11 OpenSSL/0.9.8e DAV/2 PHP/5.2.8 with Suhosin-Patch mod_auth_pgsql/2.0.3 (internal dummy connection)"
216.239.90.241 - - [07/Sep/2010:08:00:05 -0400] "OPTIONS * HTTP/1.0" 200 - "-" "Apache/2.2.11 (FreeBSD) mod_ssl/2.2.11 OpenSSL/0.9.8e DAV/2 PHP/5.2.8 with Suhosin-Patch mod_auth_pgsql/2.0.3 (internal dummy connection)"
216.239.90.241 - - [07/Sep/2010:08:00:05 -0400] "OPTIONS * HTTP/1.0" 200 - "-" "Apache/2.2.11 (FreeBSD) mod_ssl/2.2.11 OpenSSL/0.9.8e DAV/2 PHP/5.2.8 with Suhosin-Patch mod_auth_pgsql/2.0.3 (internal dummy connection)"
216.239.90.241 - - [07/Sep/2010:08:00:05 -0400] "OPTIONS * HTTP/1.0" 200 - "-" "Apache/2.2.11 (FreeBSD) mod_ssl/2.2.11 OpenSSL/0.9.8e DAV/2 PHP/5.2.8 with Suhosin-Patch mod_auth_pgsql/2.0.3 (internal dummy connection)"
216.239.90.241 - - [07/Sep/2010:08:00:05 -0400] "OPTIONS * HTTP/1.0" 200 - "-" "Apache/2.2.11 (FreeBSD) mod_ssl/2.2.11 OpenSSL/0.9.8e DAV/2 PHP/5.2.8 with Suhosin-Patch mod_auth_pgsql/2.0.3 (internal dummy connection)"
216.239.90.241 - - [07/Sep/2010:08:00:05 -0400] "OPTIONS * HTTP/1.0" 200 - "-" "Apache/2.2.11 (FreeBSD) mod_ssl/2.2.11 OpenSSL/0.9.8e DAV/2 PHP/5.2.8 with Suhosin-Patch mod_auth_pgsql/2.0.3 (internal dummy connection)"
216.239.90.241 - - [07/Sep/2010:08:00:05 -0400] "OPTIONS * HTTP/1.0" 200 - "-" "Apache/2.2.11 (FreeBSD) mod_ssl/2.2.11 OpenSSL/0.9.8e DAV/2 PHP/5.2.8 with Suhosin-Patch mod_auth_pgsql/2.0.3 (internal dummy connection)"
216.239.90.241 - - [07/Sep/2010:08:00:05 -0400] "OPTIONS * HTTP/1.0" 200 - "-" "Apache/2.2.11 (FreeBSD) mod_ssl/2.2.11 OpenSSL/0.9.8e DAV/2 PHP/5.2.8 with Suhosin-Patch mod_auth_pgsql/2.0.3 (internal dummy connection)"
216.239.90.241 - - [07/Sep/2010:08:00:05 -0400] "OPTIONS * HTTP/1.0" 200 - "-" "Apache/2.2.11 (FreeBSD) mod_ssl/2.2.11 OpenSSL/0.9.8e DAV/2 PHP/5.2.8 with Suhosin-Patch mod_auth_pgsql/2.0.3 (internal dummy connection)"
216.239.90.241 - - [07/Sep/2010:08:00:05 -0400] "OPTIONS * HTTP/1.0" 200 - "-" "Apache/2.2.11 (FreeBSD) mod_ssl/2.2.11 OpenSSL/0.9.8e DAV/2 PHP/5.2.8 with Suhosin-Patch mod_auth_pgsql/2.0.3 (internal dummy connection)"
216.239.90.241 - - [07/Sep/2010:08:00:32 -0400] "OPTIONS * HTTP/1.0" 200 - "-" "Apache/2.2.11 (FreeBSD) mod_ssl/2.2.11 OpenSSL/0.9.8e DAV/2 PHP/5.2.8 with Suhosin-Patch mod_auth_pgsql/2.0.3 (internal dummy connection)"
216.239.90.241 - - [07/Sep/2010:08:00:33 -0400] "OPTIONS * HTTP/1.0" 200 - "-" "Apache/2.2.11 (FreeBSD) mod_ssl/2.2.11 OpenSSL/0.9.8e DAV/2 PHP/5.2.8 with Suhosin-Patch mod_auth_pgsql/2.0.3 (internal dummy connection)"
216.239.90.241 - - [07/Sep/2010:08:00:39 -0400] "OPTIONS * HTTP/1.0" 200 - "-" "Apache/2.2.11 (FreeBSD) mod_ssl/2.2.11 OpenSSL/0.9.8e DAV/2 PHP/5.2.8 with Suhosin-Patch mod_auth_pgsql/2.0.3 (internal dummy connection)"
