216.239.90.241 - - [07/Sep/2010:01:53:41 -0400] "OPTIONS * HTTP/1.0" 200 - "-" "Apache/2.2.11 (FreeBSD) mod_ssl/2.2.11 OpenSSL/0.9.8e DAV/2 PHP/5.2.8 with Suhosin-Patch mod_auth_pgsql/2.0.3 (internal dummy connection)"
216.239.90.241 - - [07/Sep/2010:01:53:43 -0400] "OPTIONS * HTTP/1.0" 200 - "-" "Apache/2.2.11 (FreeBSD) mod_ssl/2.2.11 OpenSSL/0.9.8e DAV/2 PHP/5.2.8 with Suhosin-Patch mod_auth_pgsql/2.0.3 (internal dummy connection)"
216.239.90.241 - - [07/Sep/2010:01:53:44 -0400] "OPTIONS * HTTP/1.0" 200 - "-" "Apache/2.2.11 (FreeBSD) mod_ssl/2.2.11 OpenSSL/0.9.8e DAV/2 PHP/5.2.8 with Suhosin-Patch mod_auth_pgsql/2.0.3 (internal dummy connection)"
216.239.90.241 - - [07/Sep/2010:01:53:45 -0400] "OPTIONS * HTTP/1.0" 200 - "-" "Apache/2.2.11 (FreeBSD) mod_ssl/2.2.11 OpenSSL/0.9.8e DAV/2 PHP/5.2.8 with Suhosin-Patch mod_auth_pgsql/2.0.3 (internal dummy connection)"
216.239.90.241 - - [07/Sep/2010:01:53:46 -0400] "OPTIONS * HTTP/1.0" 200 - "-" "Apache/2.2.11 (FreeBSD) mod_ssl/2.2.11 OpenSSL/0.9.8e DAV/2 PHP/5.2.8 with Suhosin-Patch mod_auth_pgsql/2.0.3 (internal dummy connection)"
95.108.128.242 - - [07/Sep/2010:01:53:53 -0400] "GET /lib/Zend/Pdf/Element/function.require HTTP/1.1" 404 - "-" "Mozilla/5.0 (compatible; YandexBot/3.0; +http://yandex.com/bots)"
216.239.90.241 - - [07/Sep/2010:01:54:16 -0400] "OPTIONS * HTTP/1.0" 200 - "-" "Apache/2.2.11 (FreeBSD) mod_ssl/2.2.11 OpenSSL/0.9.8e DAV/2 PHP/5.2.8 with Suhosin-Patch mod_auth_pgsql/2.0.3 (internal dummy connection)"
216.239.90.241 - - [07/Sep/2010:01:54:17 -0400] "OPTIONS * HTTP/1.0" 200 - "-" "Apache/2.2.11 (FreeBSD) mod_ssl/2.2.11 OpenSSL/0.9.8e DAV/2 PHP/5.2.8 with Suhosin-Patch mod_auth_pgsql/2.0.3 (internal dummy connection)"
216.239.90.241 - - [07/Sep/2010:01:54:24 -0400] "OPTIONS * HTTP/1.0" 200 - "-" "Apache/2.2.11 (FreeBSD) mod_ssl/2.2.11 OpenSSL/0.9.8e DAV/2 PHP/5.2.8 with Suhosin-Patch mod_auth_pgsql/2.0.3 (internal dummy connection)"
216.239.90.241 - - [07/Sep/2010:01:54:46 -0400] "OPTIONS * HTTP/1.0" 200 - "-" "Apache/2.2.11 (FreeBSD) mod_ssl/2.2.11 OpenSSL/0.9.8e DAV/2 PHP/5.2.8 with Suhosin-Patch mod_auth_pgsql/2.0.3 (internal dummy connection)"
216.239.90.241 - - [07/Sep/2010:01:55:11 -0400] "OPTIONS * HTTP/1.0" 200 - "-" "Apache/2.2.11 (FreeBSD) mod_ssl/2.2.11 OpenSSL/0.9.8e DAV/2 PHP/5.2.8 with Suhosin-Patch mod_auth_pgsql/2.0.3 (internal dummy connection)"
95.108.128.242 - - [07/Sep/2010:01:55:26 -0400] "GET /lib/Pear/PEAR/Command/function.require-once HTTP/1.1" 404 - "-" "Mozilla/5.0 (compatible; YandexBot/3.0; +http://yandex.com/bots)"
95.108.128.242 - - [07/Sep/2010:01:55:28 -0400] "GET /sys/external/Smarty-2.6.1/plugins/modifier.lower.php HTTP/1.1" 200 - "-" "Mozilla/5.0 (compatible; YandexBot/3.0; +http://yandex.com/bots)"
95.108.128.242 - - [07/Sep/2010:01:55:31 -0400] "GET /lib/Zend/Pdf/Resource/Font/Extracted.php HTTP/1.1" 200 553 "-" "Mozilla/5.0 (compatible; YandexBot/3.0; +http://yandex.com/bots)"
95.108.128.242 - - [07/Sep/2010:01:55:33 -0400] "GET /lib/Pear/SOAP_php5/example/email_gateway.php HTTP/1.1" 200 567 "-" "Mozilla/5.0 (compatible; YandexBot/3.0; +http://yandex.com/bots)"
216.239.90.241 - - [07/Sep/2010:01:55:36 -0400] "OPTIONS * HTTP/1.0" 200 - "-" "Apache/2.2.11 (FreeBSD) mod_ssl/2.2.11 OpenSSL/0.9.8e DAV/2 PHP/5.2.8 with Suhosin-Patch mod_auth_pgsql/2.0.3 (internal dummy connection)"
216.239.90.241 - - [07/Sep/2010:01:55:46 -0400] "OPTIONS * HTTP/1.0" 200 - "-" "Apache/2.2.11 (FreeBSD) mod_ssl/2.2.11 OpenSSL/0.9.8e DAV/2 PHP/5.2.8 with Suhosin-Patch mod_auth_pgsql/2.0.3 (internal dummy connection)"
216.239.90.241 - - [07/Sep/2010:01:55:48 -0400] "OPTIONS * HTTP/1.0" 200 - "-" "Apache/2.2.11 (FreeBSD) mod_ssl/2.2.11 OpenSSL/0.9.8e DAV/2 PHP/5.2.8 with Suhosin-Patch mod_auth_pgsql/2.0.3 (internal dummy connection)"
216.239.90.241 - - [07/Sep/2010:01:55:55 -0400] "OPTIONS * HTTP/1.0" 200 - "-" "Apache/2.2.11 (FreeBSD) mod_ssl/2.2.11 OpenSSL/0.9.8e DAV/2 PHP/5.2.8 with Suhosin-Patch mod_auth_pgsql/2.0.3 (internal dummy connection)"
216.239.90.241 - - [07/Sep/2010:01:55:56 -0400] "OPTIONS * HTTP/1.0" 200 - "-" "Apache/2.2.11 (FreeBSD) mod_ssl/2.2.11 OpenSSL/0.9.8e DAV/2 PHP/5.2.8 with Suhosin-Patch mod_auth_pgsql/2.0.3 (internal dummy connection)"
216.239.90.241 - - [07/Sep/2010:01:56:09 -0400] "OPTIONS * HTTP/1.0" 200 - "-" "Apache/2.2.11 (FreeBSD) mod_ssl/2.2.11 OpenSSL/0.9.8e DAV/2 PHP/5.2.8 with Suhosin-Patch mod_auth_pgsql/2.0.3 (internal dummy connection)"
216.239.90.241 - - [07/Sep/2010:01:56:10 -0400] "OPTIONS * HTTP/1.0" 200 - "-" "Apache/2.2.11 (FreeBSD) mod_ssl/2.2.11 OpenSSL/0.9.8e DAV/2 PHP/5.2.8 with Suhosin-Patch mod_auth_pgsql/2.0.3 (internal dummy connection)"
216.239.90.241 - - [07/Sep/2010:01:56:12 -0400] "OPTIONS * HTTP/1.0" 200 - "-" "Apache/2.2.11 (FreeBSD) mod_ssl/2.2.11 OpenSSL/0.9.8e DAV/2 PHP/5.2.8 with Suhosin-Patch mod_auth_pgsql/2.0.3 (internal dummy connection)"
216.239.90.241 - - [07/Sep/2010:01:56:21 -0400] "OPTIONS * HTTP/1.0" 200 - "-" "Apache/2.2.11 (FreeBSD) mod_ssl/2.2.11 OpenSSL/0.9.8e DAV/2 PHP/5.2.8 with Suhosin-Patch mod_auth_pgsql/2.0.3 (internal dummy connection)"
216.239.90.241 - - [07/Sep/2010:01:56:22 -0400] "OPTIONS * HTTP/1.0" 200 - "-" "Apache/2.2.11 (FreeBSD) mod_ssl/2.2.11 OpenSSL/0.9.8e DAV/2 PHP/5.2.8 with Suhosin-Patch mod_auth_pgsql/2.0.3 (internal dummy connection)"
216.239.90.241 - - [07/Sep/2010:01:56:23 -0400] "OPTIONS * HTTP/1.0" 200 - "-" "Apache/2.2.11 (FreeBSD) mod_ssl/2.2.11 OpenSSL/0.9.8e DAV/2 PHP/5.2.8 with Suhosin-Patch mod_auth_pgsql/2.0.3 (internal dummy connection)"
216.239.90.241 - - [07/Sep/2010:01:56:24 -0400] "OPTIONS * HTTP/1.0" 200 - "-" "Apache/2.2.11 (FreeBSD) mod_ssl/2.2.11 OpenSSL/0.9.8e DAV/2 PHP/5.2.8 with Suhosin-Patch mod_auth_pgsql/2.0.3 (internal dummy connection)"
216.239.90.241 - - [07/Sep/2010:01:56:26 -0400] "OPTIONS * HTTP/1.0" 200 - "-" "Apache/2.2.11 (FreeBSD) mod_ssl/2.2.11 OpenSSL/0.9.8e DAV/2 PHP/5.2.8 with Suhosin-Patch mod_auth_pgsql/2.0.3 (internal dummy connection)"
216.239.90.241 - - [07/Sep/2010:01:56:27 -0400] "OPTIONS * HTTP/1.0" 200 - "-" "Apache/2.2.11 (FreeBSD) mod_ssl/2.2.11 OpenSSL/0.9.8e DAV/2 PHP/5.2.8 with Suhosin-Patch mod_auth_pgsql/2.0.3 (internal dummy connection)"
216.239.90.241 - - [07/Sep/2010:01:56:28 -0400] "OPTIONS * HTTP/1.0" 200 - "-" "Apache/2.2.11 (FreeBSD) mod_ssl/2.2.11 OpenSSL/0.9.8e DAV/2 PHP/5.2.8 with Suhosin-Patch mod_auth_pgsql/2.0.3 (internal dummy connection)"
216.239.90.241 - - [07/Sep/2010:01:56:47 -0400] "OPTIONS * HTTP/1.0" 200 - "-" "Apache/2.2.11 (FreeBSD) mod_ssl/2.2.11 OpenSSL/0.9.8e DAV/2 PHP/5.2.8 with Suhosin-Patch mod_auth_pgsql/2.0.3 (internal dummy connection)"
216.239.90.241 - - [07/Sep/2010:01:56:59 -0400] "OPTIONS * HTTP/1.0" 200 - "-" "Apache/2.2.11 (FreeBSD) mod_ssl/2.2.11 OpenSSL/0.9.8e DAV/2 PHP/5.2.8 with Suhosin-Patch mod_auth_pgsql/2.0.3 (internal dummy connection)"
95.108.128.242 - - [07/Sep/2010:01:57:43 -0400] "GET /lib/Zend/Auth/Adapter/function.require HTTP/1.1" 404 - "-" "Mozilla/5.0 (compatible; YandexBot/3.0; +http://yandex.com/bots)"
66.249.65.204 - - [07/Sep/2010:01:57:45 -0400] "GET /lib/Maestro/Debug.inc.php HTTP/1.1" 200 - "-" "SAMSUNG-SGH-E250/1.0 Profile/MIDP-2.0 Configuration/CLDC-1.1 UP.Browser/6.2.3.3.c.1.101 (GUI) MMP/2.0 (compatible; Googlebot-Mobile/2.1; +http://www.google.com/bot.html)"
95.108.128.242 - - [07/Sep/2010:01:59:50 -0400] "GET /lib/Zend/Form/Decorator/Captcha.php HTTP/1.1" 200 555 "-" "Mozilla/5.0 (compatible; YandexBot/3.0; +http://yandex.com/bots)"
216.239.90.241 - - [07/Sep/2010:02:00:01 -0400] "OPTIONS * HTTP/1.0" 200 - "-" "Apache/2.2.11 (FreeBSD) mod_ssl/2.2.11 OpenSSL/0.9.8e DAV/2 PHP/5.2.8 with Suhosin-Patch mod_auth_pgsql/2.0.3 (internal dummy connection)"
216.239.90.241 - - [07/Sep/2010:02:00:01 -0400] "OPTIONS * HTTP/1.0" 200 - "-" "Apache/2.2.11 (FreeBSD) mod_ssl/2.2.11 OpenSSL/0.9.8e DAV/2 PHP/5.2.8 with Suhosin-Patch mod_auth_pgsql/2.0.3 (internal dummy connection)"
216.239.90.241 - - [07/Sep/2010:02:00:01 -0400] "OPTIONS * HTTP/1.0" 200 - "-" "Apache/2.2.11 (FreeBSD) mod_ssl/2.2.11 OpenSSL/0.9.8e DAV/2 PHP/5.2.8 with Suhosin-Patch mod_auth_pgsql/2.0.3 (internal dummy connection)"
216.239.90.241 - - [07/Sep/2010:02:00:01 -0400] "OPTIONS * HTTP/1.0" 200 - "-" "Apache/2.2.11 (FreeBSD) mod_ssl/2.2.11 OpenSSL/0.9.8e DAV/2 PHP/5.2.8 with Suhosin-Patch mod_auth_pgsql/2.0.3 (internal dummy connection)"
216.239.90.241 - - [07/Sep/2010:02:00:01 -0400] "OPTIONS * HTTP/1.0" 200 - "-" "Apache/2.2.11 (FreeBSD) mod_ssl/2.2.11 OpenSSL/0.9.8e DAV/2 PHP/5.2.8 with Suhosin-Patch mod_auth_pgsql/2.0.3 (internal dummy connection)"
216.239.90.241 - - [07/Sep/2010:02:00:01 -0400] "OPTIONS * HTTP/1.0" 200 - "-" "Apache/2.2.11 (FreeBSD) mod_ssl/2.2.11 OpenSSL/0.9.8e DAV/2 PHP/5.2.8 with Suhosin-Patch mod_auth_pgsql/2.0.3 (internal dummy connection)"
216.239.90.241 - - [07/Sep/2010:02:00:01 -0400] "OPTIONS * HTTP/1.0" 200 - "-" "Apache/2.2.11 (FreeBSD) mod_ssl/2.2.11 OpenSSL/0.9.8e DAV/2 PHP/5.2.8 with Suhosin-Patch mod_auth_pgsql/2.0.3 (internal dummy connection)"
216.239.90.241 - - [07/Sep/2010:02:00:01 -0400] "OPTIONS * HTTP/1.0" 200 - "-" "Apache/2.2.11 (FreeBSD) mod_ssl/2.2.11 OpenSSL/0.9.8e DAV/2 PHP/5.2.8 with Suhosin-Patch mod_auth_pgsql/2.0.3 (internal dummy connection)"
216.239.90.241 - - [07/Sep/2010:02:00:01 -0400] "OPTIONS * HTTP/1.0" 200 - "-" "Apache/2.2.11 (FreeBSD) mod_ssl/2.2.11 OpenSSL/0.9.8e DAV/2 PHP/5.2.8 with Suhosin-Patch mod_auth_pgsql/2.0.3 (internal dummy connection)"
216.239.90.241 - - [07/Sep/2010:02:00:04 -0400] "OPTIONS * HTTP/1.0" 200 - "-" "Apache/2.2.11 (FreeBSD) mod_ssl/2.2.11 OpenSSL/0.9.8e DAV/2 PHP/5.2.8 with Suhosin-Patch mod_auth_pgsql/2.0.3 (internal dummy connection)"
216.239.90.241 - - [07/Sep/2010:02:00:04 -0400] "OPTIONS * HTTP/1.0" 200 - "-" "Apache/2.2.11 (FreeBSD) mod_ssl/2.2.11 OpenSSL/0.9.8e DAV/2 PHP/5.2.8 with Suhosin-Patch mod_auth_pgsql/2.0.3 (internal dummy connection)"
216.239.90.241 - - [07/Sep/2010:02:00:04 -0400] "OPTIONS * HTTP/1.0" 200 - "-" "Apache/2.2.11 (FreeBSD) mod_ssl/2.2.11 OpenSSL/0.9.8e DAV/2 PHP/5.2.8 with Suhosin-Patch mod_auth_pgsql/2.0.3 (internal dummy connection)"
216.239.90.241 - - [07/Sep/2010:02:00:04 -0400] "OPTIONS * HTTP/1.0" 200 - "-" "Apache/2.2.11 (FreeBSD) mod_ssl/2.2.11 OpenSSL/0.9.8e DAV/2 PHP/5.2.8 with Suhosin-Patch mod_auth_pgsql/2.0.3 (internal dummy connection)"
216.239.90.241 - - [07/Sep/2010:02:00:04 -0400] "OPTIONS * HTTP/1.0" 200 - "-" "Apache/2.2.11 (FreeBSD) mod_ssl/2.2.11 OpenSSL/0.9.8e DAV/2 PHP/5.2.8 with Suhosin-Patch mod_auth_pgsql/2.0.3 (internal dummy connection)"
216.239.90.241 - - [07/Sep/2010:02:00:04 -0400] "OPTIONS * HTTP/1.0" 200 - "-" "Apache/2.2.11 (FreeBSD) mod_ssl/2.2.11 OpenSSL/0.9.8e DAV/2 PHP/5.2.8 with Suhosin-Patch mod_auth_pgsql/2.0.3 (internal dummy connection)"
216.239.90.241 - - [07/Sep/2010:02:00:38 -0400] "OPTIONS * HTTP/1.0" 200 - "-" "Apache/2.2.11 (FreeBSD) mod_ssl/2.2.11 OpenSSL/0.9.8e DAV/2 PHP/5.2.8 with Suhosin-Patch mod_auth_pgsql/2.0.3 (internal dummy connection)"
216.239.90.241 - - [07/Sep/2010:02:00:52 -0400] "OPTIONS * HTTP/1.0" 200 - "-" "Apache/2.2.11 (FreeBSD) mod_ssl/2.2.11 OpenSSL/0.9.8e DAV/2 PHP/5.2.8 with Suhosin-Patch mod_auth_pgsql/2.0.3 (internal dummy connection)"
216.239.90.241 - - [07/Sep/2010:02:00:53 -0400] "OPTIONS * HTTP/1.0" 200 - "-" "Apache/2.2.11 (FreeBSD) mod_ssl/2.2.11 OpenSSL/0.9.8e DAV/2 PHP/5.2.8 with Suhosin-Patch mod_auth_pgsql/2.0.3 (internal dummy connection)"
216.239.90.241 - - [07/Sep/2010:02:00:54 -0400] "OPTIONS * HTTP/1.0" 200 - "-" "Apache/2.2.11 (FreeBSD) mod_ssl/2.2.11 OpenSSL/0.9.8e DAV/2 PHP/5.2.8 with Suhosin-Patch mod_auth_pgsql/2.0.3 (internal dummy connection)"
216.239.90.241 - - [07/Sep/2010:02:00:55 -0400] "OPTIONS * HTTP/1.0" 200 - "-" "Apache/2.2.11 (FreeBSD) mod_ssl/2.2.11 OpenSSL/0.9.8e DAV/2 PHP/5.2.8 with Suhosin-Patch mod_auth_pgsql/2.0.3 (internal dummy connection)"
216.239.90.241 - - [07/Sep/2010:02:00:56 -0400] "OPTIONS * HTTP/1.0" 200 - "-" "Apache/2.2.11 (FreeBSD) mod_ssl/2.2.11 OpenSSL/0.9.8e DAV/2 PHP/5.2.8 with Suhosin-Patch mod_auth_pgsql/2.0.3 (internal dummy connection)"
66.249.65.233 - - [07/Sep/2010:02:01:56 -0400] "GET /robots.txt HTTP/1.1" 404 - "-" "Googlebot-Image/1.0"
66.249.65.233 - - [07/Sep/2010:02:01:56 -0400] "GET /hyundaigabriel/imports/images/random/g3.jpg HTTP/1.1" 404 - "-" "Googlebot-Image/1.0"
216.239.90.241 - - [07/Sep/2010:02:05:31 -0400] "OPTIONS * HTTP/1.0" 200 - "-" "Apache/2.2.11 (FreeBSD) mod_ssl/2.2.11 OpenSSL/0.9.8e DAV/2 PHP/5.2.8 with Suhosin-Patch mod_auth_pgsql/2.0.3 (internal dummy connection)"
216.239.90.241 - - [07/Sep/2010:02:05:32 -0400] "OPTIONS * HTTP/1.0" 200 - "-" "Apache/2.2.11 (FreeBSD) mod_ssl/2.2.11 OpenSSL/0.9.8e DAV/2 PHP/5.2.8 with Suhosin-Patch mod_auth_pgsql/2.0.3 (internal dummy connection)"
216.239.90.241 - - [07/Sep/2010:02:05:33 -0400] "OPTIONS * HTTP/1.0" 200 - "-" "Apache/2.2.11 (FreeBSD) mod_ssl/2.2.11 OpenSSL/0.9.8e DAV/2 PHP/5.2.8 with Suhosin-Patch mod_auth_pgsql/2.0.3 (internal dummy connection)"
216.239.90.241 - - [07/Sep/2010:02:05:34 -0400] "OPTIONS * HTTP/1.0" 200 - "-" "Apache/2.2.11 (FreeBSD) mod_ssl/2.2.11 OpenSSL/0.9.8e DAV/2 PHP/5.2.8 with Suhosin-Patch mod_auth_pgsql/2.0.3 (internal dummy connection)"
216.239.90.241 - - [07/Sep/2010:02:05:40 -0400] "OPTIONS * HTTP/1.0" 200 - "-" "Apache/2.2.11 (FreeBSD) mod_ssl/2.2.11 OpenSSL/0.9.8e DAV/2 PHP/5.2.8 with Suhosin-Patch mod_auth_pgsql/2.0.3 (internal dummy connection)"
216.239.90.241 - - [07/Sep/2010:02:05:41 -0400] "OPTIONS * HTTP/1.0" 200 - "-" "Apache/2.2.11 (FreeBSD) mod_ssl/2.2.11 OpenSSL/0.9.8e DAV/2 PHP/5.2.8 with Suhosin-Patch mod_auth_pgsql/2.0.3 (internal dummy connection)"
216.239.90.241 - - [07/Sep/2010:02:05:42 -0400] "OPTIONS * HTTP/1.0" 200 - "-" "Apache/2.2.11 (FreeBSD) mod_ssl/2.2.11 OpenSSL/0.9.8e DAV/2 PHP/5.2.8 with Suhosin-Patch mod_auth_pgsql/2.0.3 (internal dummy connection)"
95.108.128.242 - - [07/Sep/2010:02:06:14 -0400] "GET /sys/external/Smarty-2.6.1/Config_File.class.php HTTP/1.1" 200 - "-" "Mozilla/5.0 (compatible; YandexBot/3.0; +http://yandex.com/bots)"
67.210.218.108 - - [07/Sep/2010:02:10:22 -0400] "GET /lib/Maestro/lib/xml/magpierss/scripts/magpie_simple.php?url=http://www.symptomes-depression.cz.cc/rss2.php HTTP/1.1" 200 954 "-" "Java/1.6.0_14"
95.108.128.242 - - [07/Sep/2010:02:12:37 -0400] "GET /lib/Zend/Service/StrikeIron/Decorator.php HTTP/1.1" 200 - "-" "Mozilla/5.0 (compatible; YandexBot/3.0; +http://yandex.com/bots)"
95.108.128.242 - - [07/Sep/2010:02:14:45 -0400] "GET /lib/Zend/Service/Simpy/Note.php HTTP/1.1" 200 - "-" "Mozilla/5.0 (compatible; YandexBot/3.0; +http://yandex.com/bots)"
69.163.148.155 - - [07/Sep/2010:02:15:32 -0400] "GET /phpmyadmin/scripts/setup.php HTTP/1.1" 404 - "http://LINCOLNGABRIEL.COM/phpmyadmin/scripts/setup.php" "Mozilla/4.0 (compatible; MSIE 8.0; Windows NT 5.1; SV1; .NET CLR 2.0.50727)"
220.181.108.90 - - [07/Sep/2010:02:15:03 -0400] "GET /access_log.5 HTTP/1.1" 200 4748822 "-" "Baiduspider+(+http://www.baidu.com/search/spider.htm)"
95.108.128.242 - - [07/Sep/2010:02:16:52 -0400] "GET /sys/PEAR/DB/function.require HTTP/1.1" 404 - "-" "Mozilla/5.0 (compatible; YandexBot/3.0; +http://yandex.com/bots)"
66.249.65.204 - - [07/Sep/2010:02:17:18 -0400] "GET /lib/Maestro/TemplateSmarty.inc.php HTTP/1.1" 200 - "-" "SAMSUNG-SGH-E250/1.0 Profile/MIDP-2.0 Configuration/CLDC-1.1 UP.Browser/6.2.3.3.c.1.101 (GUI) MMP/2.0 (compatible; Googlebot-Mobile/2.1; +http://www.google.com/bot.html)"
95.108.128.242 - - [07/Sep/2010:02:18:59 -0400] "GET /sys/local/logic/PromoConcess.inc.php HTTP/1.1" 200 - "-" "Mozilla/5.0 (compatible; YandexBot/3.0; +http://yandex.com/bots)"
207.46.195.241 - - [07/Sep/2010:02:19:46 -0400] "GET / HTTP/1.1" 200 4087 "-" "msnbot/2.0b (+http://search.msn.com/msnbot.htm)"
216.239.90.241 - - [07/Sep/2010:02:20:42 -0400] "OPTIONS * HTTP/1.0" 200 - "-" "Apache/2.2.11 (FreeBSD) mod_ssl/2.2.11 OpenSSL/0.9.8e DAV/2 PHP/5.2.8 with Suhosin-Patch mod_auth_pgsql/2.0.3 (internal dummy connection)"
216.239.90.241 - - [07/Sep/2010:02:20:43 -0400] "OPTIONS * HTTP/1.0" 200 - "-" "Apache/2.2.11 (FreeBSD) mod_ssl/2.2.11 OpenSSL/0.9.8e DAV/2 PHP/5.2.8 with Suhosin-Patch mod_auth_pgsql/2.0.3 (internal dummy connection)"
216.239.90.241 - - [07/Sep/2010:02:20:44 -0400] "OPTIONS * HTTP/1.0" 200 - "-" "Apache/2.2.11 (FreeBSD) mod_ssl/2.2.11 OpenSSL/0.9.8e DAV/2 PHP/5.2.8 with Suhosin-Patch mod_auth_pgsql/2.0.3 (internal dummy connection)"
216.239.90.241 - - [07/Sep/2010:02:20:45 -0400] "OPTIONS * HTTP/1.0" 200 - "-" "Apache/2.2.11 (FreeBSD) mod_ssl/2.2.11 OpenSSL/0.9.8e DAV/2 PHP/5.2.8 with Suhosin-Patch mod_auth_pgsql/2.0.3 (internal dummy connection)"
216.239.90.241 - - [07/Sep/2010:02:20:46 -0400] "OPTIONS * HTTP/1.0" 200 - "-" "Apache/2.2.11 (FreeBSD) mod_ssl/2.2.11 OpenSSL/0.9.8e DAV/2 PHP/5.2.8 with Suhosin-Patch mod_auth_pgsql/2.0.3 (internal dummy connection)"
216.239.90.241 - - [07/Sep/2010:02:20:47 -0400] "OPTIONS * HTTP/1.0" 200 - "-" "Apache/2.2.11 (FreeBSD) mod_ssl/2.2.11 OpenSSL/0.9.8e DAV/2 PHP/5.2.8 with Suhosin-Patch mod_auth_pgsql/2.0.3 (internal dummy connection)"
216.239.90.241 - - [07/Sep/2010:02:20:48 -0400] "OPTIONS * HTTP/1.0" 200 - "-" "Apache/2.2.11 (FreeBSD) mod_ssl/2.2.11 OpenSSL/0.9.8e DAV/2 PHP/5.2.8 with Suhosin-Patch mod_auth_pgsql/2.0.3 (internal dummy connection)"
95.108.128.242 - - [07/Sep/2010:02:21:07 -0400] "GET /lib/Zend/Json/Server/Response/Http.php HTTP/1.1" 200 555 "-" "Mozilla/5.0 (compatible; YandexBot/3.0; +http://yandex.com/bots)"
216.239.90.241 - - [07/Sep/2010:02:22:07 -0400] "OPTIONS * HTTP/1.0" 200 - "-" "Apache/2.2.11 (FreeBSD) mod_ssl/2.2.11 OpenSSL/0.9.8e DAV/2 PHP/5.2.8 with Suhosin-Patch mod_auth_pgsql/2.0.3 (internal dummy connection)"
216.239.90.241 - - [07/Sep/2010:02:22:18 -0400] "OPTIONS * HTTP/1.0" 200 - "-" "Apache/2.2.11 (FreeBSD) mod_ssl/2.2.11 OpenSSL/0.9.8e DAV/2 PHP/5.2.8 with Suhosin-Patch mod_auth_pgsql/2.0.3 (internal dummy connection)"
216.239.90.241 - - [07/Sep/2010:02:22:19 -0400] "OPTIONS * HTTP/1.0" 200 - "-" "Apache/2.2.11 (FreeBSD) mod_ssl/2.2.11 OpenSSL/0.9.8e DAV/2 PHP/5.2.8 with Suhosin-Patch mod_auth_pgsql/2.0.3 (internal dummy connection)"
216.239.90.241 - - [07/Sep/2010:02:22:20 -0400] "OPTIONS * HTTP/1.0" 200 - "-" "Apache/2.2.11 (FreeBSD) mod_ssl/2.2.11 OpenSSL/0.9.8e DAV/2 PHP/5.2.8 with Suhosin-Patch mod_auth_pgsql/2.0.3 (internal dummy connection)"
216.239.90.241 - - [07/Sep/2010:02:22:21 -0400] "OPTIONS * HTTP/1.0" 200 - "-" "Apache/2.2.11 (FreeBSD) mod_ssl/2.2.11 OpenSSL/0.9.8e DAV/2 PHP/5.2.8 with Suhosin-Patch mod_auth_pgsql/2.0.3 (internal dummy connection)"
216.239.90.241 - - [07/Sep/2010:02:22:22 -0400] "OPTIONS * HTTP/1.0" 200 - "-" "Apache/2.2.11 (FreeBSD) mod_ssl/2.2.11 OpenSSL/0.9.8e DAV/2 PHP/5.2.8 with Suhosin-Patch mod_auth_pgsql/2.0.3 (internal dummy connection)"
216.239.90.241 - - [07/Sep/2010:02:22:23 -0400] "OPTIONS * HTTP/1.0" 200 - "-" "Apache/2.2.11 (FreeBSD) mod_ssl/2.2.11 OpenSSL/0.9.8e DAV/2 PHP/5.2.8 with Suhosin-Patch mod_auth_pgsql/2.0.3 (internal dummy connection)"
216.239.90.241 - - [07/Sep/2010:02:22:33 -0400] "OPTIONS * HTTP/1.0" 200 - "-" "Apache/2.2.11 (FreeBSD) mod_ssl/2.2.11 OpenSSL/0.9.8e DAV/2 PHP/5.2.8 with Suhosin-Patch mod_auth_pgsql/2.0.3 (internal dummy connection)"
216.239.90.241 - - [07/Sep/2010:02:22:34 -0400] "OPTIONS * HTTP/1.0" 200 - "-" "Apache/2.2.11 (FreeBSD) mod_ssl/2.2.11 OpenSSL/0.9.8e DAV/2 PHP/5.2.8 with Suhosin-Patch mod_auth_pgsql/2.0.3 (internal dummy connection)"
216.239.90.241 - - [07/Sep/2010:02:22:35 -0400] "OPTIONS * HTTP/1.0" 200 - "-" "Apache/2.2.11 (FreeBSD) mod_ssl/2.2.11 OpenSSL/0.9.8e DAV/2 PHP/5.2.8 with Suhosin-Patch mod_auth_pgsql/2.0.3 (internal dummy connection)"
216.239.90.241 - - [07/Sep/2010:02:22:36 -0400] "OPTIONS * HTTP/1.0" 200 - "-" "Apache/2.2.11 (FreeBSD) mod_ssl/2.2.11 OpenSSL/0.9.8e DAV/2 PHP/5.2.8 with Suhosin-Patch mod_auth_pgsql/2.0.3 (internal dummy connection)"
216.239.90.241 - - [07/Sep/2010:02:22:56 -0400] "OPTIONS * HTTP/1.0" 200 - "-" "Apache/2.2.11 (FreeBSD) mod_ssl/2.2.11 OpenSSL/0.9.8e DAV/2 PHP/5.2.8 with Suhosin-Patch mod_auth_pgsql/2.0.3 (internal dummy connection)"
216.239.90.241 - - [07/Sep/2010:02:22:57 -0400] "OPTIONS * HTTP/1.0" 200 - "-" "Apache/2.2.11 (FreeBSD) mod_ssl/2.2.11 OpenSSL/0.9.8e DAV/2 PHP/5.2.8 with Suhosin-Patch mod_auth_pgsql/2.0.3 (internal dummy connection)"
216.239.90.241 - - [07/Sep/2010:02:22:58 -0400] "OPTIONS * HTTP/1.0" 200 - "-" "Apache/2.2.11 (FreeBSD) mod_ssl/2.2.11 OpenSSL/0.9.8e DAV/2 PHP/5.2.8 with Suhosin-Patch mod_auth_pgsql/2.0.3 (internal dummy connection)"
216.239.90.241 - - [07/Sep/2010:02:22:59 -0400] "OPTIONS * HTTP/1.0" 200 - "-" "Apache/2.2.11 (FreeBSD) mod_ssl/2.2.11 OpenSSL/0.9.8e DAV/2 PHP/5.2.8 with Suhosin-Patch mod_auth_pgsql/2.0.3 (internal dummy connection)"
216.239.90.241 - - [07/Sep/2010:02:23:00 -0400] "OPTIONS * HTTP/1.0" 200 - "-" "Apache/2.2.11 (FreeBSD) mod_ssl/2.2.11 OpenSSL/0.9.8e DAV/2 PHP/5.2.8 with Suhosin-Patch mod_auth_pgsql/2.0.3 (internal dummy connection)"
216.239.90.241 - - [07/Sep/2010:02:23:01 -0400] "OPTIONS * HTTP/1.0" 200 - "-" "Apache/2.2.11 (FreeBSD) mod_ssl/2.2.11 OpenSSL/0.9.8e DAV/2 PHP/5.2.8 with Suhosin-Patch mod_auth_pgsql/2.0.3 (internal dummy connection)"
216.239.90.241 - - [07/Sep/2010:02:23:02 -0400] "OPTIONS * HTTP/1.0" 200 - "-" "Apache/2.2.11 (FreeBSD) mod_ssl/2.2.11 OpenSSL/0.9.8e DAV/2 PHP/5.2.8 with Suhosin-Patch mod_auth_pgsql/2.0.3 (internal dummy connection)"
95.108.128.242 - - [07/Sep/2010:02:23:14 -0400] "GET /lib/Maestro_v1/plugins/wysiwyg/HTMLArea.inc.php HTTP/1.1" 200 - "-" "Mozilla/5.0 (compatible; YandexBot/3.0; +http://yandex.com/bots)"
216.239.90.241 - - [07/Sep/2010:02:23:42 -0400] "OPTIONS * HTTP/1.0" 200 - "-" "Apache/2.2.11 (FreeBSD) mod_ssl/2.2.11 OpenSSL/0.9.8e DAV/2 PHP/5.2.8 with Suhosin-Patch mod_auth_pgsql/2.0.3 (internal dummy connection)"
216.239.90.241 - - [07/Sep/2010:02:23:43 -0400] "OPTIONS * HTTP/1.0" 200 - "-" "Apache/2.2.11 (FreeBSD) mod_ssl/2.2.11 OpenSSL/0.9.8e DAV/2 PHP/5.2.8 with Suhosin-Patch mod_auth_pgsql/2.0.3 (internal dummy connection)"
216.239.90.241 - - [07/Sep/2010:02:23:44 -0400] "OPTIONS * HTTP/1.0" 200 - "-" "Apache/2.2.11 (FreeBSD) mod_ssl/2.2.11 OpenSSL/0.9.8e DAV/2 PHP/5.2.8 with Suhosin-Patch mod_auth_pgsql/2.0.3 (internal dummy connection)"
216.239.90.241 - - [07/Sep/2010:02:23:45 -0400] "OPTIONS * HTTP/1.0" 200 - "-" "Apache/2.2.11 (FreeBSD) mod_ssl/2.2.11 OpenSSL/0.9.8e DAV/2 PHP/5.2.8 with Suhosin-Patch mod_auth_pgsql/2.0.3 (internal dummy connection)"
216.239.90.241 - - [07/Sep/2010:02:23:58 -0400] "OPTIONS * HTTP/1.0" 200 - "-" "Apache/2.2.11 (FreeBSD) mod_ssl/2.2.11 OpenSSL/0.9.8e DAV/2 PHP/5.2.8 with Suhosin-Patch mod_auth_pgsql/2.0.3 (internal dummy connection)"
216.239.90.241 - - [07/Sep/2010:02:23:59 -0400] "OPTIONS * HTTP/1.0" 200 - "-" "Apache/2.2.11 (FreeBSD) mod_ssl/2.2.11 OpenSSL/0.9.8e DAV/2 PHP/5.2.8 with Suhosin-Patch mod_auth_pgsql/2.0.3 (internal dummy connection)"
216.239.90.241 - - [07/Sep/2010:02:24:01 -0400] "OPTIONS * HTTP/1.0" 200 - "-" "Apache/2.2.11 (FreeBSD) mod_ssl/2.2.11 OpenSSL/0.9.8e DAV/2 PHP/5.2.8 with Suhosin-Patch mod_auth_pgsql/2.0.3 (internal dummy connection)"
216.239.90.241 - - [07/Sep/2010:02:24:02 -0400] "OPTIONS * HTTP/1.0" 200 - "-" "Apache/2.2.11 (FreeBSD) mod_ssl/2.2.11 OpenSSL/0.9.8e DAV/2 PHP/5.2.8 with Suhosin-Patch mod_auth_pgsql/2.0.3 (internal dummy connection)"
216.239.90.241 - - [07/Sep/2010:02:24:03 -0400] "OPTIONS * HTTP/1.0" 200 - "-" "Apache/2.2.11 (FreeBSD) mod_ssl/2.2.11 OpenSSL/0.9.8e DAV/2 PHP/5.2.8 with Suhosin-Patch mod_auth_pgsql/2.0.3 (internal dummy connection)"
216.239.90.241 - - [07/Sep/2010:02:24:04 -0400] "OPTIONS * HTTP/1.0" 200 - "-" "Apache/2.2.11 (FreeBSD) mod_ssl/2.2.11 OpenSSL/0.9.8e DAV/2 PHP/5.2.8 with Suhosin-Patch mod_auth_pgsql/2.0.3 (internal dummy connection)"
216.239.90.241 - - [07/Sep/2010:02:24:05 -0400] "OPTIONS * HTTP/1.0" 200 - "-" "Apache/2.2.11 (FreeBSD) mod_ssl/2.2.11 OpenSSL/0.9.8e DAV/2 PHP/5.2.8 with Suhosin-Patch mod_auth_pgsql/2.0.3 (internal dummy connection)"
216.239.90.241 - - [07/Sep/2010:02:24:06 -0400] "OPTIONS * HTTP/1.0" 200 - "-" "Apache/2.2.11 (FreeBSD) mod_ssl/2.2.11 OpenSSL/0.9.8e DAV/2 PHP/5.2.8 with Suhosin-Patch mod_auth_pgsql/2.0.3 (internal dummy connection)"
216.239.90.241 - - [07/Sep/2010:02:24:07 -0400] "OPTIONS * HTTP/1.0" 200 - "-" "Apache/2.2.11 (FreeBSD) mod_ssl/2.2.11 OpenSSL/0.9.8e DAV/2 PHP/5.2.8 with Suhosin-Patch mod_auth_pgsql/2.0.3 (internal dummy connection)"
216.239.90.241 - - [07/Sep/2010:02:24:08 -0400] "OPTIONS * HTTP/1.0" 200 - "-" "Apache/2.2.11 (FreeBSD) mod_ssl/2.2.11 OpenSSL/0.9.8e DAV/2 PHP/5.2.8 with Suhosin-Patch mod_auth_pgsql/2.0.3 (internal dummy connection)"
216.239.90.241 - - [07/Sep/2010:02:24:09 -0400] "OPTIONS * HTTP/1.0" 200 - "-" "Apache/2.2.11 (FreeBSD) mod_ssl/2.2.11 OpenSSL/0.9.8e DAV/2 PHP/5.2.8 with Suhosin-Patch mod_auth_pgsql/2.0.3 (internal dummy connection)"
216.239.90.241 - - [07/Sep/2010:02:24:10 -0400] "OPTIONS * HTTP/1.0" 200 - "-" "Apache/2.2.11 (FreeBSD) mod_ssl/2.2.11 OpenSSL/0.9.8e DAV/2 PHP/5.2.8 with Suhosin-Patch mod_auth_pgsql/2.0.3 (internal dummy connection)"
216.239.90.241 - - [07/Sep/2010:02:24:11 -0400] "OPTIONS * HTTP/1.0" 200 - "-" "Apache/2.2.11 (FreeBSD) mod_ssl/2.2.11 OpenSSL/0.9.8e DAV/2 PHP/5.2.8 with Suhosin-Patch mod_auth_pgsql/2.0.3 (internal dummy connection)"
216.239.90.241 - - [07/Sep/2010:02:24:12 -0400] "OPTIONS * HTTP/1.0" 200 - "-" "Apache/2.2.11 (FreeBSD) mod_ssl/2.2.11 OpenSSL/0.9.8e DAV/2 PHP/5.2.8 with Suhosin-Patch mod_auth_pgsql/2.0.3 (internal dummy connection)"
216.239.90.241 - - [07/Sep/2010:02:24:13 -0400] "OPTIONS * HTTP/1.0" 200 - "-" "Apache/2.2.11 (FreeBSD) mod_ssl/2.2.11 OpenSSL/0.9.8e DAV/2 PHP/5.2.8 with Suhosin-Patch mod_auth_pgsql/2.0.3 (internal dummy connection)"
216.239.90.241 - - [07/Sep/2010:02:30:44 -0400] "OPTIONS * HTTP/1.0" 200 - "-" "Apache/2.2.11 (FreeBSD) mod_ssl/2.2.11 OpenSSL/0.9.8e DAV/2 PHP/5.2.8 with Suhosin-Patch mod_auth_pgsql/2.0.3 (internal dummy connection)"
216.239.90.241 - - [07/Sep/2010:02:30:45 -0400] "OPTIONS * HTTP/1.0" 200 - "-" "Apache/2.2.11 (FreeBSD) mod_ssl/2.2.11 OpenSSL/0.9.8e DAV/2 PHP/5.2.8 with Suhosin-Patch mod_auth_pgsql/2.0.3 (internal dummy connection)"
216.239.90.241 - - [07/Sep/2010:02:30:46 -0400] "OPTIONS * HTTP/1.0" 200 - "-" "Apache/2.2.11 (FreeBSD) mod_ssl/2.2.11 OpenSSL/0.9.8e DAV/2 PHP/5.2.8 with Suhosin-Patch mod_auth_pgsql/2.0.3 (internal dummy connection)"
216.239.90.241 - - [07/Sep/2010:02:30:47 -0400] "OPTIONS * HTTP/1.0" 200 - "-" "Apache/2.2.11 (FreeBSD) mod_ssl/2.2.11 OpenSSL/0.9.8e DAV/2 PHP/5.2.8 with Suhosin-Patch mod_auth_pgsql/2.0.3 (internal dummy connection)"
216.239.90.241 - - [07/Sep/2010:02:30:48 -0400] "OPTIONS * HTTP/1.0" 200 - "-" "Apache/2.2.11 (FreeBSD) mod_ssl/2.2.11 OpenSSL/0.9.8e DAV/2 PHP/5.2.8 with Suhosin-Patch mod_auth_pgsql/2.0.3 (internal dummy connection)"
216.239.90.241 - - [07/Sep/2010:02:30:49 -0400] "OPTIONS * HTTP/1.0" 200 - "-" "Apache/2.2.11 (FreeBSD) mod_ssl/2.2.11 OpenSSL/0.9.8e DAV/2 PHP/5.2.8 with Suhosin-Patch mod_auth_pgsql/2.0.3 (internal dummy connection)"
216.239.90.241 - - [07/Sep/2010:02:30:50 -0400] "OPTIONS * HTTP/1.0" 200 - "-" "Apache/2.2.11 (FreeBSD) mod_ssl/2.2.11 OpenSSL/0.9.8e DAV/2 PHP/5.2.8 with Suhosin-Patch mod_auth_pgsql/2.0.3 (internal dummy connection)"
216.239.90.241 - - [07/Sep/2010:02:30:52 -0400] "OPTIONS * HTTP/1.0" 200 - "-" "Apache/2.2.11 (FreeBSD) mod_ssl/2.2.11 OpenSSL/0.9.8e DAV/2 PHP/5.2.8 with Suhosin-Patch mod_auth_pgsql/2.0.3 (internal dummy connection)"
95.108.128.242 - - [07/Sep/2010:02:31:45 -0400] "GET /lib/Zend/ProgressBar/Adapter/JsPush.php HTTP/1.1" 200 525 "-" "Mozilla/5.0 (compatible; YandexBot/3.0; +http://yandex.com/bots)"
193.47.80.46 - - [07/Sep/2010:02:32:26 -0400] "GET /robots.txt HTTP/1.1" 404 - "-" "Mozilla/5.0 (compatible; Exabot/3.0; +http://www.exabot.com/go/robot)"
193.47.80.46 - - [07/Sep/2010:02:32:26 -0400] "GET /demande/ HTTP/1.1" 200 7545 "-" "Mozilla/5.0 (compatible; Exabot/3.0; +http://www.exabot.com/go/robot)"
95.108.128.242 - - [07/Sep/2010:02:33:46 -0400] "GET /lib/Zend/Filter.php HTTP/1.1" 200 509 "-" "Mozilla/5.0 (compatible; YandexBot/3.0; +http://yandex.com/bots)"
95.108.128.242 - - [07/Sep/2010:02:35:55 -0400] "GET /lib/Pear/Structures/Graph/Manipulator/ HTTP/1.1" 200 428 "-" "Mozilla/5.0 (compatible; YandexBot/3.0; +http://yandex.com/bots)"
66.249.65.204 - - [07/Sep/2010:02:36:54 -0400] "GET /lib/Maestro/SecurityManager.inc.php HTTP/1.1" 200 - "-" "SAMSUNG-SGH-E250/1.0 Profile/MIDP-2.0 Configuration/CLDC-1.1 UP.Browser/6.2.3.3.c.1.101 (GUI) MMP/2.0 (compatible; Googlebot-Mobile/2.1; +http://www.google.com/bot.html)"
95.108.128.242 - - [07/Sep/2010:02:40:13 -0400] "GET /lib/Zend/Auth/Storage/NonPersistent.php HTTP/1.1" 200 561 "-" "Mozilla/5.0 (compatible; YandexBot/3.0; +http://yandex.com/bots)"
95.108.128.242 - - [07/Sep/2010:02:42:21 -0400] "GET /sys/PEAR/XML/function.require-once HTTP/1.1" 404 - "-" "Mozilla/5.0 (compatible; YandexBot/3.0; +http://yandex.com/bots)"
95.108.128.242 - - [07/Sep/2010:02:44:29 -0400] "GET /tmp/smTemplate/%252Fmazdagabriel%252Fhtml%252Fen%252Fequipe%252Fcarrieres.php%5e%25%2556%5e562%5e5629B245%25%25carrieres.php.php HTTP/1.1" 200 6130 "-" "Mozilla/5.0 (compatible; YandexBot/3.0; +http://yandex.com/bots)"
207.46.199.191 - - [07/Sep/2010:02:46:10 -0400] "GET /robots.txt HTTP/1.1" 404 - "-" "msnbot/2.0b (+http://search.msn.com/msnbot.htm)"
95.108.128.242 - - [07/Sep/2010:02:46:37 -0400] "GET /lib/Zend/Mail/Storage.php HTTP/1.1" 200 - "-" "Mozilla/5.0 (compatible; YandexBot/3.0; +http://yandex.com/bots)"
216.239.90.241 - - [07/Sep/2010:02:46:39 -0400] "OPTIONS * HTTP/1.0" 200 - "-" "Apache/2.2.11 (FreeBSD) mod_ssl/2.2.11 OpenSSL/0.9.8e DAV/2 PHP/5.2.8 with Suhosin-Patch mod_auth_pgsql/2.0.3 (internal dummy connection)"
216.239.90.241 - - [07/Sep/2010:02:46:40 -0400] "OPTIONS * HTTP/1.0" 200 - "-" "Apache/2.2.11 (FreeBSD) mod_ssl/2.2.11 OpenSSL/0.9.8e DAV/2 PHP/5.2.8 with Suhosin-Patch mod_auth_pgsql/2.0.3 (internal dummy connection)"
216.239.90.241 - - [07/Sep/2010:02:46:41 -0400] "OPTIONS * HTTP/1.0" 200 - "-" "Apache/2.2.11 (FreeBSD) mod_ssl/2.2.11 OpenSSL/0.9.8e DAV/2 PHP/5.2.8 with Suhosin-Patch mod_auth_pgsql/2.0.3 (internal dummy connection)"
216.239.90.241 - - [07/Sep/2010:02:46:42 -0400] "OPTIONS * HTTP/1.0" 200 - "-" "Apache/2.2.11 (FreeBSD) mod_ssl/2.2.11 OpenSSL/0.9.8e DAV/2 PHP/5.2.8 with Suhosin-Patch mod_auth_pgsql/2.0.3 (internal dummy connection)"
216.239.90.241 - - [07/Sep/2010:02:46:43 -0400] "OPTIONS * HTTP/1.0" 200 - "-" "Apache/2.2.11 (FreeBSD) mod_ssl/2.2.11 OpenSSL/0.9.8e DAV/2 PHP/5.2.8 with Suhosin-Patch mod_auth_pgsql/2.0.3 (internal dummy connection)"
216.239.90.241 - - [07/Sep/2010:02:46:44 -0400] "OPTIONS * HTTP/1.0" 200 - "-" "Apache/2.2.11 (FreeBSD) mod_ssl/2.2.11 OpenSSL/0.9.8e DAV/2 PHP/5.2.8 with Suhosin-Patch mod_auth_pgsql/2.0.3 (internal dummy connection)"
216.239.90.241 - - [07/Sep/2010:02:46:45 -0400] "OPTIONS * HTTP/1.0" 200 - "-" "Apache/2.2.11 (FreeBSD) mod_ssl/2.2.11 OpenSSL/0.9.8e DAV/2 PHP/5.2.8 with Suhosin-Patch mod_auth_pgsql/2.0.3 (internal dummy connection)"
216.239.90.241 - - [07/Sep/2010:02:46:46 -0400] "OPTIONS * HTTP/1.0" 200 - "-" "Apache/2.2.11 (FreeBSD) mod_ssl/2.2.11 OpenSSL/0.9.8e DAV/2 PHP/5.2.8 with Suhosin-Patch mod_auth_pgsql/2.0.3 (internal dummy connection)"
216.239.90.241 - - [07/Sep/2010:02:46:47 -0400] "OPTIONS * HTTP/1.0" 200 - "-" "Apache/2.2.11 (FreeBSD) mod_ssl/2.2.11 OpenSSL/0.9.8e DAV/2 PHP/5.2.8 with Suhosin-Patch mod_auth_pgsql/2.0.3 (internal dummy connection)"
216.239.90.241 - - [07/Sep/2010:02:46:48 -0400] "OPTIONS * HTTP/1.0" 200 - "-" "Apache/2.2.11 (FreeBSD) mod_ssl/2.2.11 OpenSSL/0.9.8e DAV/2 PHP/5.2.8 with Suhosin-Patch mod_auth_pgsql/2.0.3 (internal dummy connection)"
216.239.90.241 - - [07/Sep/2010:02:46:49 -0400] "OPTIONS * HTTP/1.0" 200 - "-" "Apache/2.2.11 (FreeBSD) mod_ssl/2.2.11 OpenSSL/0.9.8e DAV/2 PHP/5.2.8 with Suhosin-Patch mod_auth_pgsql/2.0.3 (internal dummy connection)"
216.239.90.241 - - [07/Sep/2010:02:46:50 -0400] "OPTIONS * HTTP/1.0" 200 - "-" "Apache/2.2.11 (FreeBSD) mod_ssl/2.2.11 OpenSSL/0.9.8e DAV/2 PHP/5.2.8 with Suhosin-Patch mod_auth_pgsql/2.0.3 (internal dummy connection)"
216.239.90.241 - - [07/Sep/2010:02:46:51 -0400] "OPTIONS * HTTP/1.0" 200 - "-" "Apache/2.2.11 (FreeBSD) mod_ssl/2.2.11 OpenSSL/0.9.8e DAV/2 PHP/5.2.8 with Suhosin-Patch mod_auth_pgsql/2.0.3 (internal dummy connection)"
216.239.90.241 - - [07/Sep/2010:02:46:53 -0400] "OPTIONS * HTTP/1.0" 200 - "-" "Apache/2.2.11 (FreeBSD) mod_ssl/2.2.11 OpenSSL/0.9.8e DAV/2 PHP/5.2.8 with Suhosin-Patch mod_auth_pgsql/2.0.3 (internal dummy connection)"
216.239.90.241 - - [07/Sep/2010:02:46:59 -0400] "OPTIONS * HTTP/1.0" 200 - "-" "Apache/2.2.11 (FreeBSD) mod_ssl/2.2.11 OpenSSL/0.9.8e DAV/2 PHP/5.2.8 with Suhosin-Patch mod_auth_pgsql/2.0.3 (internal dummy connection)"
216.239.90.241 - - [07/Sep/2010:02:48:28 -0400] "OPTIONS * HTTP/1.0" 200 - "-" "Apache/2.2.11 (FreeBSD) mod_ssl/2.2.11 OpenSSL/0.9.8e DAV/2 PHP/5.2.8 with Suhosin-Patch mod_auth_pgsql/2.0.3 (internal dummy connection)"
216.239.90.241 - - [07/Sep/2010:02:48:29 -0400] "OPTIONS * HTTP/1.0" 200 - "-" "Apache/2.2.11 (FreeBSD) mod_ssl/2.2.11 OpenSSL/0.9.8e DAV/2 PHP/5.2.8 with Suhosin-Patch mod_auth_pgsql/2.0.3 (internal dummy connection)"
216.239.90.241 - - [07/Sep/2010:02:48:30 -0400] "OPTIONS * HTTP/1.0" 200 - "-" "Apache/2.2.11 (FreeBSD) mod_ssl/2.2.11 OpenSSL/0.9.8e DAV/2 PHP/5.2.8 with Suhosin-Patch mod_auth_pgsql/2.0.3 (internal dummy connection)"
216.239.90.241 - - [07/Sep/2010:02:48:31 -0400] "OPTIONS * HTTP/1.0" 200 - "-" "Apache/2.2.11 (FreeBSD) mod_ssl/2.2.11 OpenSSL/0.9.8e DAV/2 PHP/5.2.8 with Suhosin-Patch mod_auth_pgsql/2.0.3 (internal dummy connection)"
216.239.90.241 - - [07/Sep/2010:02:48:32 -0400] "OPTIONS * HTTP/1.0" 200 - "-" "Apache/2.2.11 (FreeBSD) mod_ssl/2.2.11 OpenSSL/0.9.8e DAV/2 PHP/5.2.8 with Suhosin-Patch mod_auth_pgsql/2.0.3 (internal dummy connection)"
216.239.90.241 - - [07/Sep/2010:02:48:33 -0400] "OPTIONS * HTTP/1.0" 200 - "-" "Apache/2.2.11 (FreeBSD) mod_ssl/2.2.11 OpenSSL/0.9.8e DAV/2 PHP/5.2.8 with Suhosin-Patch mod_auth_pgsql/2.0.3 (internal dummy connection)"
216.239.90.241 - - [07/Sep/2010:02:48:34 -0400] "OPTIONS * HTTP/1.0" 200 - "-" "Apache/2.2.11 (FreeBSD) mod_ssl/2.2.11 OpenSSL/0.9.8e DAV/2 PHP/5.2.8 with Suhosin-Patch mod_auth_pgsql/2.0.3 (internal dummy connection)"
95.108.128.242 - - [07/Sep/2010:02:48:45 -0400] "GET /lib/Pear/Structures/Graph/function.require HTTP/1.1" 404 - "-" "Mozilla/5.0 (compatible; YandexBot/3.0; +http://yandex.com/bots)"
95.108.128.242 - - [07/Sep/2010:02:50:53 -0400] "GET /lib/Zend/Controller/Request/Exception.php HTTP/1.1" 200 561 "-" "Mozilla/5.0 (compatible; YandexBot/3.0; +http://yandex.com/bots)"
216.239.90.241 - - [07/Sep/2010:02:51:04 -0400] "OPTIONS * HTTP/1.0" 200 - "-" "Apache/2.2.11 (FreeBSD) mod_ssl/2.2.11 OpenSSL/0.9.8e DAV/2 PHP/5.2.8 with Suhosin-Patch mod_auth_pgsql/2.0.3 (internal dummy connection)"
216.239.90.241 - - [07/Sep/2010:02:51:05 -0400] "OPTIONS * HTTP/1.0" 200 - "-" "Apache/2.2.11 (FreeBSD) mod_ssl/2.2.11 OpenSSL/0.9.8e DAV/2 PHP/5.2.8 with Suhosin-Patch mod_auth_pgsql/2.0.3 (internal dummy connection)"
216.239.90.241 - - [07/Sep/2010:02:51:06 -0400] "OPTIONS * HTTP/1.0" 200 - "-" "Apache/2.2.11 (FreeBSD) mod_ssl/2.2.11 OpenSSL/0.9.8e DAV/2 PHP/5.2.8 with Suhosin-Patch mod_auth_pgsql/2.0.3 (internal dummy connection)"
216.239.90.241 - - [07/Sep/2010:02:51:07 -0400] "OPTIONS * HTTP/1.0" 200 - "-" "Apache/2.2.11 (FreeBSD) mod_ssl/2.2.11 OpenSSL/0.9.8e DAV/2 PHP/5.2.8 with Suhosin-Patch mod_auth_pgsql/2.0.3 (internal dummy connection)"
216.239.90.241 - - [07/Sep/2010:02:51:08 -0400] "OPTIONS * HTTP/1.0" 200 - "-" "Apache/2.2.11 (FreeBSD) mod_ssl/2.2.11 OpenSSL/0.9.8e DAV/2 PHP/5.2.8 with Suhosin-Patch mod_auth_pgsql/2.0.3 (internal dummy connection)"
216.239.90.241 - - [07/Sep/2010:02:51:09 -0400] "OPTIONS * HTTP/1.0" 200 - "-" "Apache/2.2.11 (FreeBSD) mod_ssl/2.2.11 OpenSSL/0.9.8e DAV/2 PHP/5.2.8 with Suhosin-Patch mod_auth_pgsql/2.0.3 (internal dummy connection)"
216.239.90.241 - - [07/Sep/2010:02:51:10 -0400] "OPTIONS * HTTP/1.0" 200 - "-" "Apache/2.2.11 (FreeBSD) mod_ssl/2.2.11 OpenSSL/0.9.8e DAV/2 PHP/5.2.8 with Suhosin-Patch mod_auth_pgsql/2.0.3 (internal dummy connection)"
216.239.90.241 - - [07/Sep/2010:02:51:11 -0400] "OPTIONS * HTTP/1.0" 200 - "-" "Apache/2.2.11 (FreeBSD) mod_ssl/2.2.11 OpenSSL/0.9.8e DAV/2 PHP/5.2.8 with Suhosin-Patch mod_auth_pgsql/2.0.3 (internal dummy connection)"
216.239.90.241 - - [07/Sep/2010:02:51:12 -0400] "OPTIONS * HTTP/1.0" 200 - "-" "Apache/2.2.11 (FreeBSD) mod_ssl/2.2.11 OpenSSL/0.9.8e DAV/2 PHP/5.2.8 with Suhosin-Patch mod_auth_pgsql/2.0.3 (internal dummy connection)"
216.239.90.241 - - [07/Sep/2010:02:51:13 -0400] "OPTIONS * HTTP/1.0" 200 - "-" "Apache/2.2.11 (FreeBSD) mod_ssl/2.2.11 OpenSSL/0.9.8e DAV/2 PHP/5.2.8 with Suhosin-Patch mod_auth_pgsql/2.0.3 (internal dummy connection)"
216.239.90.241 - - [07/Sep/2010:02:51:14 -0400] "OPTIONS * HTTP/1.0" 200 - "-" "Apache/2.2.11 (FreeBSD) mod_ssl/2.2.11 OpenSSL/0.9.8e DAV/2 PHP/5.2.8 with Suhosin-Patch mod_auth_pgsql/2.0.3 (internal dummy connection)"
216.239.90.241 - - [07/Sep/2010:02:51:15 -0400] "OPTIONS * HTTP/1.0" 200 - "-" "Apache/2.2.11 (FreeBSD) mod_ssl/2.2.11 OpenSSL/0.9.8e DAV/2 PHP/5.2.8 with Suhosin-Patch mod_auth_pgsql/2.0.3 (internal dummy connection)"
216.239.90.241 - - [07/Sep/2010:02:51:16 -0400] "OPTIONS * HTTP/1.0" 200 - "-" "Apache/2.2.11 (FreeBSD) mod_ssl/2.2.11 OpenSSL/0.9.8e DAV/2 PHP/5.2.8 with Suhosin-Patch mod_auth_pgsql/2.0.3 (internal dummy connection)"
216.239.90.241 - - [07/Sep/2010:02:51:17 -0400] "OPTIONS * HTTP/1.0" 200 - "-" "Apache/2.2.11 (FreeBSD) mod_ssl/2.2.11 OpenSSL/0.9.8e DAV/2 PHP/5.2.8 with Suhosin-Patch mod_auth_pgsql/2.0.3 (internal dummy connection)"
216.239.90.241 - - [07/Sep/2010:02:51:18 -0400] "OPTIONS * HTTP/1.0" 200 - "-" "Apache/2.2.11 (FreeBSD) mod_ssl/2.2.11 OpenSSL/0.9.8e DAV/2 PHP/5.2.8 with Suhosin-Patch mod_auth_pgsql/2.0.3 (internal dummy connection)"
216.239.90.241 - - [07/Sep/2010:02:51:19 -0400] "OPTIONS * HTTP/1.0" 200 - "-" "Apache/2.2.11 (FreeBSD) mod_ssl/2.2.11 OpenSSL/0.9.8e DAV/2 PHP/5.2.8 with Suhosin-Patch mod_auth_pgsql/2.0.3 (internal dummy connection)"
216.239.90.241 - - [07/Sep/2010:02:51:20 -0400] "OPTIONS * HTTP/1.0" 200 - "-" "Apache/2.2.11 (FreeBSD) mod_ssl/2.2.11 OpenSSL/0.9.8e DAV/2 PHP/5.2.8 with Suhosin-Patch mod_auth_pgsql/2.0.3 (internal dummy connection)"
216.239.90.241 - - [07/Sep/2010:02:51:21 -0400] "OPTIONS * HTTP/1.0" 200 - "-" "Apache/2.2.11 (FreeBSD) mod_ssl/2.2.11 OpenSSL/0.9.8e DAV/2 PHP/5.2.8 with Suhosin-Patch mod_auth_pgsql/2.0.3 (internal dummy connection)"
216.239.90.241 - - [07/Sep/2010:02:51:22 -0400] "OPTIONS * HTTP/1.0" 200 - "-" "Apache/2.2.11 (FreeBSD) mod_ssl/2.2.11 OpenSSL/0.9.8e DAV/2 PHP/5.2.8 with Suhosin-Patch mod_auth_pgsql/2.0.3 (internal dummy connection)"
216.239.90.241 - - [07/Sep/2010:02:51:27 -0400] "OPTIONS * HTTP/1.0" 200 - "-" "Apache/2.2.11 (FreeBSD) mod_ssl/2.2.11 OpenSSL/0.9.8e DAV/2 PHP/5.2.8 with Suhosin-Patch mod_auth_pgsql/2.0.3 (internal dummy connection)"
216.239.90.241 - - [07/Sep/2010:02:51:28 -0400] "OPTIONS * HTTP/1.0" 200 - "-" "Apache/2.2.11 (FreeBSD) mod_ssl/2.2.11 OpenSSL/0.9.8e DAV/2 PHP/5.2.8 with Suhosin-Patch mod_auth_pgsql/2.0.3 (internal dummy connection)"
216.239.90.241 - - [07/Sep/2010:02:51:29 -0400] "OPTIONS * HTTP/1.0" 200 - "-" "Apache/2.2.11 (FreeBSD) mod_ssl/2.2.11 OpenSSL/0.9.8e DAV/2 PHP/5.2.8 with Suhosin-Patch mod_auth_pgsql/2.0.3 (internal dummy connection)"
207.46.13.92 - - [07/Sep/2010:02:52:12 -0400] "GET /mysqldb/TBL_promotions.MYD HTTP/1.1" 403 228 "-" "msnbot/2.0b (+http://search.msn.com/msnbot.htm)"
95.108.128.242 - - [07/Sep/2010:02:53:02 -0400] "GET /lib/Zend/Mail/Part/Interface.php HTTP/1.1" 200 - "-" "Mozilla/5.0 (compatible; YandexBot/3.0; +http://yandex.com/bots)"
207.46.13.98 - - [07/Sep/2010:02:56:05 -0400] "GET /robots.txt HTTP/1.1" 404 - "-" "msnbot/2.0b (+http://search.msn.com/msnbot.htm)"
207.46.13.98 - - [07/Sep/2010:02:56:14 -0400] "GET /error_log.2 HTTP/1.1" 200 343855 "-" "msnbot/2.0b (+http://search.msn.com/msnbot.htm)"
66.249.65.217 - - [07/Sep/2010:02:56:21 -0400] "GET /sys/plugins/layout/MaestroFilter.inc.php HTTP/1.1" 200 - "-" "SAMSUNG-SGH-E250/1.0 Profile/MIDP-2.0 Configuration/CLDC-1.1 UP.Browser/6.2.3.3.c.1.101 (GUI) MMP/2.0 (compatible; Googlebot-Mobile/2.1; +http://www.google.com/bot.html)"
220.181.108.92 - - [07/Sep/2010:02:58:07 -0400] "GET /audiboutique/ HTTP/1.1" 200 286 "-" "Baiduspider+(+http://www.baidu.com/search/spider.htm)"
95.108.128.242 - - [07/Sep/2010:02:59:27 -0400] "GET /lib/Pear/Validate/docs/sample_multiple.php HTTP/1.1" 200 527 "-" "Mozilla/5.0 (compatible; YandexBot/3.0; +http://yandex.com/bots)"
216.239.90.241 - - [07/Sep/2010:03:00:01 -0400] "OPTIONS * HTTP/1.0" 200 - "-" "Apache/2.2.11 (FreeBSD) mod_ssl/2.2.11 OpenSSL/0.9.8e DAV/2 PHP/5.2.8 with Suhosin-Patch mod_auth_pgsql/2.0.3 (internal dummy connection)"
216.239.90.241 - - [07/Sep/2010:03:00:01 -0400] "OPTIONS * HTTP/1.0" 200 - "-" "Apache/2.2.11 (FreeBSD) mod_ssl/2.2.11 OpenSSL/0.9.8e DAV/2 PHP/5.2.8 with Suhosin-Patch mod_auth_pgsql/2.0.3 (internal dummy connection)"
216.239.90.241 - - [07/Sep/2010:03:00:01 -0400] "OPTIONS * HTTP/1.0" 200 - "-" "Apache/2.2.11 (FreeBSD) mod_ssl/2.2.11 OpenSSL/0.9.8e DAV/2 PHP/5.2.8 with Suhosin-Patch mod_auth_pgsql/2.0.3 (internal dummy connection)"
216.239.90.241 - - [07/Sep/2010:03:00:01 -0400] "OPTIONS * HTTP/1.0" 200 - "-" "Apache/2.2.11 (FreeBSD) mod_ssl/2.2.11 OpenSSL/0.9.8e DAV/2 PHP/5.2.8 with Suhosin-Patch mod_auth_pgsql/2.0.3 (internal dummy connection)"
216.239.90.241 - - [07/Sep/2010:03:00:01 -0400] "OPTIONS * HTTP/1.0" 200 - "-" "Apache/2.2.11 (FreeBSD) mod_ssl/2.2.11 OpenSSL/0.9.8e DAV/2 PHP/5.2.8 with Suhosin-Patch mod_auth_pgsql/2.0.3 (internal dummy connection)"
216.239.90.241 - - [07/Sep/2010:03:00:01 -0400] "OPTIONS * HTTP/1.0" 200 - "-" "Apache/2.2.11 (FreeBSD) mod_ssl/2.2.11 OpenSSL/0.9.8e DAV/2 PHP/5.2.8 with Suhosin-Patch mod_auth_pgsql/2.0.3 (internal dummy connection)"
216.239.90.241 - - [07/Sep/2010:03:00:01 -0400] "OPTIONS * HTTP/1.0" 200 - "-" "Apache/2.2.11 (FreeBSD) mod_ssl/2.2.11 OpenSSL/0.9.8e DAV/2 PHP/5.2.8 with Suhosin-Patch mod_auth_pgsql/2.0.3 (internal dummy connection)"
216.239.90.241 - - [07/Sep/2010:03:00:01 -0400] "OPTIONS * HTTP/1.0" 200 - "-" "Apache/2.2.11 (FreeBSD) mod_ssl/2.2.11 OpenSSL/0.9.8e DAV/2 PHP/5.2.8 with Suhosin-Patch mod_auth_pgsql/2.0.3 (internal dummy connection)"
216.239.90.241 - - [07/Sep/2010:03:00:01 -0400] "OPTIONS * HTTP/1.0" 200 - "-" "Apache/2.2.11 (FreeBSD) mod_ssl/2.2.11 OpenSSL/0.9.8e DAV/2 PHP/5.2.8 with Suhosin-Patch mod_auth_pgsql/2.0.3 (internal dummy connection)"
216.239.90.241 - - [07/Sep/2010:03:00:01 -0400] "OPTIONS * HTTP/1.0" 200 - "-" "Apache/2.2.11 (FreeBSD) mod_ssl/2.2.11 OpenSSL/0.9.8e DAV/2 PHP/5.2.8 with Suhosin-Patch mod_auth_pgsql/2.0.3 (internal dummy connection)"
216.239.90.241 - - [07/Sep/2010:03:00:03 -0400] "OPTIONS * HTTP/1.0" 200 - "-" "Apache/2.2.11 (FreeBSD) mod_ssl/2.2.11 OpenSSL/0.9.8e DAV/2 PHP/5.2.8 with Suhosin-Patch mod_auth_pgsql/2.0.3 (internal dummy connection)"
216.239.90.241 - - [07/Sep/2010:03:00:03 -0400] "OPTIONS * HTTP/1.0" 200 - "-" "Apache/2.2.11 (FreeBSD) mod_ssl/2.2.11 OpenSSL/0.9.8e DAV/2 PHP/5.2.8 with Suhosin-Patch mod_auth_pgsql/2.0.3 (internal dummy connection)"
216.239.90.241 - - [07/Sep/2010:03:00:03 -0400] "OPTIONS * HTTP/1.0" 200 - "-" "Apache/2.2.11 (FreeBSD) mod_ssl/2.2.11 OpenSSL/0.9.8e DAV/2 PHP/5.2.8 with Suhosin-Patch mod_auth_pgsql/2.0.3 (internal dummy connection)"
216.239.90.241 - - [07/Sep/2010:03:00:03 -0400] "OPTIONS * HTTP/1.0" 200 - "-" "Apache/2.2.11 (FreeBSD) mod_ssl/2.2.11 OpenSSL/0.9.8e DAV/2 PHP/5.2.8 with Suhosin-Patch mod_auth_pgsql/2.0.3 (internal dummy connection)"
216.239.90.241 - - [07/Sep/2010:03:00:03 -0400] "OPTIONS * HTTP/1.0" 200 - "-" "Apache/2.2.11 (FreeBSD) mod_ssl/2.2.11 OpenSSL/0.9.8e DAV/2 PHP/5.2.8 with Suhosin-Patch mod_auth_pgsql/2.0.3 (internal dummy connection)"
216.239.90.241 - - [07/Sep/2010:03:00:03 -0400] "OPTIONS * HTTP/1.0" 200 - "-" "Apache/2.2.11 (FreeBSD) mod_ssl/2.2.11 OpenSSL/0.9.8e DAV/2 PHP/5.2.8 with Suhosin-Patch mod_auth_pgsql/2.0.3 (internal dummy connection)"
216.239.90.241 - - [07/Sep/2010:03:00:03 -0400] "OPTIONS * HTTP/1.0" 200 - "-" "Apache/2.2.11 (FreeBSD) mod_ssl/2.2.11 OpenSSL/0.9.8e DAV/2 PHP/5.2.8 with Suhosin-Patch mod_auth_pgsql/2.0.3 (internal dummy connection)"
216.239.90.241 - - [07/Sep/2010:03:00:03 -0400] "OPTIONS * HTTP/1.0" 200 - "-" "Apache/2.2.11 (FreeBSD) mod_ssl/2.2.11 OpenSSL/0.9.8e DAV/2 PHP/5.2.8 with Suhosin-Patch mod_auth_pgsql/2.0.3 (internal dummy connection)"
216.239.90.241 - - [07/Sep/2010:03:00:03 -0400] "OPTIONS * HTTP/1.0" 200 - "-" "Apache/2.2.11 (FreeBSD) mod_ssl/2.2.11 OpenSSL/0.9.8e DAV/2 PHP/5.2.8 with Suhosin-Patch mod_auth_pgsql/2.0.3 (internal dummy connection)"
216.239.90.241 - - [07/Sep/2010:03:00:03 -0400] "OPTIONS * HTTP/1.0" 200 - "-" "Apache/2.2.11 (FreeBSD) mod_ssl/2.2.11 OpenSSL/0.9.8e DAV/2 PHP/5.2.8 with Suhosin-Patch mod_auth_pgsql/2.0.3 (internal dummy connection)"
216.239.90.241 - - [07/Sep/2010:03:00:03 -0400] "OPTIONS * HTTP/1.0" 200 - "-" "Apache/2.2.11 (FreeBSD) mod_ssl/2.2.11 OpenSSL/0.9.8e DAV/2 PHP/5.2.8 with Suhosin-Patch mod_auth_pgsql/2.0.3 (internal dummy connection)"
216.239.90.241 - - [07/Sep/2010:03:00:03 -0400] "OPTIONS * HTTP/1.0" 200 - "-" "Apache/2.2.11 (FreeBSD) mod_ssl/2.2.11 OpenSSL/0.9.8e DAV/2 PHP/5.2.8 with Suhosin-Patch mod_auth_pgsql/2.0.3 (internal dummy connection)"
216.239.90.241 - - [07/Sep/2010:03:00:03 -0400] "OPTIONS * HTTP/1.0" 200 - "-" "Apache/2.2.11 (FreeBSD) mod_ssl/2.2.11 OpenSSL/0.9.8e DAV/2 PHP/5.2.8 with Suhosin-Patch mod_auth_pgsql/2.0.3 (internal dummy connection)"
216.239.90.241 - - [07/Sep/2010:03:00:03 -0400] "OPTIONS * HTTP/1.0" 200 - "-" "Apache/2.2.11 (FreeBSD) mod_ssl/2.2.11 OpenSSL/0.9.8e DAV/2 PHP/5.2.8 with Suhosin-Patch mod_auth_pgsql/2.0.3 (internal dummy connection)"
216.239.90.241 - - [07/Sep/2010:03:00:03 -0400] "OPTIONS * HTTP/1.0" 200 - "-" "Apache/2.2.11 (FreeBSD) mod_ssl/2.2.11 OpenSSL/0.9.8e DAV/2 PHP/5.2.8 with Suhosin-Patch mod_auth_pgsql/2.0.3 (internal dummy connection)"
216.239.90.241 - - [07/Sep/2010:03:00:03 -0400] "OPTIONS * HTTP/1.0" 200 - "-" "Apache/2.2.11 (FreeBSD) mod_ssl/2.2.11 OpenSSL/0.9.8e DAV/2 PHP/5.2.8 with Suhosin-Patch mod_auth_pgsql/2.0.3 (internal dummy connection)"
216.239.90.241 - - [07/Sep/2010:03:00:03 -0400] "OPTIONS * HTTP/1.0" 200 - "-" "Apache/2.2.11 (FreeBSD) mod_ssl/2.2.11 OpenSSL/0.9.8e DAV/2 PHP/5.2.8 with Suhosin-Patch mod_auth_pgsql/2.0.3 (internal dummy connection)"
216.239.90.241 - - [07/Sep/2010:03:00:03 -0400] "OPTIONS * HTTP/1.0" 200 - "-" "Apache/2.2.11 (FreeBSD) mod_ssl/2.2.11 OpenSSL/0.9.8e DAV/2 PHP/5.2.8 with Suhosin-Patch mod_auth_pgsql/2.0.3 (internal dummy connection)"
216.239.90.241 - - [07/Sep/2010:03:00:25 -0400] "OPTIONS * HTTP/1.0" 200 - "-" "Apache/2.2.11 (FreeBSD) mod_ssl/2.2.11 OpenSSL/0.9.8e DAV/2 PHP/5.2.8 with Suhosin-Patch mod_auth_pgsql/2.0.3 (internal dummy connection)"
95.108.128.242 - - [07/Sep/2010:03:03:45 -0400] "GET /lib/Zend/Locale/Data/nr.xml HTTP/1.1" 200 6588 "-" "Mozilla/5.0 (compatible; YandexBot/3.0; +http://yandex.com/bots)"
95.108.128.242 - - [07/Sep/2010:03:05:53 -0400] "GET /lib/Zend/Amf/Value/Messaging/ HTTP/1.1" 200 655 "-" "Mozilla/5.0 (compatible; YandexBot/3.0; +http://yandex.com/bots)"
216.239.90.241 - - [07/Sep/2010:03:06:45 -0400] "OPTIONS * HTTP/1.0" 200 - "-" "Apache/2.2.11 (FreeBSD) mod_ssl/2.2.11 OpenSSL/0.9.8e DAV/2 PHP/5.2.8 with Suhosin-Patch mod_auth_pgsql/2.0.3 (internal dummy connection)"
216.239.90.241 - - [07/Sep/2010:03:06:49 -0400] "OPTIONS * HTTP/1.0" 200 - "-" "Apache/2.2.11 (FreeBSD) mod_ssl/2.2.11 OpenSSL/0.9.8e DAV/2 PHP/5.2.8 with Suhosin-Patch mod_auth_pgsql/2.0.3 (internal dummy connection)"
216.239.90.241 - - [07/Sep/2010:03:06:50 -0400] "OPTIONS * HTTP/1.0" 200 - "-" "Apache/2.2.11 (FreeBSD) mod_ssl/2.2.11 OpenSSL/0.9.8e DAV/2 PHP/5.2.8 with Suhosin-Patch mod_auth_pgsql/2.0.3 (internal dummy connection)"
216.239.90.241 - - [07/Sep/2010:03:06:51 -0400] "OPTIONS * HTTP/1.0" 200 - "-" "Apache/2.2.11 (FreeBSD) mod_ssl/2.2.11 OpenSSL/0.9.8e DAV/2 PHP/5.2.8 with Suhosin-Patch mod_auth_pgsql/2.0.3 (internal dummy connection)"
216.239.90.241 - - [07/Sep/2010:03:06:52 -0400] "OPTIONS * HTTP/1.0" 200 - "-" "Apache/2.2.11 (FreeBSD) mod_ssl/2.2.11 OpenSSL/0.9.8e DAV/2 PHP/5.2.8 with Suhosin-Patch mod_auth_pgsql/2.0.3 (internal dummy connection)"
216.239.90.241 - - [07/Sep/2010:03:06:53 -0400] "OPTIONS * HTTP/1.0" 200 - "-" "Apache/2.2.11 (FreeBSD) mod_ssl/2.2.11 OpenSSL/0.9.8e DAV/2 PHP/5.2.8 with Suhosin-Patch mod_auth_pgsql/2.0.3 (internal dummy connection)"
216.239.90.241 - - [07/Sep/2010:03:06:54 -0400] "OPTIONS * HTTP/1.0" 200 - "-" "Apache/2.2.11 (FreeBSD) mod_ssl/2.2.11 OpenSSL/0.9.8e DAV/2 PHP/5.2.8 with Suhosin-Patch mod_auth_pgsql/2.0.3 (internal dummy connection)"
95.108.128.242 - - [07/Sep/2010:03:08:01 -0400] "GET /lib/Zend/Pdf/FileParser/function.require-once HTTP/1.1" 404 - "-" "Mozilla/5.0 (compatible; YandexBot/3.0; +http://yandex.com/bots)"
95.108.128.242 - - [07/Sep/2010:03:12:19 -0400] "GET /sys/PEAR/DB/DataObject/Cast.php HTTP/1.1" 200 - "-" "Mozilla/5.0 (compatible; YandexBot/3.0; +http://yandex.com/bots)"
66.249.65.250 - - [07/Sep/2010:03:16:00 -0400] "GET /sys/lib/Db_.inc.php HTTP/1.1" 200 - "-" "SAMSUNG-SGH-E250/1.0 Profile/MIDP-2.0 Configuration/CLDC-1.1 UP.Browser/6.2.3.3.c.1.101 (GUI) MMP/2.0 (compatible; Googlebot-Mobile/2.1; +http://www.google.com/bot.html)"
95.108.128.242 - - [07/Sep/2010:03:16:36 -0400] "GET /tmp/smTemplate/%252Fautomax%252Findex_en.php%5e%25%2587%5e879%5e879EEFB4%25%25index_en.php.php HTTP/1.1" 200 643 "-" "Mozilla/5.0 (compatible; YandexBot/3.0; +http://yandex.com/bots)"
